{"id":965,"date":"2024-08-16T12:45:00","date_gmt":"2024-08-16T09:45:00","guid":{"rendered":"https:\/\/bilginteknoloji.com\/woo\/?post_type=product&#038;p=965"},"modified":"2024-08-16T12:45:00","modified_gmt":"2024-08-16T09:45:00","slug":"dahua-lch65-mc410-b-65-4k-android-90-dort-cekirdek-cpu-5mp-kamera-hdmi-wifi","status":"publish","type":"product","link":"https:\/\/bilginteknoloji.com\/woo\/urun\/dahua-lch65-mc410-b-65-4k-android-90-dort-cekirdek-cpu-5mp-kamera-hdmi-wifi\/","title":{"rendered":"DAHUA LCH65-MC410-B, 65&#8243;, 4K, Android 9,0, D\u00f6rt \u00c7ekirdek CPU, 5Mp Kamera, HDMI, Wifi"},"content":{"rendered":"<h3 class=\"title\"><span style=\"color: #ff0000;\"><strong>Sadece &#8220;Depo Teslim&#8221; Sat\u0131lmaktad\u0131r,<br \/>\n\u00dcr\u00fcn\u00fcn Hassas ve B\u00fcy\u00fck olmas\u0131ndan dolay\u0131 Kargo Firmalar\u0131\u00a0Ta\u015f\u0131mamaktad\u0131r.<\/strong><\/span><\/h3>\n<h3 class=\"title\"><strong><span style=\"vertical-align: inherit;\"><span style=\"vertical-align: inherit;\">LCH65-MC410-B<\/span><\/span><\/strong><\/h3>\n<p class=\"text\"><strong>65 in\u00e7 Ak\u0131ll\u0131 \u0130nteraktif Beyaz Tahta<\/strong><\/p>\n<div>\n<p><span style=\"vertical-align: inherit;\"><span style=\"vertical-align: inherit;\">&gt; 4K HD ekran.<\/span><\/span><\/p>\n<p>&gt;\u00a0Hem Android hem de Windows kullan\u0131m\u0131n\u0131 destekler (PC mod\u00fcl\u00fc kurulu olmal\u0131d\u0131r).<\/p>\n<p>&gt;\u00a0Telefon, bilgisayar ve tablet gibi birden fazla cihazdan kablosuz ekran payla\u015f\u0131m\u0131.<\/p>\n<p>&gt;\u00a0Kalemle yaz\u0131 yaz\u0131lmas\u0131n\u0131 destekler.<\/p>\n<p>&gt;\u00a0Office yaz\u0131l\u0131m\u0131n\u0131 ve video ve ses dosyalar\u0131n\u0131 oynatmay\u0131 destekler.<\/p>\n<p>&gt;\u00a0Ba\u015flang\u0131\u00e7 kanallar\u0131n\u0131n t\u00fcm\u00fc \u00f6zelle\u015ftirilebilir.<\/p>\n<p>&gt;\u00a0Kablolu ve kablosuz a\u011f deste\u011fi.<\/p>\n<p>&gt;\u00a0Dahili 5 MP kamera.<\/p>\n<\/div>\n<p>&nbsp;<\/p>\n<table id=\"table001\" class=\"NEW-TABLE TableOverride-1 tab-drag\">\n<tbody>\n<tr>\n<td colspan=\"60\"><strong>Dahili Sistem<\/strong><\/td>\n<\/tr>\n<tr>\n<td colspan=\"18\">Harici Mod\u00fcl \u0130\u015fletim Sistemi<\/td>\n<td colspan=\"42\"><span style=\"vertical-align: inherit;\"><span style=\"vertical-align: inherit;\">Android 9.0<\/span><\/span><\/td>\n<\/tr>\n<tr>\n<td colspan=\"18\">\u0130\u015flemci<\/td>\n<td colspan=\"42\">D\u00f6rt \u00e7ekirdekli A55<\/td>\n<\/tr>\n<tr>\n<td colspan=\"18\">Veri deposu<\/td>\n<td colspan=\"42\"><span style=\"vertical-align: inherit;\"><span style=\"vertical-align: inherit;\">4 DEVAMI<\/span><\/span><\/td>\n<\/tr>\n<tr>\n<td colspan=\"18\"><span style=\"vertical-align: inherit;\"><span style=\"vertical-align: inherit;\">ROM<\/span><\/span><\/td>\n<td colspan=\"42\"><span style=\"vertical-align: inherit;\"><span style=\"vertical-align: inherit;\">32 GB<\/span><\/span><\/td>\n<\/tr>\n<tr>\n<td colspan=\"60\"><strong>\u0130\u015flev<\/strong><\/td>\n<\/tr>\n<tr>\n<td colspan=\"18\">Ge\u00e7erli \u0130\u015fletim Sistemleri<\/td>\n<td colspan=\"42\"><span style=\"vertical-align: inherit;\"><span style=\"vertical-align: inherit;\">Windows 7\/8\/10; Android<\/span><\/span><\/td>\n<\/tr>\n<tr>\n<td colspan=\"18\"><span style=\"vertical-align: inherit;\"><span style=\"vertical-align: inherit;\">Wifi<\/span><\/span><\/td>\n<td colspan=\"42\">\u00c7ift bant 2,4 Ghz\/5 Ghz<\/td>\n<\/tr>\n<tr>\n<td colspan=\"18\">Kablosuz ba\u011flant\u0131 noktas\u0131<\/td>\n<td colspan=\"42\">\u00c7ift bantl\u0131 2,4 Ghz\/5 Ghz;\u00a0ortak eri\u015fim noktas\u0131 ve Wi-Fiyi ayn\u0131 anda etkinle\u015ftirmeyi destekler<\/td>\n<\/tr>\n<tr>\n<td colspan=\"60\"><strong><span style=\"vertical-align: inherit;\"><span style=\"vertical-align: inherit;\">LCD panel<\/span><\/span><\/strong><\/td>\n<\/tr>\n<tr>\n<td colspan=\"18\">Pano \u00d6l\u00e7\u00fcleri<\/td>\n<td colspan=\"42\">55 in\u00e7;\u00a065 in\u00e7;\u00a075 in\u00e7;\u00a086 in\u00e7<\/td>\n<\/tr>\n<tr>\n<td colspan=\"18\">arka \u0131\u015f\u0131k<\/td>\n<td colspan=\"42\"><span style=\"vertical-align: inherit;\"><span style=\"vertical-align: inherit;\">NEDEN OLMU\u015e<\/span><\/span><\/td>\n<\/tr>\n<tr>\n<td colspan=\"18\">En Boy Oran\u0131<\/td>\n<td colspan=\"42\"><span style=\"vertical-align: inherit;\"><span style=\"vertical-align: inherit;\">16:9<\/span><\/span><\/td>\n<\/tr>\n<tr>\n<td colspan=\"18\">Parlakl\u0131k<\/td>\n<td colspan=\"42\"><span style=\"vertical-align: inherit;\"><span style=\"vertical-align: inherit;\">55 in\u00e7: 300 cd\/m\u00b2; 65 in\u00e7: 350 cd\/m\u00b2; 75 in\u00e7: 350 cd\/m\u00b2; 86 in\u00e7: 400 cd\/m\u00b2<\/span><\/span><\/td>\n<\/tr>\n<tr>\n<td colspan=\"18\">\u00c7\u00f6z\u00fcn\u00fcrl\u00fck<\/td>\n<td colspan=\"42\">3840 (Y) \u00d7 2160 (D)<br \/>\nKullan\u0131c\u0131 Aray\u00fcz\u00fc: 1920 (Y) \u00d7 1080 (D)<\/td>\n<\/tr>\n<tr>\n<td colspan=\"18\">G\u00f6r\u00fc\u015f a\u00e7\u0131s\u0131<\/td>\n<td colspan=\"42\"><span style=\"vertical-align: inherit;\"><span style=\"vertical-align: inherit;\">Y: 178\u00b0; D: 178\u00b0<\/span><\/span><\/td>\n<\/tr>\n<tr>\n<td colspan=\"18\"><span style=\"vertical-align: inherit;\"><span style=\"vertical-align: inherit;\">Hayat<\/span><\/span><\/td>\n<td colspan=\"42\"><span style=\"vertical-align: inherit;\"><span style=\"vertical-align: inherit;\">50.000 saniye<\/span><\/span><\/td>\n<\/tr>\n<tr>\n<td>Yenileme h\u0131z\u0131<\/td>\n<td colspan=\"42\"><span style=\"vertical-align: inherit;\"><span style=\"vertical-align: inherit;\">60 Hz<\/span><\/span><\/td>\n<\/tr>\n<tr>\n<td colspan=\"18\"><span style=\"vertical-align: inherit;\"><span style=\"vertical-align: inherit;\">Statik kontrast<\/span><\/span><\/td>\n<td colspan=\"42\"><span style=\"vertical-align: inherit;\"><span style=\"vertical-align: inherit;\">1200:1<\/span><\/span><\/td>\n<\/tr>\n<tr>\n<td colspan=\"60\"><strong><span style=\"vertical-align: inherit;\"><span style=\"vertical-align: inherit;\">Kamera<\/span><\/span><\/strong><\/td>\n<\/tr>\n<tr>\n<td colspan=\"18\"><span style=\"vertical-align: inherit;\"><span style=\"vertical-align: inherit;\">piksel<\/span><\/span><\/td>\n<td colspan=\"42\"><span style=\"vertical-align: inherit;\"><span style=\"vertical-align: inherit;\">5 Milletvekili<\/span><\/span><\/td>\n<\/tr>\n<tr>\n<td colspan=\"18\">Oto kontrol<\/td>\n<td colspan=\"42\">otomatik beyaz dengesi<\/td>\n<\/tr>\n<tr>\n<td colspan=\"18\">\u00c7arp\u0131tma<\/td>\n<td colspan=\"42\"><span style=\"vertical-align: inherit;\"><span style=\"vertical-align: inherit;\">\u2264 %5<\/span><\/span><\/td>\n<\/tr>\n<tr>\n<td colspan=\"18\">Maks.\u00a0\u00c7\u00f6z\u00fcn\u00fcrl\u00fck<\/td>\n<td colspan=\"42\"><span style=\"vertical-align: inherit;\"><span style=\"vertical-align: inherit;\">Android: 1080p@30fps; OPS: 2560 \u00d7 1440@30fps<\/span><\/span><\/td>\n<\/tr>\n<tr>\n<td colspan=\"18\">G\u00f6r\u00fc\u015f alan\u0131<\/td>\n<td colspan=\"42\"><span style=\"vertical-align: inherit;\"><span style=\"vertical-align: inherit;\">Y:84,5\u00b0; D: 54,0\u00b0; D: 93,1\u00b0<\/span><\/span><\/td>\n<\/tr>\n<tr>\n<td colspan=\"60\"><strong>Cihaz Ba\u011flant\u0131 Noktalar\u0131<\/strong><\/td>\n<\/tr>\n<tr>\n<td colspan=\"18\">I\u015f\u0131k sens\u00f6r\u00fc<\/td>\n<td colspan=\"42\"><span style=\"vertical-align: inherit;\"><span style=\"vertical-align: inherit;\">1<\/span><\/span><\/td>\n<\/tr>\n<tr>\n<td colspan=\"18\">\u00d6n D\u00fc\u011fme<\/td>\n<td colspan=\"42\">1 \u00d7 G\u00fc\u00e7 d\u00fc\u011fmesi (sa\u011f taraf)<\/td>\n<\/tr>\n<tr>\n<td colspan=\"18\">\u00d6n Ba\u011flant\u0131 Noktalar\u0131<\/td>\n<td colspan=\"42\">1 \u00d7 USB 3.0 (sol taraf)<\/td>\n<\/tr>\n<tr>\n<td colspan=\"18\">A\u011f ba\u011flant\u0131 noktas\u0131<\/td>\n<td colspan=\"42\"><span style=\"vertical-align: inherit;\"><span style=\"vertical-align: inherit;\">1 adet RJ-45<\/span><\/span><\/td>\n<\/tr>\n<tr>\n<td colspan=\"18\"><span style=\"vertical-align: inherit;\"><span style=\"vertical-align: inherit;\">Wifi<\/span><\/span><\/td>\n<td colspan=\"42\">1 \u00d7 Wi-Fi;\u00a01 \u00d7 eri\u015fim noktas\u0131<\/td>\n<\/tr>\n<tr>\n<td colspan=\"18\"><span style=\"vertical-align: inherit;\"><span style=\"vertical-align: inherit;\">USB<\/span><\/span><\/td>\n<td colspan=\"42\"><span style=\"vertical-align: inherit;\"><span style=\"vertical-align: inherit;\">3 \u00d7 USB 3.0; 1 \u00d7 Mikro USB<\/span><\/span><\/td>\n<\/tr>\n<tr>\n<td colspan=\"18\"><span style=\"vertical-align: inherit;\"><span style=\"vertical-align: inherit;\">RS-232<\/span><\/span><\/td>\n<td colspan=\"42\"><span style=\"vertical-align: inherit;\"><span style=\"vertical-align: inherit;\">1 \u00d7 RS-232<\/span><\/span><\/td>\n<\/tr>\n<tr>\n<td colspan=\"18\">Video giri\u015fi<\/td>\n<td colspan=\"42\">1 \u00d7 HDMI G\u0130R\u0130\u015e\u0130<\/td>\n<\/tr>\n<tr>\n<td colspan=\"18\">Ses \u00e7\u0131k\u0131\u015f\u0131<\/td>\n<td colspan=\"42\">1 \u00d7 3,5 mm (\u00c7izgi \u00e7\u0131k\u0131\u015f\u0131)<\/td>\n<\/tr>\n<tr>\n<td colspan=\"18\">Di\u011ferleri<\/td>\n<td colspan=\"42\">1 \u00d7 Dokunma<\/td>\n<\/tr>\n<tr>\n<td colspan=\"18\"><span style=\"vertical-align: inherit;\"><span style=\"vertical-align: inherit;\">\u0130RD<\/span><\/span><\/td>\n<td colspan=\"42\"><span style=\"vertical-align: inherit;\"><span style=\"vertical-align: inherit;\">1<\/span><\/span><\/td>\n<\/tr>\n<tr>\n<td colspan=\"18\"><span style=\"vertical-align: inherit;\"><span style=\"vertical-align: inherit;\">mikrofon<\/span><\/span><\/td>\n<td colspan=\"42\"><span style=\"vertical-align: inherit;\"><span style=\"vertical-align: inherit;\">2<\/span><\/span><\/td>\n<\/tr>\n<tr>\n<td colspan=\"60\"><strong>Dokunmatik ekran<\/strong><\/td>\n<\/tr>\n<tr>\n<td colspan=\"18\">Dokunmatik Teknoloji T\u00fcr\u00fc<\/td>\n<td colspan=\"42\">IR dokunmatik teknolojisi<\/td>\n<\/tr>\n<tr>\n<td colspan=\"18\">Tepki S\u00fcresi<\/td>\n<td colspan=\"42\"><span style=\"vertical-align: inherit;\"><span style=\"vertical-align: inherit;\">&lt; 10 ms<\/span><\/span><\/td>\n<\/tr>\n<tr>\n<td colspan=\"18\">Temas noktalar\u0131<\/td>\n<td colspan=\"42\"><span style=\"vertical-align: inherit;\"><span style=\"vertical-align: inherit;\">20<\/span><\/span><\/td>\n<\/tr>\n<tr>\n<td colspan=\"18\">Ge\u00e7erli Dokunma<\/td>\n<td colspan=\"42\"><span style=\"vertical-align: inherit;\"><span style=\"vertical-align: inherit;\">2 mm<\/span><\/span><\/td>\n<\/tr>\n<tr>\n<td colspan=\"18\">Yazma Modu<\/td>\n<td colspan=\"42\">Parmak + Stylus kalem<\/td>\n<\/tr>\n<tr>\n<td colspan=\"18\">Dokunmatik \u00c7\u00f6z\u00fcn\u00fcrl\u00fck<\/td>\n<td colspan=\"42\"><span style=\"vertical-align: inherit;\"><span style=\"vertical-align: inherit;\">32767 \u00d7 32767<\/span><\/span><\/td>\n<\/tr>\n<tr>\n<td colspan=\"18\">\u00c7ok Kullan\u0131c\u0131l\u0131 Yazma Noktas\u0131 Say\u0131s\u0131<\/td>\n<td colspan=\"42\"><span style=\"vertical-align: inherit;\"><span style=\"vertical-align: inherit;\">2<\/span><\/span><\/td>\n<\/tr>\n<tr>\n<td colspan=\"60\"><strong>Konu\u015fmac\u0131<\/strong><\/td>\n<\/tr>\n<tr>\n<td colspan=\"18\">G\u00fc\u00e7<\/td>\n<td colspan=\"42\"><span style=\"vertical-align: inherit;\"><span style=\"vertical-align: inherit;\">Tam frekans: 2\u00d715 W<\/span><\/span><\/td>\n<\/tr>\n<tr>\n<td colspan=\"18\">Dahili hoparl\u00f6r<\/td>\n<td colspan=\"42\"><span style=\"vertical-align: inherit;\"><span style=\"vertical-align: inherit;\">2<\/span><\/span><\/td>\n<\/tr>\n<tr>\n<td colspan=\"60\"><strong><span style=\"vertical-align: inherit;\"><span style=\"vertical-align: inherit;\">mikrofon<\/span><\/span><\/strong><\/td>\n<\/tr>\n<tr>\n<td colspan=\"18\">Al\u0131\u015f Mesafesi<\/td>\n<td colspan=\"42\"><span style=\"vertical-align: inherit;\"><span style=\"vertical-align: inherit;\">Uzak alan ses alma: 6 m\u20138 m (19,69 ft\u201326,25 ft)<\/span><\/span><\/td>\n<\/tr>\n<tr>\n<td colspan=\"18\">Mikrofon Say\u0131s\u0131<\/td>\n<td colspan=\"42\"><span style=\"vertical-align: inherit;\"><span style=\"vertical-align: inherit;\">2<\/span><\/span><\/td>\n<\/tr>\n<tr>\n<td colspan=\"18\"><span style=\"vertical-align: inherit;\"><span style=\"vertical-align: inherit;\">AGC<\/span><\/span><\/td>\n<td colspan=\"42\">Evet<\/td>\n<\/tr>\n<tr>\n<td colspan=\"18\">Yank\u0131 giderme<\/td>\n<td colspan=\"42\"><span style=\"vertical-align: inherit;\"><span style=\"vertical-align: inherit;\">Evet<\/span><\/span><\/td>\n<\/tr>\n<tr>\n<td colspan=\"18\">Kutup Deseni<\/td>\n<td colspan=\"42\">\u00e7ok y\u00f6nl\u00fc<\/td>\n<\/tr>\n<tr>\n<td colspan=\"18\">Ak\u0131ll\u0131 G\u00fcr\u00fclt\u00fc Filtreleme<\/td>\n<td colspan=\"42\">EVET<\/td>\n<\/tr>\n<tr>\n<td colspan=\"60\"><strong>Genel<\/strong><\/td>\n<\/tr>\n<tr>\n<td colspan=\"18\">G\u00fc\u00e7 kayna\u011f\u0131<\/td>\n<td colspan=\"42\"><span style=\"vertical-align: inherit;\"><span style=\"vertical-align: inherit;\">100\u2013240 VAC, 50 Hz\/60 Hz<\/span><\/span><\/td>\n<\/tr>\n<tr>\n<td colspan=\"18\">G\u00fc\u00e7 t\u00fcketimi<\/td>\n<td colspan=\"42\"><span style=\"vertical-align: inherit;\"><span style=\"vertical-align: inherit;\">55 in\u00e7: 200 W; 65 in\u00e7: 250 W; 75 in\u00e7: 300 W; 86 in\u00e7: 400 W<\/span><\/span><\/td>\n<\/tr>\n<tr>\n<td colspan=\"18\">\u00c7al\u0131\u015fma s\u0131cakl\u0131\u011f\u0131<\/td>\n<td colspan=\"42\"><span style=\"vertical-align: inherit;\"><span style=\"vertical-align: inherit;\">0 \u00b0C &#8211; +40 \u00b0C (32 \u00b0F &#8211; +104 \u00b0F)<\/span><\/span><\/td>\n<\/tr>\n<tr>\n<td colspan=\"18\">Depolama s\u0131cakl\u0131\u011f\u0131<\/td>\n<td colspan=\"42\"><span style=\"vertical-align: inherit;\"><span style=\"vertical-align: inherit;\">\u201310 \u00b0C &#8211; +50 \u00b0C (\u201314 \u00b0F &#8211; +122 \u00b0F)<\/span><\/span><\/td>\n<\/tr>\n<tr>\n<td colspan=\"18\">\u00c7al\u0131\u015fma Nemi<\/td>\n<td colspan=\"42\"><span style=\"vertical-align: inherit;\"><span style=\"vertical-align: inherit;\">%10\u2013%90 (BN)<\/span><\/span><\/td>\n<\/tr>\n<tr>\n<td colspan=\"18\">Depolama Nemi<\/td>\n<td colspan=\"42\"><span style=\"vertical-align: inherit;\"><span style=\"vertical-align: inherit;\">%10\u2013%90 (BN)<\/span><\/span><\/td>\n<\/tr>\n<tr>\n<td colspan=\"18\">\u00dcr\u00fcn Malzemesi<\/td>\n<td colspan=\"42\"><span style=\"vertical-align: inherit;\"><span style=\"vertical-align: inherit;\">metal \u00fclkesi<\/span><\/span><\/td>\n<\/tr>\n<tr>\n<td colspan=\"18\">Koruyucu Cam<\/td>\n<td colspan=\"42\">Mohs \u00f6l\u00e7e\u011fine g\u00f6re 7 sertli\u011fe sahip, kama\u015fma \u00f6nleyici temperli cam<\/td>\n<\/tr>\n<tr>\n<td colspan=\"18\">G\u00f6vde Rengi (\u00c7er\u00e7eve\/Arka)<\/td>\n<td colspan=\"42\">Alt: G\u00fcm\u00fc\u015f;\u00a0\u00fcst\/sol\/sa\u011f: siyah<\/td>\n<\/tr>\n<tr>\n<td colspan=\"18\">\u00dcr\u00fcn Boyutlar\u0131<\/td>\n<td colspan=\"42\"><span style=\"vertical-align: inherit;\"><span style=\"vertical-align: inherit;\">65 in\u00e7: 1.485,0 mm \u00d7 86,9 mm \u00d7 924,7 mm (58,46&#8243; \u00d7 3,42&#8243; \u00d7 36,41&#8243;)(U \u00d7 \u200b\u200bG \u00d7 Y)<\/span><\/span><\/p>\n<p><span style=\"vertical-align: inherit;\"><span style=\"vertical-align: inherit;\">75 in\u00e7: 1.707,2 mm \u00d7 87,1 mm \u00d7 1.050,1 mm (67,21&#8243; \u00d7 3,43&#8243; \u00d7 41,34&#8243;)<\/span><\/span><\/p>\n<p><span style=\"vertical-align: inherit;\"><span style=\"vertical-align: inherit;\">86 in\u00e7: 1.953,0 mm \u00d7 87,1 mm \u00d7 1.188,6 mm (76,90&#8243; \u00d7 3,43&#8243; \u00d7 46,80&#8243;)<\/span><\/span><\/p>\n<p><span style=\"vertical-align: inherit;\"><span style=\"vertical-align: inherit;\">55 in\u00e7: (kameral\u0131): 1.261,4 mm \u00d7 80,9 mm \u00d7 816,6 mm (49,66&#8243; \u00d7 3,19&#8243; \u00d7 32,15&#8243;) (U \u00d7 G \u00d7 Y)<\/span><\/span><\/p>\n<p><span style=\"vertical-align: inherit;\"><span style=\"vertical-align: inherit;\">65 in\u00e7: (kameral\u0131): 1.485,0 mm \u00d7 86,9 mm \u00d7 941,2 mm (58,46&#8243; \u00d7 3,42&#8243; \u00d7 37,06&#8243;)<\/span><\/span><\/p>\n<p><span style=\"vertical-align: inherit;\"><span style=\"vertical-align: inherit;\">75 in\u00e7: (kameral\u0131): 1.707,2 mm \u00d7 87,1 mm \u00d7 1.066,4 mm (67,21&#8243; \u00d7 3,43&#8243; \u00d7 41,98&#8243;)<\/span><\/span><\/p>\n<p><span style=\"vertical-align: inherit;\"><span style=\"vertical-align: inherit;\">86 in\u00e7: (kameral\u0131): 1.953,4 mm \u00d7 87,1 mm \u00d7 1.205,1 mm (76,91&#8243; \u00d7 3,43&#8243; \u00d7 47,45&#8243;)<\/span><\/span><\/td>\n<\/tr>\n<tr>\n<td colspan=\"18\">\u00c7er\u00e7eve boyutu<\/td>\n<td colspan=\"42\"><span style=\"vertical-align: inherit;\"><span style=\"vertical-align: inherit;\">\u00dcst: 43,1 mm (1,70&#8243;); sol\/sa\u011f: 16,1 mm (0,63&#8243;); alt: 67,8 mm (2,67&#8243;)<\/span><\/span><\/td>\n<\/tr>\n<tr>\n<td colspan=\"18\">Ambalaj Boyutlar\u0131<\/td>\n<td colspan=\"42\"><span style=\"vertical-align: inherit;\"><span style=\"vertical-align: inherit;\">55 in\u00e7: 1366 mm \u00d7 180 mm \u00d7 935 mm (53,78&#8243; \u00d7 7,09&#8243; \u00d7 36,79&#8243;) (U \u00d7 G \u00d7 Y)<\/span><\/span><\/p>\n<p><span style=\"vertical-align: inherit;\"><span style=\"vertical-align: inherit;\">65 in\u00e7: 1587 mm \u00d7 235 mm \u00d7 1070 mm (62,48&#8243; \u00d7 9,25&#8243; \u00d7 42,13&#8243;)<\/span><\/span><\/p>\n<p><span style=\"vertical-align: inherit;\"><span style=\"vertical-align: inherit;\">75 in\u00e7: 1810 mm \u00d7 235 mm \u00d7 1157 mm (71,26&#8243; \u00d7 9,25&#8243; \u00d7 45,55&#8243;)<\/span><\/span><\/p>\n<p><span style=\"vertical-align: inherit;\"><span style=\"vertical-align: inherit;\">86 in\u00e7: 2056 mm \u00d7 235 mm \u00d7 1334 mm (80,94&#8243; \u00d7 9,25&#8243; \u00d7 52,52&#8243;)<\/span><\/span><\/td>\n<\/tr>\n<tr>\n<td colspan=\"18\">Net a\u011f\u0131rl\u0131\u011f\u0131<\/td>\n<td colspan=\"42\"><span style=\"vertical-align: inherit;\"><span style=\"vertical-align: inherit;\">55 in\u00e7: 27,5 kg (60,63 lb) <\/span><\/span><br \/>\n<span style=\"vertical-align: inherit;\"><span style=\"vertical-align: inherit;\">65 in\u00e7: 38 kg (83,80 lb) <\/span><\/span><br \/>\n<span style=\"vertical-align: inherit;\"><span style=\"vertical-align: inherit;\">75 in\u00e7: 54 kg (119,10 lb) <\/span><\/span><br \/>\n<span style=\"vertical-align: inherit;\"><span style=\"vertical-align: inherit;\">86 in\u00e7: 64 kg (141,10 lb)<\/span><\/span><\/td>\n<\/tr>\n<tr>\n<td colspan=\"18\">Br\u00fct a\u011f\u0131rl\u0131k<\/td>\n<td colspan=\"42\">55 in\u00e7 s\u00fcr\u00fcm: 32,5 kg (71,65 lb)<br \/>\n65 in\u00e7 s\u00fcr\u00fcm: 46 kg (101,41 lb)<br \/>\n75 in\u00e7 s\u00fcr\u00fcm: 65 kg (143,30 lb)<br \/>\n86 in\u00e7 s\u00fcr\u00fcm: 77 kg (169,76 lb)<\/td>\n<\/tr>\n<tr>\n<td colspan=\"18\">Delik Mesafesi<\/td>\n<td colspan=\"42\"><span style=\"vertical-align: inherit;\"><span style=\"vertical-align: inherit;\">55 in\u00e7 versiyon: 400 mm \u00d7 400 mm (15,75&#8243; \u00d7 15,75&#8243;) <\/span><\/span><br \/>\n<span style=\"vertical-align: inherit;\"><span style=\"vertical-align: inherit;\">65 in\u00e7 versiyon: 400 mm \u00d7 500 mm (15,75&#8243; \u00d7 19,69&#8243;) <\/span><\/span><br \/>\n<span style=\"vertical-align: inherit;\"><span style=\"vertical-align: inherit;\">75 in\u00e7 versiyon: 400 mm \u00d7 600 mm ( 15,75&#8243; \u00d7 23,62&#8243;) ) <\/span><\/span><br \/>\n<span style=\"vertical-align: inherit;\"><span style=\"vertical-align: inherit;\">86 in\u00e7 versiyon: 400 mm \u00d7 750 mm (15,75&#8243; \u00d7 29,53&#8243;)<\/span><\/span><\/td>\n<\/tr>\n<tr>\n<td colspan=\"18\">Kurulum<\/td>\n<td colspan=\"42\">Duvara montaj, mobil braket<\/td>\n<\/tr>\n<tr>\n<td colspan=\"18\">Bekleme G\u00fc\u00e7 T\u00fcketimi<\/td>\n<td colspan=\"42\"><span style=\"vertical-align: inherit;\"><span style=\"vertical-align: inherit;\">0,5W<\/span><\/span><\/td>\n<\/tr>\n<tr>\n<td colspan=\"18\">Paket listesi<\/td>\n<td colspan=\"42\">Ak\u0131ll\u0131 interaktif beyaz tahta 1;\u00a0G\u00fc\u00e7 kablosu 3;\u00a0\u00d6zel kalem 2 ;\u00a0H\u0131zl\u0131 ba\u015flang\u0131\u00e7 k\u0131lavuzu 1;\u00a0Duvara montaj braketi (beyaz tahtaya zaten tak\u0131l\u0131d\u0131r) 1;\u00a0Aksesuar paketi 1<\/td>\n<\/tr>\n<\/tbody>\n<\/table>\n","protected":false},"excerpt":{"rendered":"<p>Sadece &#8220;Depo Teslim&#8221; Sat\u0131lmaktad\u0131r, \u00dcr\u00fcn\u00fcn Hassas ve B\u00fcy\u00fck olmas\u0131ndan dolay\u0131 Kargo Firmalar\u0131\u00a0Ta\u015f\u0131mamaktad\u0131r. LCH65-MC410-B 65 in\u00e7 Ak\u0131ll\u0131 \u0130nteraktif Beyaz Tahta &gt; 4K HD ekran. &gt;\u00a0Hem Android hem de Windows kullan\u0131m\u0131n\u0131 destekler (PC mod\u00fcl\u00fc kurulu olmal\u0131d\u0131r). &gt;\u00a0Telefon, bilgisayar ve tablet gibi birden fazla cihazdan kablosuz ekran payla\u015f\u0131m\u0131. &gt;\u00a0Kalemle yaz\u0131 yaz\u0131lmas\u0131n\u0131 destekler. &gt;\u00a0Office yaz\u0131l\u0131m\u0131n\u0131 ve video ve ses &hellip;<\/p>\n<p class=\"read-more\"> <a class=\" thunk-readmore button \" href=\"https:\/\/bilginteknoloji.com\/woo\/urun\/dahua-lch65-mc410-b-65-4k-android-90-dort-cekirdek-cpu-5mp-kamera-hdmi-wifi\/\"> <span class=\"screen-reader-text\">DAHUA LCH65-MC410-B, 65&#8243;, 4K, Android 9,0, D\u00f6rt \u00c7ekirdek CPU, 5Mp Kamera, HDMI, Wifi<\/span>Read More<\/a><\/p>\n","protected":false},"featured_media":966,"template":"","meta":{"om_disable_all_campaigns":false,"_monsterinsights_skip_tracking":false,"_monsterinsights_sitenote_active":false,"_monsterinsights_sitenote_note":"","_monsterinsights_sitenote_category":0},"product_cat":[213],"product_tag":[],"class_list":{"0":"post-965","1":"product","2":"type-product","3":"status-publish","4":"has-post-thumbnail","6":"product_cat-interaktif-ekran-video-konferans","7":"thunk-woo-product-list","8":"opn-qv-enable","9":"top-store-woo-hover-zoom","10":"top-store-single-product-tab-horizontal","11":"top-store-shadow-","12":"top-store-shadow-hover-","14":"first","15":"instock","16":"taxable","17":"shipping-taxable","18":"product-type-simple"},"aioseo_notices":[],"_links":{"self":[{"href":"https:\/\/bilginteknoloji.com\/woo\/wp-json\/wp\/v2\/product\/965","targetHints":{"allow":["GET"]}}],"collection":[{"href":"https:\/\/bilginteknoloji.com\/woo\/wp-json\/wp\/v2\/product"}],"about":[{"href":"https:\/\/bilginteknoloji.com\/woo\/wp-json\/wp\/v2\/types\/product"}],"wp:featuredmedia":[{"embeddable":true,"href":"https:\/\/bilginteknoloji.com\/woo\/wp-json\/wp\/v2\/media\/966"}],"wp:attachment":[{"href":"https:\/\/bilginteknoloji.com\/woo\/wp-json\/wp\/v2\/media?parent=965"}],"wp:term":[{"taxonomy":"product_cat","embeddable":true,"href":"https:\/\/bilginteknoloji.com\/woo\/wp-json\/wp\/v2\/product_cat?post=965"},{"taxonomy":"product_tag","embeddable":true,"href":"https:\/\/bilginteknoloji.com\/woo\/wp-json\/wp\/v2\/product_tag?post=965"}],"curies":[{"name":"wp","href":"https:\/\/api.w.org\/{rel}","templated":true}]}}