{"id":961,"date":"2024-08-16T12:33:47","date_gmt":"2024-08-16T09:33:47","guid":{"rendered":"https:\/\/bilginteknoloji.com\/woo\/?post_type=product&#038;p=961"},"modified":"2024-08-16T12:33:48","modified_gmt":"2024-08-16T09:33:48","slug":"hikvision-ds-7108ni-q1uhk-8kanal-4mpix-h265-1-hdd-destegi-1520p-kayit-60mbps-bant-genisligi-nvr","status":"publish","type":"product","link":"https:\/\/bilginteknoloji.com\/woo\/urun\/hikvision-ds-7108ni-q1uhk-8kanal-4mpix-h265-1-hdd-destegi-1520p-kayit-60mbps-bant-genisligi-nvr\/","title":{"rendered":"HIKVISION DS-7108NI-Q1UHK, 8Kanal, 4Mpix, H265+, 1 HDD Deste\u011fi, 1520P Kay\u0131t, 60Mbps Bant Geni\u015fli\u011fi, NVR"},"content":{"rendered":"<table class=\"table table-condensed table-striped table-urun-ozellik\">\n<tbody>\n<tr class=\"tbl-diffrow\">\n<td>Kay\u0131t Tipi<\/td>\n<td>IP<\/td>\n<\/tr>\n<tr>\n<td>Kanal Say\u0131s\u0131<\/td>\n<td>8 Kanal<\/td>\n<\/tr>\n<tr class=\"tbl-diffrow\">\n<td>HDD Deste\u011fi<\/td>\n<td>1X6TB HDD<\/td>\n<\/tr>\n<tr>\n<td>G\u00f6r\u00fcnt\u00fc \u00c7\u0131k\u0131\u015flar\u0131<\/td>\n<td>VGA HDMI<\/td>\n<\/tr>\n<tr class=\"tbl-diffrow\">\n<td>\u00c7\u00f6z\u00fcn\u00fcrl\u00fck<\/td>\n<td>4 MP Maks \u00e7\u00f6z\u00fcn\u00fcrl\u00fckte kay\u0131t H.265+ \/ H.265 \/ H.264+ \/ H.264 video s\u0131k\u0131\u015ft\u0131rma<\/td>\n<\/tr>\n<tr>\n<td>Yaz\u0131l\u0131m Deste\u011fi<\/td>\n<td>Bilgisayar IVMS-4200 Cep Telefonu yaz\u0131l\u0131m\u0131 hik connect<\/td>\n<\/tr>\n<tr class=\"tbl-diffrow\">\n<td>Mobil \u0130zleme<\/td>\n<td>Var<\/td>\n<\/tr>\n<tr>\n<td>Dil Se\u00e7ene\u011fi<\/td>\n<td>T\u00fcrk\u00e7e \u0130ngilizce<\/td>\n<\/tr>\n<tr class=\"tbl-diffrow\">\n<td>A\u00e7\u0131klama<\/td>\n<td>60 Mbps kay\u0131t 60 mbps izleme 1 adet 6TBye kadar disk deste\u011fi 1080P HDMI \u00e7\u0131k\u0131\u015f\u0131 1080P VGA \u00e7\u0131k<\/td>\n<\/tr>\n<tr>\n<td>A\u00e7\u0131klama 2<\/td>\n<td>Plastik Kasa<\/td>\n<\/tr>\n<\/tbody>\n<\/table>\n","protected":false},"excerpt":{"rendered":"<table class=\"product-detail\" border=\"0\" width=\"100%\" cellspacing=\"0\" cellpadding=\"0\">\n<tbody>\n<tr>\n<td class=\"product-detail-02\" width=\"34%\">\u00c7\u00f6z\u00fcn\u00fcrl\u00fck:<\/td>\n<td width=\"66%\">\u00a04MP<\/td>\n<\/tr>\n<tr>\n<td class=\"product-detail-02\" width=\"34%\">HDD Deste\u011fi:<\/td>\n<td width=\"66%\">\u00a01 Adet (Max. 6TB)<\/td>\n<\/tr>\n<tr>\n<td class=\"product-detail-02\" width=\"34%\">Poe Deste\u011fi:<\/td>\n<td width=\"66%\">\u00a0Yok<\/td>\n<\/tr>\n<tr>\n<td class=\"product-detail-02\" width=\"34%\">Video Giri\u015fi:<\/td>\n<td width=\"66%\">\u00a08 Kanal<\/td>\n<\/tr>\n<tr>\n<td class=\"product-detail-02\" width=\"34%\">Video S\u0131k\u0131\u015ft\u0131rma:<\/td>\n<td width=\"66%\">\u00a0H265+<\/td>\n<\/tr>\n<tr>\n<td class=\"product-detail-02\"><\/td>\n<td><\/td>\n<\/tr>\n<\/tbody>\n<\/table>\n","protected":false},"featured_media":962,"template":"","meta":{"om_disable_all_campaigns":false,"_monsterinsights_skip_tracking":false,"_monsterinsights_sitenote_active":false,"_monsterinsights_sitenote_note":"","_monsterinsights_sitenote_category":0},"product_cat":[58],"product_tag":[],"class_list":{"0":"post-961","1":"product","2":"type-product","3":"status-publish","4":"has-post-thumbnail","6":"product_cat-nvr-kayit-cihazlari","7":"thunk-woo-product-list","8":"opn-qv-enable","9":"top-store-woo-hover-zoom","10":"top-store-single-product-tab-horizontal","11":"top-store-shadow-","12":"top-store-shadow-hover-","14":"first","15":"instock","16":"taxable","17":"shipping-taxable","18":"product-type-simple"},"aioseo_notices":[],"_links":{"self":[{"href":"https:\/\/bilginteknoloji.com\/woo\/wp-json\/wp\/v2\/product\/961","targetHints":{"allow":["GET"]}}],"collection":[{"href":"https:\/\/bilginteknoloji.com\/woo\/wp-json\/wp\/v2\/product"}],"about":[{"href":"https:\/\/bilginteknoloji.com\/woo\/wp-json\/wp\/v2\/types\/product"}],"wp:featuredmedia":[{"embeddable":true,"href":"https:\/\/bilginteknoloji.com\/woo\/wp-json\/wp\/v2\/media\/962"}],"wp:attachment":[{"href":"https:\/\/bilginteknoloji.com\/woo\/wp-json\/wp\/v2\/media?parent=961"}],"wp:term":[{"taxonomy":"product_cat","embeddable":true,"href":"https:\/\/bilginteknoloji.com\/woo\/wp-json\/wp\/v2\/product_cat?post=961"},{"taxonomy":"product_tag","embeddable":true,"href":"https:\/\/bilginteknoloji.com\/woo\/wp-json\/wp\/v2\/product_tag?post=961"}],"curies":[{"name":"wp","href":"https:\/\/api.w.org\/{rel}","templated":true}]}}