{"id":817,"date":"2024-08-14T12:44:59","date_gmt":"2024-08-14T09:44:59","guid":{"rendered":"https:\/\/bilginteknoloji.com\/woo\/?post_type=product&#038;p=817"},"modified":"2024-08-15T11:46:27","modified_gmt":"2024-08-15T08:46:27","slug":"arktek-akd4s16p3200-16gb-ddr4-3200mhz-12v-cl22-desktop-ram","status":"publish","type":"product","link":"https:\/\/bilginteknoloji.com\/woo\/urun\/arktek-akd4s16p3200-16gb-ddr4-3200mhz-12v-cl22-desktop-ram\/","title":{"rendered":"ARKTEK AKD4S16P3200, 16GB, DDR4, 3200Mhz, 1,2V, CL22, Desktop, RAM"},"content":{"rendered":"<div class=\"avia_textblock av_inherit_color \">\n<div>\n<p>+ Bellek T\u00fcr\u00fc: DDR4<br \/>\n+ Bellek Bi\u00e7imi: DIMM<br \/>\n+ Bellek Boyutu: 16GB<br \/>\n+ SPD Voltaj: 1.2V<br \/>\n+ H\u0131z Derecesi: 3200MHz<\/p>\n<\/div>\n<\/div>\n<div class=\"avia_textblock av_inherit_color \">\n<p>genel bak\u0131\u015f<\/p>\n<ul>\n<li>JEDEC Standard\u0131<\/li>\n<li>DDR4 H\u0131z Derecesi: 2400 Mbps<\/li>\n<li>Arabelle\u011fe al\u0131nmam\u0131\u015f DIMM: 288 pimli<\/li>\n<li>16 dahili banka;\u00a0Her biri 4 bankadan olu\u015fan 4 grup<\/li>\n<li>CAS gecikmesi: CL22<\/li>\n<li>Bant geni\u015fli\u011fi : 17000MB\/s<\/li>\n<li>Veri yolu i\u00e7in veri yolu ters \u00e7evirme (DBI)<\/li>\n<li>VDD voltaj\u0131 : 1.2V<\/li>\n<li>VDDQ voltaj\u0131 : 1.2V<\/li>\n<li>VPP voltaj\u0131: 2.5V<\/li>\n<li>EEPROM ile seri varl\u0131k alg\u0131lama<\/li>\n<li>RoHS Uyumlu<\/li>\n<\/ul>\n<\/div>\n","protected":false},"excerpt":{"rendered":"<table class=\"product-detail\" border=\"0\" width=\"100%\" cellspacing=\"0\" cellpadding=\"0\">\n<tbody>\n<tr>\n<td class=\"product-detail-02\" width=\"34%\">Bellek Tipi:<\/td>\n<td width=\"66%\">\u00a0DDR4<\/td>\n<\/tr>\n<tr>\n<td class=\"product-detail-02\" width=\"34%\">Kapasite:<\/td>\n<td width=\"66%\">\u00a016 GB<\/td>\n<\/tr>\n<tr>\n<td class=\"product-detail-02\" width=\"34%\">Bellek H\u0131z\u0131:<\/td>\n<td width=\"66%\">\u00a03200 MHZ<\/td>\n<\/tr>\n<tr>\n<td class=\"product-detail-02\" width=\"34%\">So\u011futucu:<\/td>\n<td width=\"66%\">\u00a0YOK<\/td>\n<\/tr>\n<\/tbody>\n<\/table>\n","protected":false},"featured_media":818,"template":"","meta":{"om_disable_all_campaigns":false,"_monsterinsights_skip_tracking":false,"_monsterinsights_sitenote_active":false,"_monsterinsights_sitenote_note":"","_monsterinsights_sitenote_category":0},"product_cat":[68],"product_tag":[],"class_list":{"0":"post-817","1":"product","2":"type-product","3":"status-publish","4":"has-post-thumbnail","6":"product_cat-desktop-ramler","7":"thunk-woo-product-list","8":"opn-qv-enable","9":"top-store-woo-hover-zoom","10":"top-store-single-product-tab-horizontal","11":"top-store-shadow-","12":"top-store-shadow-hover-","14":"first","15":"instock","16":"taxable","17":"shipping-taxable","18":"product-type-simple"},"aioseo_notices":[],"_links":{"self":[{"href":"https:\/\/bilginteknoloji.com\/woo\/wp-json\/wp\/v2\/product\/817","targetHints":{"allow":["GET"]}}],"collection":[{"href":"https:\/\/bilginteknoloji.com\/woo\/wp-json\/wp\/v2\/product"}],"about":[{"href":"https:\/\/bilginteknoloji.com\/woo\/wp-json\/wp\/v2\/types\/product"}],"wp:featuredmedia":[{"embeddable":true,"href":"https:\/\/bilginteknoloji.com\/woo\/wp-json\/wp\/v2\/media\/818"}],"wp:attachment":[{"href":"https:\/\/bilginteknoloji.com\/woo\/wp-json\/wp\/v2\/media?parent=817"}],"wp:term":[{"taxonomy":"product_cat","embeddable":true,"href":"https:\/\/bilginteknoloji.com\/woo\/wp-json\/wp\/v2\/product_cat?post=817"},{"taxonomy":"product_tag","embeddable":true,"href":"https:\/\/bilginteknoloji.com\/woo\/wp-json\/wp\/v2\/product_tag?post=817"}],"curies":[{"name":"wp","href":"https:\/\/api.w.org\/{rel}","templated":true}]}}