{"id":754,"date":"2024-08-13T18:40:28","date_gmt":"2024-08-13T15:40:28","guid":{"rendered":"https:\/\/bilginteknoloji.com\/woo\/?post_type=product&#038;p=754"},"modified":"2024-08-13T18:40:28","modified_gmt":"2024-08-13T15:40:28","slug":"lenovo-82kb00cbtx_upg-v15-gen2-itl-i7-1165g7-156-fhd-24gb-ram-512gb-ssd-paylasimli-ekran-karti-free-dos-notebook","status":"publish","type":"product","link":"https:\/\/bilginteknoloji.com\/woo\/urun\/lenovo-82kb00cbtx_upg-v15-gen2-itl-i7-1165g7-156-fhd-24gb-ram-512gb-ssd-paylasimli-ekran-karti-free-dos-notebook\/","title":{"rendered":"LENOVO 82KB00CBTX_UPG, V15 GEN2 ITL, i7-1165G7, 15,6&#8243; FHD, 24Gb Ram, 512Gb SSD, Payla\u015f\u0131ml\u0131 Ekran Kart\u0131, Free Dos Notebook"},"content":{"rendered":"<div class=\"urun_aciklama\">\n<h2 class=\"sub-title\">Lenovo V15 G2 ITL, i7-1165G7, 24GB Ram, 512GB SSD, 15.6 FHD, FreeDOS, 82KB00CBTX<\/h2>\n<div class=\"item left\"><img decoding=\"async\" src=\"http:\/\/www.detayresimler.com\/urun\/8\/82KB00CBTX.jpg\" alt=\"\" \/><\/p>\n<h3 class=\"sub-title\">G\u00fc\u00e7l\u00fc performans<\/h3>\n<p>Bu diz\u00fcst\u00fc bilgisayar\u0131n performans\u0131n\u0131n ard\u0131ndaki 11. Nesil Intel\u00ae Core\u2122 i7 i\u015flemciye ve NVIDIA\u00ae GeForce\u00ae MX350 ayr\u0131k grafik donan\u0131ma g\u00fcn boyu g\u00fcvenebilirsiniz. 16 GBa kadar bellek ve 512 GBa kadar M.2 PCIe SSD ve 1 TB\u2019a kadar HDD depolaman\u0131n hibrit kombinasyonu, size rakipsiz bir verimlilik ve sorunsuz bir \u00e7oklu g\u00f6rev deneyimi sunar.<\/p>\n<\/div>\n<div class=\"item right\"><img decoding=\"async\" src=\"http:\/\/www.detayresimler.com\/urun\/8\/82KB00CBTX_1.jpg\" alt=\"\" \/><\/p>\n<h3 class=\"sub-title\">Modern tasar\u0131m<\/h3>\n<p>19,9 mm \/ 0,78\u201d kal\u0131nl\u0131\u011f\u0131ndaki ve 1,7kg \/ 3,75 lb a\u011f\u0131rl\u0131\u011f\u0131ndaki V15 2. Nesil diz\u00fcst\u00fc bilgisayar \u015f\u0131k ve ta\u015f\u0131nabilirdir. \u0130ki renk aras\u0131ndan se\u00e7im yapabilirsiniz: \u0130ki y\u00fcz\u00fcnde kal\u0131p i\u00e7i haddelemeyle elde edilen (IMR) dokulu \u00e7izgiler bulunan Demir Grisi; veya \u00fc\u00e7 y\u00fcz\u00fcnde dokulu kaplama olan Siyah. \u0130yi bir izlenim b\u0131rak\u0131n.<\/p>\n<\/div>\n<div class=\"item left\"><img decoding=\"async\" src=\"http:\/\/www.detayresimler.com\/urun\/8\/82KB00CBTX_2.jpg\" alt=\"\" \/><\/p>\n<h3 class=\"sub-title\">Parlak, net g\u00f6rseller<\/h3>\n<p>V15 2. Nesil diz\u00fcst\u00fc bilgisayar\u0131n ekran\u0131, d\u00f6rt kenar\u0131ndaki ince \u00e7er\u00e7eveleriyle %88\u2019lik etkileyici bir ekran\/kasa oran\u0131na sahiptir. 15,6 &#8220;FHD (1920 x 1080) yans\u0131ma \u00f6nleyici ekran\u0131 parlak bir izleme deneyimi sunmak i\u00e7in 300 nite kadar parlakl\u0131k se\u00e7ene\u011fiyle sunulmaktad\u0131r.<\/p>\n<\/div>\n<div class=\"item right\"><img decoding=\"async\" src=\"http:\/\/www.detayresimler.com\/urun\/8\/82KB00CBTX_3.jpg\" alt=\"\" \/><\/p>\n<h3 class=\"sub-title\">G\u00fcvenli ve kullan\u0131\u015fl\u0131<\/h3>\n<p>V15 2. Nesil diz\u00fcst\u00fc bilgisayarda, kritik i\u015f verilerini \u015fifrelemek i\u00e7in G\u00fcvenilir Platform Mod\u00fcl\u00fc (TPM) 2.0 donan\u0131m yaz\u0131l\u0131m\u0131 bulunmaktad\u0131r. Fiziksel web kameras\u0131 kapa\u011f\u0131 gizlili\u011finizi korur. Kolay ba\u011flant\u0131 olana\u011f\u0131 sunan birden \u00e7ok USB ve HDMI ba\u011flant\u0131 noktas\u0131yla diz\u00fcst\u00fc bilgisayar\u0131n kurulumu ve kullan\u0131m\u0131 da kolayd\u0131r.<\/p>\n<\/div>\n<\/div>\n<div class=\"extra_specs\">\n<div class=\"extra_spec\">\n<h3>\u0130\u015flemci \u00d6zellikleri<\/h3>\n<table>\n<tbody>\n<tr>\n<td class=\"baslik\">\u0130\u015flemci<\/td>\n<td>Intel Core i7<\/td>\n<\/tr>\n<tr>\n<td class=\"baslik\">\u0130\u015flemci Nesli<\/td>\n<td>11.Nesil<\/td>\n<\/tr>\n<tr>\n<td class=\"baslik\">\u0130\u015flemci Modeli<\/td>\n<td>i7-1165G7<\/td>\n<\/tr>\n<tr>\n<td class=\"baslik\">Temel Frekans<\/td>\n<td>2.80GHz<\/td>\n<\/tr>\n<tr>\n<td class=\"baslik\">Turbo Frekans<\/td>\n<td>4.70GHz<\/td>\n<\/tr>\n<tr>\n<td class=\"baslik\">\u00d6nbellek<\/td>\n<td>12MB<\/td>\n<\/tr>\n<tr>\n<td class=\"baslik\">\u00c7ekirdek Say\u0131s\u0131<\/td>\n<td>D\u00f6rt \u00c7ekirdek<\/td>\n<\/tr>\n<tr>\n<td class=\"baslik\">Intel vPro Deste\u011fi<\/td>\n<td>Yok<\/td>\n<\/tr>\n<tr>\n<td class=\"baslik\">\u0130\u015flemci Grafik Serisi<\/td>\n<td>Intel Iris Xe<\/td>\n<\/tr>\n<tr>\n<td class=\"baslik\">\u0130\u015flemci Grafik Modeli<\/td>\n<td>Intel Iris Xe<\/td>\n<\/tr>\n<\/tbody>\n<\/table>\n<\/div>\n<div class=\"extra_spec\">\n<h3>Bellek \u00d6zellikleri<\/h3>\n<table>\n<tbody>\n<tr>\n<td class=\"baslik\">Sistem Belle\u011fi (Gb)<\/td>\n<td>24GB<\/td>\n<\/tr>\n<tr>\n<td class=\"baslik\">Bellek T\u00fcr\u00fc<\/td>\n<td>DDR4 3200MHz<\/td>\n<\/tr>\n<tr>\n<td class=\"baslik\">Bellek D\u00fczeni<\/td>\n<td>8Gb Lehimli + 16GB Slotta<\/td>\n<\/tr>\n<tr>\n<td class=\"baslik\">Max.Bellek<\/td>\n<td>40GB<\/td>\n<\/tr>\n<tr>\n<td class=\"baslik\">Toplam Bellek Slotu<\/td>\n<td>1 (Dolu)<\/td>\n<\/tr>\n<\/tbody>\n<\/table>\n<\/div>\n<div class=\"extra_spec\">\n<h3>Depolama \u00d6zellikleri<\/h3>\n<table>\n<tbody>\n<tr>\n<td class=\"baslik\">Sabit Disk<\/td>\n<td>Yok<\/td>\n<\/tr>\n<tr>\n<td class=\"baslik\">SSD<\/td>\n<td>512GB<\/td>\n<\/tr>\n<tr>\n<td class=\"baslik\">SSD Slotu<\/td>\n<td>PCIe NVMe Gen3<\/td>\n<\/tr>\n<\/tbody>\n<\/table>\n<\/div>\n<div class=\"extra_spec\">\n<h3>Grafik \u00d6zellikleri<\/h3>\n<table>\n<tbody>\n<tr>\n<td class=\"baslik\">Ekran Kart\u0131<\/td>\n<td>Payla\u015f\u0131ml\u0131<\/td>\n<\/tr>\n<tr>\n<td class=\"baslik\">Grafik Serisi<\/td>\n<td>Intel Iris Xe<\/td>\n<\/tr>\n<tr>\n<td class=\"baslik\">Grafik \u0130\u015flemcisi<\/td>\n<td>Intel Iris Xe<\/td>\n<\/tr>\n<tr>\n<td class=\"baslik\">Grafik Geni\u015fli\u011fi<\/td>\n<td>Yok<\/td>\n<\/tr>\n<tr>\n<td class=\"baslik\">Grafik Yap\u0131s\u0131<\/td>\n<td>Yok<\/td>\n<\/tr>\n<\/tbody>\n<\/table>\n<\/div>\n<div class=\"extra_spec\">\n<h3>Ekran \u00d6zellikleri<\/h3>\n<table>\n<tbody>\n<tr>\n<td class=\"baslik\">Ekran Boyutu<\/td>\n<td>15.0 &#8211; 15.6 inc<\/td>\n<\/tr>\n<tr>\n<td class=\"baslik\">Dokunmatik Ekran<\/td>\n<td>Yok<\/td>\n<\/tr>\n<tr>\n<td class=\"baslik\">\u00c7\u00f6z\u00fcn\u00fcrl\u00fck Bi\u00e7imi<\/td>\n<td>Full HD<\/td>\n<\/tr>\n<tr>\n<td class=\"baslik\">\u00c7\u00f6z\u00fcn\u00fcrl\u00fck<\/td>\n<td>1920 x 1200<\/td>\n<\/tr>\n<tr>\n<td class=\"baslik\">Ekran \u00d6zelli\u011fi<\/td>\n<td>LED<\/td>\n<\/tr>\n<tr>\n<td class=\"baslik\">Yenileme H\u0131z\u0131<\/td>\n<td>60 Hz<\/td>\n<\/tr>\n<\/tbody>\n<\/table>\n<\/div>\n<div class=\"extra_spec\">\n<h3>Ba\u011flant\u0131lar<\/h3>\n<table>\n<tbody>\n<tr>\n<td class=\"baslik\">Wi-Fi<\/td>\n<td>802.11ac<\/td>\n<\/tr>\n<tr>\n<td class=\"baslik\">Bluetooth<\/td>\n<td>Versiyon 5.0<\/td>\n<\/tr>\n<tr>\n<td class=\"baslik\">Ethernet<\/td>\n<td>Gigabit (1000 Mbps)<\/td>\n<\/tr>\n<tr>\n<td class=\"baslik\">Hdm\u0131<\/td>\n<td>Versiyon 1.4<\/td>\n<\/tr>\n<tr>\n<td class=\"baslik\">Video Portu<\/td>\n<td>Var<\/td>\n<\/tr>\n<tr>\n<td class=\"baslik\">TPM<\/td>\n<td>Var<\/td>\n<\/tr>\n<tr>\n<td class=\"baslik\">Type-C<\/td>\n<td>1<\/td>\n<\/tr>\n<tr>\n<td class=\"baslik\">Usb 2.0<\/td>\n<td>1<\/td>\n<\/tr>\n<tr>\n<td class=\"baslik\">Usb 3.0<\/td>\n<td>Yok<\/td>\n<\/tr>\n<tr>\n<td class=\"baslik\">Usb 3.1<\/td>\n<td>Yok<\/td>\n<\/tr>\n<tr>\n<td class=\"baslik\">Usb 3.2<\/td>\n<td>1<\/td>\n<\/tr>\n<tr>\n<td class=\"baslik\">Kart Okuyucu<\/td>\n<td>Yok<\/td>\n<\/tr>\n<\/tbody>\n<\/table>\n<\/div>\n<div class=\"extra_spec\">\n<h3>Dahili \u00d6zellikler<\/h3>\n<table>\n<tbody>\n<tr>\n<td class=\"baslik\">\u0130\u015fletim Sistemi<\/td>\n<td>Free Dos<\/td>\n<\/tr>\n<tr>\n<td class=\"baslik\">Webcam<\/td>\n<td>720p HD 30fps<\/td>\n<\/tr>\n<tr>\n<td class=\"baslik\">Ses<\/td>\n<td>2 hoparl\u00f6r<\/td>\n<\/tr>\n<tr>\n<td class=\"baslik\">Optik Okuyucu<\/td>\n<td>Yok<\/td>\n<\/tr>\n<tr>\n<td class=\"baslik\">Touchpad<\/td>\n<td>\u00c7oklu dokunmatik harekete duyarl\u0131<\/td>\n<\/tr>\n<tr>\n<td class=\"baslik\">Klavye D\u00fczeni<\/td>\n<td>Numerik Q TR<\/td>\n<\/tr>\n<tr>\n<td class=\"baslik\">Klavye \u00d6zelli\u011fi<\/td>\n<td>Hafif kavisli tu\u015flar<\/td>\n<\/tr>\n<tr>\n<td class=\"baslik\">Pil Teknolojisi<\/td>\n<td>2 h\u00fccreli pil<\/td>\n<\/tr>\n<tr>\n<td class=\"baslik\">Garanti Tipi<\/td>\n<td>Resmi Yetkili Teknik Servis<\/td>\n<\/tr>\n<\/tbody>\n<\/table>\n<\/div>\n<div class=\"extra_spec\">\n<h3>Fiziksel \u00d6zellikler<\/h3>\n<table>\n<tbody>\n<tr>\n<td class=\"baslik\">Malzeme<\/td>\n<td>Alt kasa plastik, \u00fcst kasa al\u00fcminyum<\/td>\n<\/tr>\n<tr>\n<td class=\"baslik\">Renk<\/td>\n<td>Siyah<\/td>\n<\/tr>\n<tr>\n<td class=\"baslik\">Paket \u0130\u00e7eri\u011fi<\/td>\n<td>Notebook, \u015earj Aleti<\/td>\n<\/tr>\n<tr>\n<td class=\"baslik\">A\u011f\u0131rl\u0131k<\/td>\n<td>1 kg &#8211; 2 kg<\/td>\n<\/tr>\n<\/tbody>\n<\/table>\n<\/div>\n<\/div>\n<div class=\"urun_ozellikler\">\n<table>\n<tbody>\n<tr>\n<th colspan=\"2\">Di\u011fer \u00d6zellikler<\/th>\n<\/tr>\n<tr>\n<td class=\"baslik\">Model Kodu<\/td>\n<td>82KB00CBTX<\/td>\n<\/tr>\n<tr>\n<td class=\"baslik\">Marka<\/td>\n<td>Lenovo<\/td>\n<\/tr>\n<tr>\n<td class=\"baslik\">\u00c7ok Satan<\/td>\n<td>Evet<\/td>\n<\/tr>\n<tr>\n<td class=\"baslik\">Garanti (Y\u0131l)<\/td>\n<td>2<\/td>\n<\/tr>\n<\/tbody>\n<\/table>\n<\/div>\n","protected":false},"excerpt":{"rendered":"<table class=\"product-detail\" border=\"0\" width=\"100%\" cellspacing=\"0\" cellpadding=\"0\">\n<tbody>\n<tr>\n<td class=\"product-detail-02\" width=\"34%\">\u0130\u015flemci:<\/td>\n<td width=\"66%\">\u00a0INTEL<\/td>\n<\/tr>\n<tr>\n<td class=\"product-detail-02\" width=\"34%\">\u0130\u015flemci Tipi:<\/td>\n<td width=\"66%\">\u00a0INTEL CORE I7<\/td>\n<\/tr>\n<tr>\n<td class=\"product-detail-02\" width=\"34%\">Bellek:<\/td>\n<td width=\"66%\">\u00a024 GB<\/td>\n<\/tr>\n<tr>\n<td class=\"product-detail-02\" width=\"34%\">Depolama Alan\u0131 SSD:<\/td>\n<td width=\"66%\">\u00a0512 GB<\/td>\n<\/tr>\n<tr>\n<td class=\"product-detail-02\" width=\"34%\">Ekran Kart\u0131 Tipi:<\/td>\n<td width=\"66%\">\u00a0PAYLASIMLI<\/td>\n<\/tr>\n<tr>\n<td class=\"product-detail-02\" width=\"34%\">Ekran Kart\u0131 GPU:<\/td>\n<td width=\"66%\">\u00a0INTEL Dahili GPU<\/td>\n<\/tr>\n<tr>\n<td class=\"product-detail-02\" width=\"34%\">Ekran Kart\u0131 Bellek:<\/td>\n<td width=\"66%\">\u00a0PAYLASIMLI<\/td>\n<\/tr>\n<tr>\n<td class=\"product-detail-02\" width=\"34%\">Ekran Boyutu:<\/td>\n<td width=\"66%\">\u00a015,6 in\u00e7<\/td>\n<\/tr>\n<tr>\n<td class=\"product-detail-02\" width=\"34%\">Ekran \u00c7\u00f6z\u00fcn\u00fcrl\u00fc\u011f\u00fc:<\/td>\n<td width=\"66%\">\u00a01920X1080<\/td>\n<\/tr>\n<tr>\n<td class=\"product-detail-02\" width=\"34%\">\u0130\u015fletim Sistemi:<\/td>\n<td width=\"66%\">\u00a0FREE DOS<\/td>\n<\/tr>\n<\/tbody>\n<\/table>\n","protected":false},"featured_media":755,"template":"","meta":{"om_disable_all_campaigns":false,"_monsterinsights_skip_tracking":false,"_monsterinsights_sitenote_active":false,"_monsterinsights_sitenote_note":"","_monsterinsights_sitenote_category":0},"product_cat":[201],"product_tag":[],"class_list":{"0":"post-754","1":"product","2":"type-product","3":"status-publish","4":"has-post-thumbnail","6":"product_cat-notebooklar","7":"thunk-woo-product-list","8":"opn-qv-enable","9":"top-store-woo-hover-zoom","10":"top-store-single-product-tab-horizontal","11":"top-store-shadow-","12":"top-store-shadow-hover-","14":"first","15":"instock","16":"taxable","17":"shipping-taxable","18":"product-type-simple"},"aioseo_notices":[],"_links":{"self":[{"href":"https:\/\/bilginteknoloji.com\/woo\/wp-json\/wp\/v2\/product\/754","targetHints":{"allow":["GET"]}}],"collection":[{"href":"https:\/\/bilginteknoloji.com\/woo\/wp-json\/wp\/v2\/product"}],"about":[{"href":"https:\/\/bilginteknoloji.com\/woo\/wp-json\/wp\/v2\/types\/product"}],"wp:featuredmedia":[{"embeddable":true,"href":"https:\/\/bilginteknoloji.com\/woo\/wp-json\/wp\/v2\/media\/755"}],"wp:attachment":[{"href":"https:\/\/bilginteknoloji.com\/woo\/wp-json\/wp\/v2\/media?parent=754"}],"wp:term":[{"taxonomy":"product_cat","embeddable":true,"href":"https:\/\/bilginteknoloji.com\/woo\/wp-json\/wp\/v2\/product_cat?post=754"},{"taxonomy":"product_tag","embeddable":true,"href":"https:\/\/bilginteknoloji.com\/woo\/wp-json\/wp\/v2\/product_tag?post=754"}],"curies":[{"name":"wp","href":"https:\/\/api.w.org\/{rel}","templated":true}]}}