{"id":698,"date":"2024-08-13T17:57:55","date_gmt":"2024-08-13T14:57:55","guid":{"rendered":"https:\/\/bilginteknoloji.com\/woo\/?post_type=product&#038;p=698"},"modified":"2024-08-13T17:57:56","modified_gmt":"2024-08-13T14:57:56","slug":"lenovo-82tt008ptx-v15-g3-iap-i5-1235u-156-fhd-16gb-ram-512gb-ssd-paylasimli-ekran-karti-free-dos-notebook","status":"publish","type":"product","link":"https:\/\/bilginteknoloji.com\/woo\/urun\/lenovo-82tt008ptx-v15-g3-iap-i5-1235u-156-fhd-16gb-ram-512gb-ssd-paylasimli-ekran-karti-free-dos-notebook\/","title":{"rendered":"LENOVO 82TT008PTX, V15 G3 IAP, i5-1235U, 15,6&#8243; FHD, 16Gb Ram, 512Gb SSD, Payla\u015f\u0131ml\u0131 Ekran Kart\u0131, Free Dos Notebook"},"content":{"rendered":"<table id=\"as_SpecData\" class=\"SpecValueTable\">\n<tbody>\n<tr class=\"structureTitleTR\">\n<td class=\"structureTitle\" colspan=\"2\">VER\u0130M<\/td>\n<\/tr>\n<tr class=\"as_level2\">\n<td>\u0130\u015flemci<\/p>\n<div class=\"icon_infoNote\"><\/div>\n<\/td>\n<td class=\"alignleft\">\n<div class=\"rightValue\">Intel\u00ae Core\u2122 i5-1235U, 10C (2P + 8E) \/ 12T, P-core 1.3 \/ 4.4GHz, E-core 0.9 \/ 3.3GHz, 12MB<\/div>\n<\/td>\n<\/tr>\n<tr class=\"as_level2\">\n<td>Grafik<\/p>\n<div class=\"icon_infoNote\"><\/div>\n<\/td>\n<td class=\"alignleft\">\n<div class=\"rightValue\">Entegre Intel\u00ae Iris\u00ae Xe Grafikleri<\/div>\n<\/td>\n<\/tr>\n<tr class=\"as_level2\">\n<td>yonga seti<\/td>\n<td class=\"alignleft\">\n<div class=\"rightValue\">Intel\u00ae SoC Platformu<\/div>\n<\/td>\n<\/tr>\n<tr class=\"as_level2\">\n<td>Haf\u0131za<\/td>\n<td class=\"alignleft\">\n<div class=\"rightValue\">8GB Lehimli DDR4-3200 + 8GB SO-DIMM DDR4-3200<\/div>\n<\/td>\n<\/tr>\n<tr class=\"as_level2\">\n<td>Bellek Yuvalar\u0131<\/td>\n<td class=\"alignleft\">\n<div class=\"rightValue\">Sistem kart\u0131na lehimlenmi\u015f bir bellek, bir DDR4 SO-DIMM yuvas\u0131, \u00e7ift kanal uyumlu<\/div>\n<\/td>\n<\/tr>\n<tr class=\"as_level2\">\n<td>Maksimum Bellek<\/td>\n<td class=\"alignleft\">\n<div class=\"rightValue\">16 GBa kadar (8 GB lehimli + 8 GB SO-DIMM) DDR4-3200 teklifi<\/div>\n<\/td>\n<\/tr>\n<tr class=\"as_level2\">\n<td>Depolamak<\/td>\n<td class=\"alignleft\">\n<div class=\"rightValue\">512 GB SSD M.2 2242 PCIe\u00ae 4.0&#215;4 NVMe\u00ae<\/div>\n<\/td>\n<\/tr>\n<tr class=\"as_level2\">\n<td>Depolama Deste\u011fi<\/p>\n<div class=\"icon_infoNote\"><\/div>\n<\/td>\n<td class=\"alignleft\">\n<div class=\"rightValue\">38 Wh pile sahip modeller: iki adede kadar s\u00fcr\u00fcc\u00fc, 1x 2,5&#8243; HDD + 1x M.2 SSD \u2022 2,5&#8243; HDD, 1 TBa kadar \u2022 M.2 2242 SSD, 512 GBa kadar<\/div>\n<\/td>\n<\/tr>\n<tr class=\"as_level2\">\n<td>Depolama Yuvas\u0131<\/td>\n<td class=\"alignleft\">\n<div class=\"rightValue\">38 Wh pile sahip modeller: bir adet 2,5&#8243; s\u00fcr\u00fcc\u00fc yuvas\u0131 + bir adet M.2 yuvas\u0131 \u2022 Bir adet 2,5&#8243; SATA HDD yuvas\u0131 \u2022 Bir adet M.2 2280 PCIe\u00ae 4.0 x4 yuvas\u0131<\/div>\n<\/td>\n<\/tr>\n<tr class=\"as_level2\">\n<td>Kart okuyucu<\/td>\n<td class=\"alignleft\">\n<div class=\"rightValue\">Hi\u00e7biri<\/div>\n<\/td>\n<\/tr>\n<tr class=\"as_level2\">\n<td>Optik<\/td>\n<td class=\"alignleft\">\n<div class=\"rightValue\">Hi\u00e7biri<\/div>\n<\/td>\n<\/tr>\n<tr class=\"as_level2\">\n<td>Ses \u00c7ipi<\/td>\n<td class=\"alignleft\">\n<div class=\"rightValue\">Y\u00fcksek \u00c7\u00f6z\u00fcn\u00fcrl\u00fckl\u00fc (HD) Ses, Realtek\u00ae ALC3287 kodek<\/div>\n<\/td>\n<\/tr>\n<tr class=\"as_level2\">\n<td>Konu\u015fmac\u0131lar<\/td>\n<td class=\"alignleft\">\n<div class=\"rightValue\">Stereo hoparl\u00f6rler, 1,5 W x2, Dolby\u00ae Audio\u2122<\/div>\n<\/td>\n<\/tr>\n<tr class=\"as_level2\">\n<td>Kamera<\/td>\n<td class=\"alignleft\">\n<div class=\"rightValue\">Gizlilik Deklan\u015f\u00f6rl\u00fc HD 720p<\/div>\n<\/td>\n<\/tr>\n<tr class=\"as_level2\">\n<td>Mikrofon<\/td>\n<td class=\"alignleft\">\n<div class=\"rightValue\">2x, Dizi<\/div>\n<\/td>\n<\/tr>\n<tr class=\"as_level2\">\n<td>Pil<\/td>\n<td class=\"alignleft\">\n<div class=\"rightValue\">Entegre 38Wh<\/div>\n<\/td>\n<\/tr>\n<tr class=\"as_level2\">\n<td>Maksimum Pil \u00d6mr\u00fc<\/p>\n<div class=\"icon_infoNote\"><\/div>\n<\/td>\n<td class=\"alignleft\">\n<div class=\"rightValue\">38 Wh pile sahip modeller: MobileMark\u00ae 2018: 5,3 saat Yerel video (1080p) oynatma@150nits: 6,85 saat<\/div>\n<\/td>\n<\/tr>\n<tr class=\"as_level2\">\n<td>G\u00fc\u00e7 adapt\u00f6r\u00fc<\/p>\n<div class=\"icon_infoNote\"><\/div>\n<\/td>\n<td class=\"alignleft\">\n<div class=\"rightValue\">65W Yuvarlak U\u00e7 (3 pimli)<\/div>\n<\/td>\n<\/tr>\n<tr class=\"structureTitleTR\">\n<td class=\"structureTitle\" colspan=\"2\">TASARIM<\/td>\n<\/tr>\n<tr class=\"as_level2\">\n<td>G\u00f6r\u00fcnt\u00fclemek<\/p>\n<div class=\"icon_infoNote\"><\/div>\n<\/td>\n<td class=\"alignleft\">\n<div class=\"rightValue\">15,6&#8243; FHD (1920&#215;1080) TN 250nit Yans\u0131ma \u00d6nleyici<\/div>\n<\/td>\n<\/tr>\n<tr class=\"as_level2\">\n<td>Dokunmatik ekran<\/td>\n<td class=\"alignleft\">\n<div class=\"rightValue\">Hi\u00e7biri<\/div>\n<\/td>\n<\/tr>\n<tr class=\"as_level2\">\n<td>Tu\u015f tak\u0131m\u0131<\/td>\n<td class=\"alignleft\">\n<div class=\"rightValue\">Arkadan ayd\u0131nlatmas\u0131z, T\u00fcrk\u00e7e<\/div>\n<\/td>\n<\/tr>\n<tr class=\"as_level2\">\n<td>Kasa Rengi<\/td>\n<td class=\"alignleft\">\n<div class=\"rightValue\">i\u015f siyah\u0131<\/div>\n<\/td>\n<\/tr>\n<tr class=\"as_level2\">\n<td>Y\u00fczey \u0130\u015flem<\/td>\n<td class=\"alignleft\">\n<div class=\"rightValue\">Doku<\/div>\n<\/td>\n<\/tr>\n<tr class=\"as_level2\">\n<td>Kasa Malzemesi<\/td>\n<td class=\"alignleft\">\n<div class=\"rightValue\">PC-ABS (\u00dcst), PC-ABS (Alt)<\/div>\n<\/td>\n<\/tr>\n<tr class=\"as_level2\">\n<td>Boyutlar (GxDxY)<\/p>\n<div class=\"icon_infoNote\"><\/div>\n<\/td>\n<td class=\"alignleft\">\n<div class=\"rightValue\">359 x 236 x 19,9 mm (14,13 x 9,29 x 0,78 in\u00e7)<\/div>\n<\/td>\n<\/tr>\n<tr class=\"as_level2\">\n<td>A\u011f\u0131rl\u0131k<\/p>\n<div class=\"icon_infoNote\"><\/div>\n<\/td>\n<td class=\"alignleft\">\n<div class=\"rightValue\">1,7 kgdan (3,75 lb) ba\u015flayan a\u011f\u0131rl\u0131k<\/div>\n<\/td>\n<\/tr>\n<tr class=\"structureTitleTR\">\n<td class=\"structureTitle\" colspan=\"2\">YAZILIM<\/td>\n<\/tr>\n<tr class=\"as_level2\">\n<td>\u0130\u015fletim sistemi<\/p>\n<div class=\"icon_infoNote\"><\/div>\n<\/td>\n<td class=\"alignleft\">\n<div class=\"rightValue\">Hi\u00e7biri<\/div>\n<\/td>\n<\/tr>\n<tr class=\"as_level2\">\n<td>Paket yaz\u0131l\u0131m<\/td>\n<td class=\"alignleft\">\n<div class=\"rightValue\">Hi\u00e7biri<\/div>\n<\/td>\n<\/tr>\n<tr class=\"structureTitleTR\">\n<td class=\"structureTitle\" colspan=\"2\">BA\u011eLANTI<\/td>\n<\/tr>\n<tr class=\"as_level2\">\n<td>Ethernet<\/td>\n<td class=\"alignleft\">\n<div class=\"rightValue\">100\/1000M (RJ-45)<\/div>\n<\/td>\n<\/tr>\n<tr class=\"as_level2\">\n<td>WLAN + Bluetooth<\/p>\n<div class=\"icon_infoNote\"><\/div>\n<\/td>\n<td class=\"alignleft\">\n<div class=\"rightValue\">11ac 2&#215;2 + BT5.1<\/div>\n<\/td>\n<\/tr>\n<tr class=\"as_level2\">\n<td>Standart Ba\u011flant\u0131 Noktalar\u0131<\/td>\n<td class=\"alignleft\">\n<div class=\"rightValue\">\n<ul class=\"singleAttrValue\">\n<li>1 adet USB 2.0<\/li>\n<li>1 adet USB 3.2 Gen 1<\/li>\n<li>1x USB-C\u00ae 3.2 Gen 1 (veri aktar\u0131m\u0131n\u0131, Power Delivery 3.0 ve DisplayPort\u2122 1.2yi destekler)<\/li>\n<li>1x HDMI\u00ae 1.4b<\/li>\n<li>1 adet Ethernet (RJ-45)<\/li>\n<li>1x Kulakl\u0131k \/ mikrofon kombo jak\u0131 (3,5 mm)<\/li>\n<li>1x G\u00fc\u00e7 konekt\u00f6r\u00fc<\/li>\n<\/ul>\n<\/div>\n<\/td>\n<\/tr>\n<tr class=\"as_level2\">\n<td>G\u00fcvenlik \u00c7ipi<\/td>\n<td class=\"alignleft\">\n<div class=\"rightValue\">Donan\u0131m Yaz\u0131l\u0131m\u0131 TPM 2.0 Etkin<\/div>\n<\/td>\n<\/tr>\n<tr class=\"as_level2\">\n<td>Parmak izi okuyucu<\/td>\n<td class=\"alignleft\">\n<div class=\"rightValue\">Hi\u00e7biri<\/div>\n<\/td>\n<\/tr>\n<tr class=\"as_level2\">\n<td>Fiziksel Kilitler<\/td>\n<td class=\"alignleft\">\n<div class=\"rightValue\">Kensington\u00ae Nano G\u00fcvenlik Yuvas\u0131\u2122, 2,5 x 6 mm<\/div>\n<\/td>\n<\/tr>\n<tr class=\"as_level2\">\n<td>Di\u011fer G\u00fcvenlik<\/td>\n<td class=\"alignleft\">\n<div class=\"rightValue\">Kamera gizlilik deklan\u015f\u00f6r\u00fc<\/div>\n<\/td>\n<\/tr>\n<tr class=\"structureTitleTR\">\n<td class=\"structureTitle\" colspan=\"2\">H\u0130ZMET<\/td>\n<\/tr>\n<tr class=\"as_level2\">\n<td>Temel Garanti<\/td>\n<td class=\"alignleft\">\n<div class=\"rightValue\">2 y\u0131ll\u0131k, Kurye veya Elden Teslim<\/div>\n<\/td>\n<\/tr>\n<tr class=\"as_level2\">\n<td>Y\u00fckseltme Dahil<\/td>\n<td class=\"alignleft\">\n<div class=\"rightValue\">Hi\u00e7biri<\/div>\n<\/td>\n<\/tr>\n<tr class=\"structureTitleTR\">\n<td class=\"structureTitle\" colspan=\"2\">AKSESUARLAR<\/td>\n<\/tr>\n<tr class=\"as_level2\">\n<td>Birlikte Verilen Aksesuarlar<\/td>\n<td class=\"alignleft\">\n<div class=\"rightValue\">Hi\u00e7biri<\/div>\n<\/td>\n<\/tr>\n<tr class=\"structureTitleTR\">\n<td class=\"structureTitle\" colspan=\"2\">SERT\u0130F\u0130KALAR<\/td>\n<\/tr>\n<tr class=\"as_level2 as_body_row_bc\">\n<td>Ye\u015fil Sertifikalar<\/p>\n<div class=\"icon_infoNote\"><\/div>\n<\/td>\n<td class=\"alignleft\">\n<div class=\"rightValue\">\n<ul class=\"singleAttrValue\">\n<li>EPEAT\u2122 G\u00fcm\u00fc\u015f Kay\u0131tl\u0131<\/li>\n<li>ENERGY STAR\u00ae 8.0<\/li>\n<li>ErP Lot 3<\/li>\n<li>RoHS uyumlu<\/li>\n<\/ul>\n<\/div>\n<\/td>\n<\/tr>\n<tr class=\"as_level2\">\n<td>Di\u011fer Sertifikalar<\/td>\n<td class=\"alignleft\">\n<div class=\"rightValue\">T\u00dcV Rheinland\u00ae D\u00fc\u015f\u00fck Mavi I\u015f\u0131k (Yaz\u0131l\u0131m \u00c7\u00f6z\u00fcm\u00fc)<\/div>\n<\/td>\n<\/tr>\n<tr class=\"as_level2\">\n<td>Mil-Spec Testi<\/td>\n<td class=\"alignleft\">\n<div class=\"rightValue\">MIL-STD-810H askeri testi ge\u00e7ti<\/div>\n<\/td>\n<\/tr>\n<\/tbody>\n<\/table>\n","protected":false},"excerpt":{"rendered":"<table class=\"product-detail\" border=\"0\" width=\"100%\" cellspacing=\"0\" cellpadding=\"0\">\n<tbody>\n<tr>\n<td class=\"product-detail-02\" width=\"34%\">\u0130\u015flemci:<\/td>\n<td width=\"66%\">\u00a0INTEL<\/td>\n<\/tr>\n<tr>\n<td class=\"product-detail-02\" width=\"34%\">\u0130\u015flemci Tipi:<\/td>\n<td width=\"66%\">\u00a0INTEL CORE I5<\/td>\n<\/tr>\n<tr>\n<td class=\"product-detail-02\" width=\"34%\">Bellek:<\/td>\n<td width=\"66%\">\u00a016 GB<\/td>\n<\/tr>\n<tr>\n<td class=\"product-detail-02\" width=\"34%\">Depolama Alan\u0131 SSD:<\/td>\n<td width=\"66%\">\u00a0512 GB<\/td>\n<\/tr>\n<tr>\n<td class=\"product-detail-02\" width=\"34%\">Ekran Kart\u0131 Tipi:<\/td>\n<td width=\"66%\">\u00a0PAYLASIMLI<\/td>\n<\/tr>\n<tr>\n<td class=\"product-detail-02\" width=\"34%\">Ekran Kart\u0131 GPU:<\/td>\n<td width=\"66%\">\u00a0INTEL Dahili GPU<\/td>\n<\/tr>\n<tr>\n<td class=\"product-detail-02\" width=\"34%\">Ekran Kart\u0131 Bellek:<\/td>\n<td width=\"66%\">\u00a0PAYLASIMLI<\/td>\n<\/tr>\n<tr>\n<td class=\"product-detail-02\" width=\"34%\">Ekran Boyutu:<\/td>\n<td width=\"66%\">\u00a015,6 in\u00e7<\/td>\n<\/tr>\n<tr>\n<td class=\"product-detail-02\" width=\"34%\">Ekran \u00c7\u00f6z\u00fcn\u00fcrl\u00fc\u011f\u00fc:<\/td>\n<td width=\"66%\">\u00a01920X1080<\/td>\n<\/tr>\n<tr>\n<td class=\"product-detail-02\" width=\"34%\">\u0130\u015fletim Sistemi:<\/td>\n<td width=\"66%\">\u00a0FREE DOS<\/td>\n<\/tr>\n<\/tbody>\n<\/table>\n","protected":false},"featured_media":699,"template":"","meta":{"om_disable_all_campaigns":false,"_monsterinsights_skip_tracking":false,"_monsterinsights_sitenote_active":false,"_monsterinsights_sitenote_note":"","_monsterinsights_sitenote_category":0},"product_cat":[201],"product_tag":[],"class_list":{"0":"post-698","1":"product","2":"type-product","3":"status-publish","4":"has-post-thumbnail","6":"product_cat-notebooklar","7":"thunk-woo-product-list","8":"opn-qv-enable","9":"top-store-woo-hover-zoom","10":"top-store-single-product-tab-horizontal","11":"top-store-shadow-","12":"top-store-shadow-hover-","14":"first","15":"instock","16":"taxable","17":"shipping-taxable","18":"product-type-simple"},"aioseo_notices":[],"_links":{"self":[{"href":"https:\/\/bilginteknoloji.com\/woo\/wp-json\/wp\/v2\/product\/698","targetHints":{"allow":["GET"]}}],"collection":[{"href":"https:\/\/bilginteknoloji.com\/woo\/wp-json\/wp\/v2\/product"}],"about":[{"href":"https:\/\/bilginteknoloji.com\/woo\/wp-json\/wp\/v2\/types\/product"}],"wp:featuredmedia":[{"embeddable":true,"href":"https:\/\/bilginteknoloji.com\/woo\/wp-json\/wp\/v2\/media\/699"}],"wp:attachment":[{"href":"https:\/\/bilginteknoloji.com\/woo\/wp-json\/wp\/v2\/media?parent=698"}],"wp:term":[{"taxonomy":"product_cat","embeddable":true,"href":"https:\/\/bilginteknoloji.com\/woo\/wp-json\/wp\/v2\/product_cat?post=698"},{"taxonomy":"product_tag","embeddable":true,"href":"https:\/\/bilginteknoloji.com\/woo\/wp-json\/wp\/v2\/product_tag?post=698"}],"curies":[{"name":"wp","href":"https:\/\/api.w.org\/{rel}","templated":true}]}}