{"id":667,"date":"2024-08-13T17:13:28","date_gmt":"2024-08-13T14:13:28","guid":{"rendered":"https:\/\/bilginteknoloji.com\/woo\/?post_type=product&#038;p=667"},"modified":"2024-08-13T17:13:29","modified_gmt":"2024-08-13T14:13:29","slug":"intel-i9-13900k-24-core-3-00ghz-36mb-125w-lga1700-13-nesil-box-grafik-kart-var-fan-yok","status":"publish","type":"product","link":"https:\/\/bilginteknoloji.com\/woo\/urun\/intel-i9-13900k-24-core-3-00ghz-36mb-125w-lga1700-13-nesil-box-grafik-kart-var-fan-yok\/","title":{"rendered":"INTEL i9-13900K 24 Core, 3.00Ghz, 36Mb, 125W, LGA1700, 13.Nesil, BOX, (Grafik Kart VAR, Fan YOK)"},"content":{"rendered":"<table border=\"0\" width=\"100%\" cellspacing=\"0\" cellpadding=\"0\">\n<tbody>\n<tr>\n<td class=\"urundetayaciklamasi\">\n<div id=\"divAciklama\" class=\"container\">\n<h2><strong>Intel Core i9 13900K 3.0GHz 36MB \u00d6nbellek 24 \u00c7ekirdek 1700 10nm \u0130\u015flemci<\/strong><\/h2>\n<p>&nbsp;<\/p>\n<p>Ayn\u0131 anda liderlik basamaklar\u0131n\u0131 t\u0131rman\u0131n, d\u00fcnyalar olu\u015fturun ve zorlu hesaplar\u0131n \u00fcstesinden gelin. 13. Nesil Intel i\u015flemcilerle, yapt\u0131\u011f\u0131n\u0131z her \u015fey i\u00e7in yeni nesil performans elde edin.<\/p>\n<p>&nbsp;<\/p>\n<p><img decoding=\"async\" src=\"https:\/\/www.detayresimler.com\/urun\/I\/I9-13900K.jpg\" alt=\"\" \/><\/p>\n<p>&nbsp;<\/p>\n<h3>Performans Hibrit Mimarisini Geli\u015ftirme<\/h3>\n<p>13. Nesil Intel Core\u00ae i\u015flemciler, Intel\u00ae Thread Director ile ak\u0131ll\u0131 bir \u015fekilde y\u00f6nlendirilen i\u015f y\u00fckleri ile birlikte,1 sekiz adede kadar Performance-core (P-core) ve onalt\u0131 adede kadar Efficient-core (E-core) sayesinde performans hibrit mimarisini geli\u015ftiriyor<\/p>\n<p>&nbsp;<\/p>\n<p><img decoding=\"async\" src=\"https:\/\/www.detayresimler.com\/urun\/I\/I9-13900K_1.jpg\" alt=\"\" \/><\/p>\n<p>&nbsp;<\/p>\n<h3>Oyununuza Level Atlat\u0131n ve Zirvenin \u00d6tesine Ge\u00e7in<\/h3>\n<p>Modern oyun, canl\u0131 yay\u0131n ve kay\u0131t i\u00e7in tasarlanan, sekiz adede kadar Performance-core ve 16 adede kadar Efficient-core \u00e7ekirde\u011fine sahip Intel performans hibrit mimarisi,1 t\u00fcm\u00fcn\u00fc m\u00fcmk\u00fcn k\u0131l\u0131yor.<\/p>\n<p>&nbsp;<\/p>\n<p><img decoding=\"async\" src=\"https:\/\/www.detayresimler.com\/urun\/I\/I9-13900K_2.jpg\" alt=\"\" \/><\/p>\n<p>&nbsp;<\/p>\n<h3>Kolay \u00c7oklu G\u00f6rev Y\u00fcr\u00fctme<\/h3>\n<p>Ne t\u00fcr bir i\u00e7erik \u00fcreticisi olursan\u0131z olun, \u00fcst\u00fcn performans\u0131 ile canl\u0131 yay\u0131n yapman\u0131za, internette gezinmenize, d\u00fczenleme yapman\u0131za, video sohbetlerinize ve i\u015finizi g\u00f6rmenize olanak tan\u0131r. Kemerlerinizi ba\u011flay\u0131n; \u00e7\u00fcnk\u00fc \u00e7oklu g\u00f6rev y\u00fcr\u00fctmek 13. Nesil Intel Core i\u015flemciler sayesinde sizi yava\u015flatmaz.<\/p>\n<p>&nbsp;<\/p>\n<p><img decoding=\"async\" src=\"https:\/\/www.detayresimler.com\/urun\/I\/I9-13900K_3.jpg\" alt=\"\" \/><\/p>\n<p>&nbsp;<\/p>\n<h3>Sekt\u00f6rde Lider H\u0131z A\u015f\u0131rtma<\/h3>\n<p>Yeni ba\u015flayanlardan uzmanlara kadar t\u00fcm seviyeler i\u00e7in harika bir h\u0131z a\u015f\u0131rtma deneyimi. \u00c7arpan kilitsiz bir Intel Core i\u015flemci ile birlikte kullan\u0131lan Intel\u00ae Extreme Tuning Utility, h\u0131z a\u015f\u0131rtma i\u015flemini basit bir hale getirir.<\/p>\n<p>&nbsp;<\/p>\n<p><img decoding=\"async\" src=\"https:\/\/www.detayresimler.com\/urun\/I\/I9-13900K_4.jpg\" alt=\"\" \/><\/p>\n<\/div>\n<\/td>\n<\/tr>\n<tr>\n<td class=\"function\"><\/td>\n<\/tr>\n<\/tbody>\n<\/table>\n","protected":false},"excerpt":{"rendered":"<p>Intel Core i9 13900K 3.0GHz 36MB \u00d6nbellek 24 \u00c7ekirdek 1700 10nm \u0130\u015flemci &nbsp; Ayn\u0131 anda liderlik basamaklar\u0131n\u0131 t\u0131rman\u0131n, d\u00fcnyalar olu\u015fturun ve zorlu hesaplar\u0131n \u00fcstesinden gelin. 13. Nesil Intel i\u015flemcilerle, yapt\u0131\u011f\u0131n\u0131z her \u015fey i\u00e7in yeni nesil performans elde edin. &nbsp; &nbsp; Performans Hibrit Mimarisini Geli\u015ftirme 13. Nesil Intel Core\u00ae i\u015flemciler, Intel\u00ae Thread Director ile ak\u0131ll\u0131 bir &hellip;<\/p>\n<p class=\"read-more\"> <a class=\" thunk-readmore button \" href=\"https:\/\/bilginteknoloji.com\/woo\/urun\/intel-i9-13900k-24-core-3-00ghz-36mb-125w-lga1700-13-nesil-box-grafik-kart-var-fan-yok\/\"> <span class=\"screen-reader-text\">INTEL i9-13900K 24 Core, 3.00Ghz, 36Mb, 125W, LGA1700, 13.Nesil, BOX, (Grafik Kart VAR, Fan YOK)<\/span>Read More<\/a><\/p>\n","protected":false},"featured_media":668,"template":"","meta":{"om_disable_all_campaigns":false,"_monsterinsights_skip_tracking":false,"_monsterinsights_sitenote_active":false,"_monsterinsights_sitenote_note":"","_monsterinsights_sitenote_category":0},"product_cat":[66],"product_tag":[],"class_list":{"0":"post-667","1":"product","2":"type-product","3":"status-publish","4":"has-post-thumbnail","6":"product_cat-intel-islemciler","7":"thunk-woo-product-list","8":"opn-qv-enable","9":"top-store-woo-hover-zoom","10":"top-store-single-product-tab-horizontal","11":"top-store-shadow-","12":"top-store-shadow-hover-","14":"first","15":"instock","16":"taxable","17":"shipping-taxable","18":"product-type-simple"},"aioseo_notices":[],"_links":{"self":[{"href":"https:\/\/bilginteknoloji.com\/woo\/wp-json\/wp\/v2\/product\/667","targetHints":{"allow":["GET"]}}],"collection":[{"href":"https:\/\/bilginteknoloji.com\/woo\/wp-json\/wp\/v2\/product"}],"about":[{"href":"https:\/\/bilginteknoloji.com\/woo\/wp-json\/wp\/v2\/types\/product"}],"wp:featuredmedia":[{"embeddable":true,"href":"https:\/\/bilginteknoloji.com\/woo\/wp-json\/wp\/v2\/media\/668"}],"wp:attachment":[{"href":"https:\/\/bilginteknoloji.com\/woo\/wp-json\/wp\/v2\/media?parent=667"}],"wp:term":[{"taxonomy":"product_cat","embeddable":true,"href":"https:\/\/bilginteknoloji.com\/woo\/wp-json\/wp\/v2\/product_cat?post=667"},{"taxonomy":"product_tag","embeddable":true,"href":"https:\/\/bilginteknoloji.com\/woo\/wp-json\/wp\/v2\/product_tag?post=667"}],"curies":[{"name":"wp","href":"https:\/\/api.w.org\/{rel}","templated":true}]}}