{"id":656,"date":"2024-08-13T16:41:04","date_gmt":"2024-08-13T13:41:04","guid":{"rendered":"https:\/\/bilginteknoloji.com\/woo\/?post_type=product&#038;p=656"},"modified":"2024-08-13T16:41:05","modified_gmt":"2024-08-13T13:41:05","slug":"amd-ryzen-7-8700f-8-core-410-5-00ghz-16mb-cache-65w-am5-soket-box-kutulu-grafik-kart-yok-fan-var","status":"publish","type":"product","link":"https:\/\/bilginteknoloji.com\/woo\/urun\/amd-ryzen-7-8700f-8-core-410-5-00ghz-16mb-cache-65w-am5-soket-box-kutulu-grafik-kart-yok-fan-var\/","title":{"rendered":"AMD RYZEN 7 8700F 8 Core, 4,10-5.00GHz, 16Mb Cache, 65W, AM5 Soket, BOX (Kutulu), (Grafik Kart YOK, Fan VAR)"},"content":{"rendered":"<table border=\"0\" width=\"100%\" cellspacing=\"0\" cellpadding=\"0\">\n<tbody>\n<tr>\n<td class=\"urundetayaciklamasi\">\n<h2 class=\"card-title text-center mt-10 justify-center\">AMD Ryzen 7 8700F 4.10GHz (Max 5GHz) MPK \u0130\u015flemci \u00d6zellikleri<\/h2>\n<div class=\"columns-1 md:columns-2 gap-5\">\n<div class=\"mb-7 break-inside-avoid-column text-left\">\n<p class=\"text-xl font-medium mb-1\">Genel \u00d6zellikler<\/p>\n<div class=\"bg-neutral-100 px-1 xl:px-5 py-1 shadow-sm\">\n<table class=\"w-full prose\">\n<tbody>\n<tr>\n<th class=\"text-sm lg:text-base w-28 lg:w-48\">Marka<\/th>\n<td class=\"text-sm lg:text-base break-all\">AMD<\/td>\n<\/tr>\n<tr>\n<th class=\"text-sm lg:text-base w-28 lg:w-48\">\u0130\u015flemci Modeli<\/th>\n<td class=\"text-sm lg:text-base break-all\">AMD Ryzen 7<\/td>\n<\/tr>\n<tr>\n<th class=\"text-sm lg:text-base w-28 lg:w-48\">\u0130\u015flemci H\u0131z\u0131<\/th>\n<td class=\"text-sm lg:text-base break-all\">4.1 GHz<\/td>\n<\/tr>\n<tr>\n<th class=\"text-sm lg:text-base w-28 lg:w-48\">\u0130\u015flemci Kodu<\/th>\n<td class=\"text-sm lg:text-base break-all\">Ryzen 7 8700F<\/td>\n<\/tr>\n<tr>\n<th class=\"text-sm lg:text-base w-28 lg:w-48\">\u0130\u015flemci Grafikleri<\/th>\n<td class=\"text-sm lg:text-base break-all\">Yok<\/td>\n<\/tr>\n<tr>\n<th class=\"text-sm lg:text-base w-28 lg:w-48\">Overclock<\/th>\n<td class=\"text-sm lg:text-base break-all\">Var<\/td>\n<\/tr>\n<tr>\n<th class=\"text-sm lg:text-base w-28 lg:w-48\">Turbo (Max. \u00c7al\u0131\u015fma H\u0131z\u0131)<\/th>\n<td class=\"text-sm lg:text-base break-all\">5.0 GHz<\/td>\n<\/tr>\n<tr>\n<th class=\"text-sm lg:text-base w-28 lg:w-48\">Soket Yap\u0131s\u0131<\/th>\n<td class=\"text-sm lg:text-base break-all\">AM5<\/td>\n<\/tr>\n<tr>\n<th class=\"text-sm lg:text-base w-28 lg:w-48\">\u00dcretim Tekni\u011fi<\/th>\n<td class=\"text-sm lg:text-base break-all\">TSMC 4nm FinFET<\/td>\n<\/tr>\n<tr>\n<th class=\"text-sm lg:text-base w-28 lg:w-48\">Garanti<\/th>\n<td class=\"text-sm lg:text-base break-all\">24 Ay Garanti<\/td>\n<\/tr>\n<\/tbody>\n<\/table>\n<\/div>\n<\/div>\n<div class=\"mb-7 break-inside-avoid-column text-left\">\n<p class=\"text-xl font-medium mb-1\">Performans<\/p>\n<div class=\"bg-neutral-100 px-1 xl:px-5 py-1 shadow-sm\">\n<table class=\"w-full prose\">\n<tbody>\n<tr>\n<th class=\"text-sm lg:text-base w-28 lg:w-48\">\u00c7ekirdek Say\u0131s\u0131<\/th>\n<td class=\"text-sm lg:text-base break-all\">8 \u00c7ekirdek<\/td>\n<\/tr>\n<tr>\n<th class=\"text-sm lg:text-base w-28 lg:w-48\">\u00d6n Bellek<\/th>\n<td class=\"text-sm lg:text-base break-all\">16 MB<\/td>\n<\/tr>\n<tr>\n<th class=\"text-sm lg:text-base w-28 lg:w-48\">Bellek T\u00fcrleri<\/th>\n<td class=\"text-sm lg:text-base break-all\">DDR5 5200MHz<\/td>\n<\/tr>\n<tr>\n<th class=\"text-sm lg:text-base w-28 lg:w-48\">Max. Bellek Boyutu<\/th>\n<td class=\"text-sm lg:text-base break-all\">256 Gb<\/td>\n<\/tr>\n<tr>\n<th class=\"text-sm lg:text-base w-28 lg:w-48\">G\u00fc\u00e7 T\u00fcketimi<\/th>\n<td class=\"text-sm lg:text-base break-all\">46-65W<\/td>\n<\/tr>\n<tr>\n<th class=\"text-sm lg:text-base w-28 lg:w-48\">Fan<\/th>\n<td class=\"text-sm lg:text-base break-all\">Var<\/td>\n<\/tr>\n<\/tbody>\n<\/table>\n<\/div>\n<\/div>\n<\/div>\n<\/td>\n<\/tr>\n<tr>\n<td class=\"function\"><\/td>\n<\/tr>\n<\/tbody>\n<\/table>\n","protected":false},"excerpt":{"rendered":"<p>AMD Ryzen 7 8700F 4.10GHz (Max 5GHz) MPK \u0130\u015flemci \u00d6zellikleri Genel \u00d6zellikler Marka AMD \u0130\u015flemci Modeli AMD Ryzen 7 \u0130\u015flemci H\u0131z\u0131 4.1 GHz \u0130\u015flemci Kodu Ryzen 7 8700F \u0130\u015flemci Grafikleri Yok Overclock Var Turbo (Max. \u00c7al\u0131\u015fma H\u0131z\u0131) 5.0 GHz Soket Yap\u0131s\u0131 AM5 \u00dcretim Tekni\u011fi TSMC 4nm FinFET Garanti 24 Ay Garanti Performans \u00c7ekirdek Say\u0131s\u0131 8 &hellip;<\/p>\n<p class=\"read-more\"> <a class=\" thunk-readmore button \" href=\"https:\/\/bilginteknoloji.com\/woo\/urun\/amd-ryzen-7-8700f-8-core-410-5-00ghz-16mb-cache-65w-am5-soket-box-kutulu-grafik-kart-yok-fan-var\/\"> <span class=\"screen-reader-text\">AMD RYZEN 7 8700F 8 Core, 4,10-5.00GHz, 16Mb Cache, 65W, AM5 Soket, BOX (Kutulu), (Grafik Kart YOK, Fan VAR)<\/span>Read More<\/a><\/p>\n","protected":false},"featured_media":657,"template":"","meta":{"om_disable_all_campaigns":false,"_monsterinsights_skip_tracking":false,"_monsterinsights_sitenote_active":false,"_monsterinsights_sitenote_note":"","_monsterinsights_sitenote_category":0},"product_cat":[65],"product_tag":[],"class_list":{"0":"post-656","1":"product","2":"type-product","3":"status-publish","4":"has-post-thumbnail","6":"product_cat-amd-islemciler","7":"thunk-woo-product-list","8":"opn-qv-enable","9":"top-store-woo-hover-zoom","10":"top-store-single-product-tab-horizontal","11":"top-store-shadow-","12":"top-store-shadow-hover-","14":"first","15":"instock","16":"taxable","17":"shipping-taxable","18":"product-type-simple"},"aioseo_notices":[],"_links":{"self":[{"href":"https:\/\/bilginteknoloji.com\/woo\/wp-json\/wp\/v2\/product\/656","targetHints":{"allow":["GET"]}}],"collection":[{"href":"https:\/\/bilginteknoloji.com\/woo\/wp-json\/wp\/v2\/product"}],"about":[{"href":"https:\/\/bilginteknoloji.com\/woo\/wp-json\/wp\/v2\/types\/product"}],"wp:featuredmedia":[{"embeddable":true,"href":"https:\/\/bilginteknoloji.com\/woo\/wp-json\/wp\/v2\/media\/657"}],"wp:attachment":[{"href":"https:\/\/bilginteknoloji.com\/woo\/wp-json\/wp\/v2\/media?parent=656"}],"wp:term":[{"taxonomy":"product_cat","embeddable":true,"href":"https:\/\/bilginteknoloji.com\/woo\/wp-json\/wp\/v2\/product_cat?post=656"},{"taxonomy":"product_tag","embeddable":true,"href":"https:\/\/bilginteknoloji.com\/woo\/wp-json\/wp\/v2\/product_tag?post=656"}],"curies":[{"name":"wp","href":"https:\/\/api.w.org\/{rel}","templated":true}]}}