{"id":631,"date":"2024-08-13T16:22:31","date_gmt":"2024-08-13T13:22:31","guid":{"rendered":"https:\/\/bilginteknoloji.com\/woo\/?post_type=product&#038;p=631"},"modified":"2024-08-26T14:38:12","modified_gmt":"2024-08-26T11:38:12","slug":"amd-ryzen-5-4500-6-core-360-41ghz-11mb-cache-65w-am4-soket-boxgrafik-kart-yok-fan-var","status":"publish","type":"product","link":"https:\/\/bilginteknoloji.com\/woo\/urun\/amd-ryzen-5-4500-6-core-360-41ghz-11mb-cache-65w-am4-soket-boxgrafik-kart-yok-fan-var\/","title":{"rendered":"AMD RYZEN 5 4500 6 Core, 3,60-4,1GHz, 11Mb Cache, 65W, AM4 Soket, BOX(Grafik Kart YOK, Fan VAR)"},"content":{"rendered":"<div class=\"hiddan lg:block prose prose-neutral prose-headings:text-lg prose-a:no-underline prose-em:not-italic prose-headings:font-semibold max-w-none prose-img:mx-auto overflow-hiddan\">\n<div class=\"phPart\">\n<p class=\"phHeader\">AMD Ryzen 5 4500 3.60GHz 6 \u00c7ekirdek 11MB \u00d6nbellek Soket AM4\u00a0<strong>\u0130\u015flemci<\/strong>\u00a0Genel \u00d6zellikler<\/p>\n<\/div>\n<div class=\"phPart\">\n<p class=\"phBanner\"><img decoding=\"async\" src=\"http:\/\/www.detayresimler.com\/urun\/R\/RYZ4500_1.jpg\" alt=\"AMD Ryzen 5 4500 \u0130\u015flemci\" \/><\/p>\n<\/div>\n<div class=\"phPart\"><span class=\"phSpecHeader\">Teknik \u00d6zellikler<\/span><\/p>\n<div class=\"phSpec\">\n<div>MarkaAMD<\/div>\n<div>ModelAMD Ryzen 5 4500<\/div>\n<div>\u0130\u015flemci\u00a0AilesiAMD Ryzen \u0130\u015flemciler<\/div>\n<div>\u0130\u015flemci\u00a0Hatt\u0131AMD Ryzen 5 Masa\u00fcst\u00fc \u0130\u015flemciler<\/div>\n<div>\u00c7ekirdek Say\u0131s\u01316<\/div>\n<div>\u0130\u015f Par\u00e7ac\u0131\u011f\u0131 Say\u0131s\u013112<\/div>\n<div>Temel Frekans H\u0131z\u01313.60 GHz<\/div>\n<div>Turbo Frekans H\u0131z\u01314.10 GHz<\/div>\n<div>Toplam L1 \u00d6nbellek384KB<\/div>\n<div>Toplam L2 \u00d6nbellek3MB<\/div>\n<div>Toplam L3 \u00d6nbellek8MB<\/div>\n<div>\u00c7arpan KilidiA\u00e7\u0131k<\/div>\n<div>CMOSTSMC 7nm FinFET<\/div>\n<div>SoketAM4<\/div>\n<div>PCI Express VersiyonPCIe 3.0<\/div>\n<div>TDP (Varsay\u0131lan)65W<\/div>\n<div>So\u011futucuAMD Wraith Stealth<\/div>\n<div>Maks. S\u0131cakl\u0131k (Tjmax)95\u00b0C<\/div>\n<div>\u0130\u015fletim Sistemi\u00a0Deste\u011fiWindows 11 &#8211; 64-Bit Edition, Windows 10 &#8211; 64-Bit Edition, RHEL x86 64-Bit, Ubuntu x86 64-Bit<\/div>\n<\/div>\n<\/div>\n<div class=\"phPart\"><span class=\"phSpecHeader\">Sistem Belle\u011fi<\/span><\/p>\n<div class=\"phSpec\">\n<div>Bellek Frekans\u01313200MHz<\/div>\n<div>Bellek TipiDDR4<\/div>\n<div>Bellek Kanal\u01312<\/div>\n<div>Maks. Bellek H\u0131z\u01312x1R: DDR4-3200 \/ 2x2R: DDR4-3200 \/ 4x1R: DDR4-2933 \/ 4x2R: DDR4-2667<\/div>\n<\/div>\n<\/div>\n<div class=\"phPart\"><span class=\"phSpecHeader\">Di\u011fer \u00d6zellikler<\/span><\/p>\n<div class=\"phSpec\">\n<div>Desteklenen TeknolojilerAMD StoreMI Teknolojisi, AMD &#8220;Zen 2&#8221; \u00c7ekirdek Mimarisi, AMD Ryzen VR-Ready Premium<\/div>\n<\/div>\n<\/div>\n<\/div>\n<div>\n<h2 class=\"card-title text-center mt-10 justify-center !mb-0\">AMD Ryzen 5 4500 \u0130\u015flemci \u00d6zellikleri<\/h2>\n<div class=\"prose prose-neutral max-w-none\">\n<table class=\"w-full\">\n<tbody>\n<tr class=\"odd:bg-neutral-50\">\n<th class=\"text-sm lg:text-base w-28 lg:w-48\">Marka<\/th>\n<td class=\"text-sm lg:text-base break-all\">AMD<\/td>\n<\/tr>\n<tr class=\"odd:bg-neutral-50\">\n<th class=\"text-sm lg:text-base w-28 lg:w-48\">\u0130\u015flemci Modeli<\/th>\n<td class=\"text-sm lg:text-base break-all\">AMD Ryzen 5<\/td>\n<\/tr>\n<tr class=\"odd:bg-neutral-50\">\n<th class=\"text-sm lg:text-base w-28 lg:w-48\">\u0130\u015flemci H\u0131z\u0131<\/th>\n<td class=\"text-sm lg:text-base break-all\">3.6 GHz<\/td>\n<\/tr>\n<tr class=\"odd:bg-neutral-50\">\n<th class=\"text-sm lg:text-base w-28 lg:w-48\">\u0130\u015flemci Kodu<\/th>\n<td class=\"text-sm lg:text-base break-all\">Ryzen 5 4500<\/td>\n<\/tr>\n<tr class=\"odd:bg-neutral-50\">\n<th class=\"text-sm lg:text-base w-28 lg:w-48\">Turbo (Max. \u00c7al\u0131\u015fma H\u0131z\u0131)<\/th>\n<td class=\"text-sm lg:text-base break-all\">4.10 Ghz<\/td>\n<\/tr>\n<tr class=\"odd:bg-neutral-50\">\n<th class=\"text-sm lg:text-base w-28 lg:w-48\">Soket Yap\u0131s\u0131<\/th>\n<td class=\"text-sm lg:text-base break-all\">AM4<\/td>\n<\/tr>\n<tr class=\"odd:bg-neutral-50\">\n<th class=\"text-sm lg:text-base w-28 lg:w-48\">\u00d6n Bellek<\/th>\n<td class=\"text-sm lg:text-base break-all\">11 MB<\/td>\n<\/tr>\n<tr class=\"odd:bg-neutral-50\">\n<th class=\"text-sm lg:text-base w-28 lg:w-48\">\u00c7ekirdek Say\u0131s\u0131<\/th>\n<td class=\"text-sm lg:text-base break-all\">6 \u00c7ekirdek<\/td>\n<\/tr>\n<tr class=\"odd:bg-neutral-50\">\n<th class=\"text-sm lg:text-base w-28 lg:w-48\">Sanal \u00c7ekirdek<\/th>\n<td class=\"text-sm lg:text-base break-all\">12<\/td>\n<\/tr>\n<tr class=\"odd:bg-neutral-50\">\n<th class=\"text-sm lg:text-base w-28 lg:w-48\">Overclock<\/th>\n<td class=\"text-sm lg:text-base break-all\">Var<\/td>\n<\/tr>\n<tr class=\"odd:bg-neutral-50\">\n<th class=\"text-sm lg:text-base w-28 lg:w-48\">\u00dcretim Tekni\u011fi<\/th>\n<td class=\"text-sm lg:text-base break-all\">7 nm<\/td>\n<\/tr>\n<tr class=\"odd:bg-neutral-50\">\n<th class=\"text-sm lg:text-base w-28 lg:w-48\">Max. Bellek Boyutu<\/th>\n<td class=\"text-sm lg:text-base break-all\">128 Gb<\/td>\n<\/tr>\n<tr class=\"odd:bg-neutral-50\">\n<th class=\"text-sm lg:text-base w-28 lg:w-48\">Bellek T\u00fcrleri<\/th>\n<td class=\"text-sm lg:text-base break-all\">DDR4 3200 MHz<\/td>\n<\/tr>\n<tr class=\"odd:bg-neutral-50\">\n<th class=\"text-sm lg:text-base w-28 lg:w-48\">\u0130\u015flemci Grafikleri<\/th>\n<td class=\"text-sm lg:text-base break-all\">Yok<\/td>\n<\/tr>\n<tr class=\"odd:bg-neutral-50\">\n<th class=\"text-sm lg:text-base w-28 lg:w-48\">G\u00fc\u00e7 T\u00fcketimi<\/th>\n<td class=\"text-sm lg:text-base break-all\">65 W<\/td>\n<\/tr>\n<tr class=\"odd:bg-neutral-50\">\n<th class=\"text-sm lg:text-base w-28 lg:w-48\">Fan<\/th>\n<td class=\"text-sm lg:text-base break-all\">Var<\/td>\n<\/tr>\n<tr class=\"odd:bg-neutral-50\">\n<th class=\"text-sm lg:text-base w-28 lg:w-48\">Garanti<\/th>\n<td class=\"text-sm lg:text-base break-all\">24 Ay Garanti<\/td>\n<\/tr>\n<\/tbody>\n<\/table>\n<\/div>\n<\/div>\n","protected":false},"excerpt":{"rendered":"<p>AMD Ryzen 5 4500 3.60GHz 6 \u00c7ekirdek 11MB \u00d6nbellek Soket AM4\u00a0\u0130\u015flemci\u00a0Genel \u00d6zellikler Teknik \u00d6zellikler MarkaAMD ModelAMD Ryzen 5 4500 \u0130\u015flemci\u00a0AilesiAMD Ryzen \u0130\u015flemciler \u0130\u015flemci\u00a0Hatt\u0131AMD Ryzen 5 Masa\u00fcst\u00fc \u0130\u015flemciler \u00c7ekirdek Say\u0131s\u01316 \u0130\u015f Par\u00e7ac\u0131\u011f\u0131 Say\u0131s\u013112 Temel Frekans H\u0131z\u01313.60 GHz Turbo Frekans H\u0131z\u01314.10 GHz Toplam L1 \u00d6nbellek384KB Toplam L2 \u00d6nbellek3MB Toplam L3 \u00d6nbellek8MB \u00c7arpan KilidiA\u00e7\u0131k CMOSTSMC 7nm FinFET SoketAM4 &hellip;<\/p>\n<p class=\"read-more\"> <a class=\" thunk-readmore button \" href=\"https:\/\/bilginteknoloji.com\/woo\/urun\/amd-ryzen-5-4500-6-core-360-41ghz-11mb-cache-65w-am4-soket-boxgrafik-kart-yok-fan-var\/\"> <span class=\"screen-reader-text\">AMD RYZEN 5 4500 6 Core, 3,60-4,1GHz, 11Mb Cache, 65W, AM4 Soket, BOX(Grafik Kart YOK, Fan VAR)<\/span>Read More<\/a><\/p>\n","protected":false},"featured_media":632,"template":"","meta":{"om_disable_all_campaigns":false,"_monsterinsights_skip_tracking":false,"_monsterinsights_sitenote_active":false,"_monsterinsights_sitenote_note":"","_monsterinsights_sitenote_category":0},"product_cat":[65],"product_tag":[],"class_list":{"0":"post-631","1":"product","2":"type-product","3":"status-publish","4":"has-post-thumbnail","6":"product_cat-amd-islemciler","7":"thunk-woo-product-list","8":"opn-qv-enable","9":"top-store-woo-hover-zoom","10":"top-store-single-product-tab-horizontal","11":"top-store-shadow-","12":"top-store-shadow-hover-","14":"first","15":"instock","16":"taxable","17":"shipping-taxable","18":"product-type-simple"},"aioseo_notices":[],"_links":{"self":[{"href":"https:\/\/bilginteknoloji.com\/woo\/wp-json\/wp\/v2\/product\/631","targetHints":{"allow":["GET"]}}],"collection":[{"href":"https:\/\/bilginteknoloji.com\/woo\/wp-json\/wp\/v2\/product"}],"about":[{"href":"https:\/\/bilginteknoloji.com\/woo\/wp-json\/wp\/v2\/types\/product"}],"wp:featuredmedia":[{"embeddable":true,"href":"https:\/\/bilginteknoloji.com\/woo\/wp-json\/wp\/v2\/media\/632"}],"wp:attachment":[{"href":"https:\/\/bilginteknoloji.com\/woo\/wp-json\/wp\/v2\/media?parent=631"}],"wp:term":[{"taxonomy":"product_cat","embeddable":true,"href":"https:\/\/bilginteknoloji.com\/woo\/wp-json\/wp\/v2\/product_cat?post=631"},{"taxonomy":"product_tag","embeddable":true,"href":"https:\/\/bilginteknoloji.com\/woo\/wp-json\/wp\/v2\/product_tag?post=631"}],"curies":[{"name":"wp","href":"https:\/\/api.w.org\/{rel}","templated":true}]}}