{"id":625,"date":"2024-08-13T16:19:29","date_gmt":"2024-08-13T13:19:29","guid":{"rendered":"https:\/\/bilginteknoloji.com\/woo\/?post_type=product&#038;p=625"},"modified":"2024-08-13T16:19:30","modified_gmt":"2024-08-13T13:19:30","slug":"intel-i9-13900f-24-core-2-0ghz-36mb-65w-lga1700-13-nesil-box-grafik-kart-yok-fan-var","status":"publish","type":"product","link":"https:\/\/bilginteknoloji.com\/woo\/urun\/intel-i9-13900f-24-core-2-0ghz-36mb-65w-lga1700-13-nesil-box-grafik-kart-yok-fan-var\/","title":{"rendered":"INTEL i9-13900F 24 Core, 2.0Ghz, 36Mb, 65W, LGA1700, 13.Nesil, BOX, (Grafik Kart YOK, Fan VAR)"},"content":{"rendered":"<h2 class=\"sub-title\">Intel Core i9 13900F Soket 1700 2.0GHz 36MB Cache \u0130\u015flemci Fanl\u0131 Kutulu<\/h2>\n<div class=\"teknikDetayItem islemci-turu\">\n<div class=\"t1\">\n<div class=\"urun_aciklama\">\n<div class=\"img\"><img decoding=\"async\" class=\"img-responsive\" src=\"https:\/\/www.detayresimler.com\/urun\/I\/I9-13900F.jpg\" alt=\"\" \/><br \/>\n<img decoding=\"async\" class=\"img-responsive\" src=\"https:\/\/www.detayresimler.com\/urun\/I\/I9-13900F_1.jpg\" alt=\"\" \/><br \/>\n<img decoding=\"async\" class=\"img-responsive\" src=\"https:\/\/www.detayresimler.com\/urun\/I\/I9-13900F_2.jpg\" alt=\"\" \/><br \/>\n<img decoding=\"async\" class=\"img-responsive\" src=\"https:\/\/www.detayresimler.com\/urun\/I\/I9-13900F_3.jpg\" alt=\"\" \/><\/div>\n<\/div>\n<\/div>\n<\/div>\n<h3>Performans ve Uyumluluk<\/h3>\n<div class=\"teknikDetayItem islemci-turu\">\n<div class=\"t1\">\n<div class=\"extra_specs\">\n<div class=\"extra_spec\">\n<table>\n<tbody>\n<tr>\n<td class=\"baslik\">\u0130\u015flemci T\u00fcr\u00fc<\/td>\n<td>Intel<\/td>\n<\/tr>\n<tr>\n<td class=\"baslik\">Soket Yap\u0131s\u0131<\/td>\n<td>Soket 1700<\/td>\n<\/tr>\n<tr>\n<td class=\"baslik\">\u0130\u015flemci Teknolojisi<\/td>\n<td>Intel Core i9<\/td>\n<\/tr>\n<tr>\n<td class=\"baslik\">\u0130\u015flemci Nesli<\/td>\n<td>13.Nesil<\/td>\n<\/tr>\n<tr>\n<td class=\"baslik\">Temel Frekans\u0131<\/td>\n<td>2.10 GHz<\/td>\n<\/tr>\n<tr>\n<td class=\"baslik\">Turbo Frekans\u0131<\/td>\n<td>5.60 GHz<\/td>\n<\/tr>\n<tr>\n<td class=\"baslik\">\u00d6nbellek<\/td>\n<td>36MB<\/td>\n<\/tr>\n<tr>\n<td class=\"baslik\">\u00c7ekirdek Say\u0131s\u0131<\/td>\n<td>24<\/td>\n<\/tr>\n<\/tbody>\n<\/table>\n<\/div>\n<\/div>\n<\/div>\n<\/div>\n<h3>Grafik \u00d6zellikleri<\/h3>\n<div class=\"teknikDetayItem islemci-turu\">\n<div class=\"t1\">\n<div class=\"extra_specs\">\n<div class=\"extra_spec\">\n<table>\n<tbody>\n<tr>\n<td class=\"baslik\">Entegre Grafik<\/td>\n<td>Yok<\/td>\n<\/tr>\n<\/tbody>\n<\/table>\n<\/div>\n<\/div>\n<\/div>\n<\/div>\n<h3>Fiziksel \u00d6zellikler<\/h3>\n<div class=\"teknikDetayItem islemci-turu\">\n<div class=\"t1\">\n<div class=\"extra_specs\">\n<div class=\"extra_spec\">\n<table>\n<tbody>\n<tr>\n<td class=\"baslik\">G\u00fc\u00e7 T\u00fcketimi<\/td>\n<td>65 W<\/td>\n<\/tr>\n<tr>\n<td class=\"baslik\">\u00dcretim Teknolojisi<\/td>\n<td>10 nm<\/td>\n<\/tr>\n<tr>\n<td class=\"baslik\">So\u011futucu Fan<\/td>\n<td>Var<\/td>\n<\/tr>\n<tr>\n<td class=\"baslik\">Kutusu<\/td>\n<td>Var<\/td>\n<\/tr>\n<\/tbody>\n<\/table>\n<\/div>\n<\/div>\n<div class=\"urun_ozellikler\">\n<table>\n<tbody>\n<tr>\n<th colspan=\"2\">Di\u011fer \u00d6zellikler<\/th>\n<\/tr>\n<tr>\n<td class=\"baslik\">Model Kodu<\/td>\n<td>BX8071513900F<\/td>\n<\/tr>\n<tr>\n<td class=\"baslik\">Marka<\/td>\n<td>Intel<\/td>\n<\/tr>\n<tr>\n<td class=\"baslik\"><\/td>\n<td><\/td>\n<\/tr>\n<tr>\n<td class=\"baslik\">Garanti (Y\u0131l)<\/td>\n<td>2<\/td>\n<\/tr>\n<\/tbody>\n<\/table>\n<\/div>\n<\/div>\n<\/div>\n","protected":false},"excerpt":{"rendered":"<p>Intel Core i9 13900F Soket 1700 2.0GHz 36MB Cache \u0130\u015flemci Fanl\u0131 Kutulu Performans ve Uyumluluk \u0130\u015flemci T\u00fcr\u00fc Intel Soket Yap\u0131s\u0131 Soket 1700 \u0130\u015flemci Teknolojisi Intel Core i9 \u0130\u015flemci Nesli 13.Nesil Temel Frekans\u0131 2.10 GHz Turbo Frekans\u0131 5.60 GHz \u00d6nbellek 36MB \u00c7ekirdek Say\u0131s\u0131 24 Grafik \u00d6zellikleri Entegre Grafik Yok Fiziksel \u00d6zellikler G\u00fc\u00e7 T\u00fcketimi 65 W \u00dcretim &hellip;<\/p>\n<p class=\"read-more\"> <a class=\" thunk-readmore button \" href=\"https:\/\/bilginteknoloji.com\/woo\/urun\/intel-i9-13900f-24-core-2-0ghz-36mb-65w-lga1700-13-nesil-box-grafik-kart-yok-fan-var\/\"> <span class=\"screen-reader-text\">INTEL i9-13900F 24 Core, 2.0Ghz, 36Mb, 65W, LGA1700, 13.Nesil, BOX, (Grafik Kart YOK, Fan VAR)<\/span>Read More<\/a><\/p>\n","protected":false},"featured_media":626,"template":"","meta":{"om_disable_all_campaigns":false,"_monsterinsights_skip_tracking":false,"_monsterinsights_sitenote_active":false,"_monsterinsights_sitenote_note":"","_monsterinsights_sitenote_category":0},"product_cat":[66],"product_tag":[],"class_list":{"0":"post-625","1":"product","2":"type-product","3":"status-publish","4":"has-post-thumbnail","6":"product_cat-intel-islemciler","7":"thunk-woo-product-list","8":"opn-qv-enable","9":"top-store-woo-hover-zoom","10":"top-store-single-product-tab-horizontal","11":"top-store-shadow-","12":"top-store-shadow-hover-","14":"first","15":"instock","16":"taxable","17":"shipping-taxable","18":"product-type-simple"},"aioseo_notices":[],"_links":{"self":[{"href":"https:\/\/bilginteknoloji.com\/woo\/wp-json\/wp\/v2\/product\/625","targetHints":{"allow":["GET"]}}],"collection":[{"href":"https:\/\/bilginteknoloji.com\/woo\/wp-json\/wp\/v2\/product"}],"about":[{"href":"https:\/\/bilginteknoloji.com\/woo\/wp-json\/wp\/v2\/types\/product"}],"wp:featuredmedia":[{"embeddable":true,"href":"https:\/\/bilginteknoloji.com\/woo\/wp-json\/wp\/v2\/media\/626"}],"wp:attachment":[{"href":"https:\/\/bilginteknoloji.com\/woo\/wp-json\/wp\/v2\/media?parent=625"}],"wp:term":[{"taxonomy":"product_cat","embeddable":true,"href":"https:\/\/bilginteknoloji.com\/woo\/wp-json\/wp\/v2\/product_cat?post=625"},{"taxonomy":"product_tag","embeddable":true,"href":"https:\/\/bilginteknoloji.com\/woo\/wp-json\/wp\/v2\/product_tag?post=625"}],"curies":[{"name":"wp","href":"https:\/\/api.w.org\/{rel}","templated":true}]}}