{"id":604,"date":"2024-08-13T16:00:43","date_gmt":"2024-08-13T13:00:43","guid":{"rendered":"https:\/\/bilginteknoloji.com\/woo\/?post_type=product&#038;p=604"},"modified":"2024-08-26T14:38:12","modified_gmt":"2024-08-26T11:38:12","slug":"amd-ryzen-5-7600-6-core-380-510ghz-38mb-cache-65w-am5-soket-box-kutulu-grafik-kart-var-fan-var","status":"publish","type":"product","link":"https:\/\/bilginteknoloji.com\/woo\/urun\/amd-ryzen-5-7600-6-core-380-510ghz-38mb-cache-65w-am5-soket-box-kutulu-grafik-kart-var-fan-var\/","title":{"rendered":"AMD RYZEN 5 7600 6 Core, 3,80-5,10GHz, 38Mb Cache, 65W, AM5 Soket, BOX (Kutulu) (Grafik Kart VAR, Fan VAR)"},"content":{"rendered":"<div class=\"hidden lg:block prose prose-neutral prose-headings:text-lg prose-a:no-underline prose-em:not-italic prose-headings:font-semibold max-w-none prose-img:mx-auto overflow-hidden\">\n<div class=\"phPart\">\n<p class=\"phHeader\">AMD Ryzen 5 7600 3.80GHz 6 \u00c7ekirdek 38MB \u00d6nbellek Soket AM5\u00a0<strong>\u0130\u015flemci<\/strong>\u00a0Genel \u00d6zellikler<\/p>\n<\/div>\n<div class=\"phPart\">\n<p class=\"phBanner\"><img decoding=\"async\" src=\"https:\/\/www.detayresimler.com\/urun\/R\/RYZ7600_15.jpg\" alt=\"AMD Ryzen 5 7600 \u0130\u015flemci\" \/><\/p>\n<\/div>\n<div class=\"phPart\">\n<div class=\"phLine\"><span class=\"phText\">AMD Ryzen 5 7600\u00a0<\/span><\/div>\n<ul class=\"phList\">\n<li>\u201cZen 4\u201d mimarisi<\/li>\n<li>TSMC 5nm \u00fcretim teknolojisi<\/li>\n<li>6 \u00e7ekirdek<\/li>\n<li>12 i\u015f par\u00e7ac\u0131\u011f\u0131<\/li>\n<li>5.1 GHz\u2019e kadar frekans h\u0131z\u0131<\/li>\n<li>38 MB \u00f6nbellek (L2+L3 Cache)<\/li>\n<li>65W TDP<\/li>\n<\/ul>\n<\/div>\n<div class=\"phPart\">\n<p class=\"phBanner\"><img decoding=\"async\" src=\"https:\/\/www.detayresimler.com\/urun\/R\/RYZ7600_16.jpg\" alt=\"AMD Ryzen 5 7600 \u0130\u015flemci\" \/><\/p>\n<\/div>\n<div class=\"phPart\"><span class=\"phSpecHeader\">Teknik \u00d6zellikler<\/span><\/p>\n<div class=\"phSpec\">\n<div>MarkaAMD<\/div>\n<div>ModelAMD Ryzen 5 7600<\/div>\n<div>\u0130\u015flemci\u00a0AilesiAMD Ryzen \u0130\u015flemciler<\/div>\n<div>\u0130\u015flemci\u00a0Hatt\u0131AMD Ryzen 5 Masa\u00fcst\u00fc \u0130\u015flemciler<\/div>\n<div>MimariZen 4<\/div>\n<div>\u00c7ekirdek Say\u0131s\u01316<\/div>\n<div>\u0130\u015f Par\u00e7ac\u0131\u011f\u0131 Say\u0131s\u013112<\/div>\n<div>Temel Frekans H\u0131z\u01313.80 GHz<\/div>\n<div>Turbo Frekans H\u0131z\u01315.10 GHz<\/div>\n<div>Toplam L1 \u00d6nbellek384KB<\/div>\n<div>Toplam L2 \u00d6nbellek6MB<\/div>\n<div>Toplam L3 \u00d6nbellek32MB<\/div>\n<div>\u00c7arpan KilidiA\u00e7\u0131k<\/div>\n<div>\u00dcretim TeknolojisiTSMC 5nm FinFET<\/div>\n<div>SoketAM5<\/div>\n<div>So\u011futucuAMD Wraith Stealth<\/div>\n<div>TDP65W<\/div>\n<div>Maks. S\u0131cakl\u0131k95\u00b0C<\/div>\n<div>\u0130\u015fletim Sistemi\u00a0Deste\u011fiWindows 11 &#8211; 64-Bit Edition, Windows 10 &#8211; 64-Bit Edition, RHEL x86 64-Bit, Ubuntu x86 64-Bit<\/div>\n<\/div>\n<\/div>\n<div class=\"phPart\"><span class=\"phSpecHeader\">Sistem Belle\u011fi<\/span><\/p>\n<div class=\"phSpec\">\n<div>Bellek TipiDDR5<\/div>\n<div>Bellek Kanal\u01312<\/div>\n<div>Maks. Bellek H\u0131z\u01312x1R: DDR5-5200, 2x2R: DDR5-5200, 4x1R: DDR5-3600, 4x2R: DDR5-3600<\/div>\n<\/div>\n<\/div>\n<div class=\"phPart\"><span class=\"phSpecHeader\">Grafik \u00d6zellikleri<\/span><\/p>\n<div class=\"phSpec\">\n<div>ModelAMD Radeon Graphics<\/div>\n<div>\u00c7ekirdek Say\u0131s\u01312<\/div>\n<div>Frekans2200 MHz<\/div>\n<div>GPU Taban400 MHz<\/div>\n<\/div>\n<\/div>\n<div class=\"phPart\"><span class=\"phSpecHeader\">Di\u011fer \u00d6zellikler<\/span><\/p>\n<div class=\"phSpec\">\n<div>Desteklenen TeknolojilerAMD EXPO ve AMD Ryzen Teknolojileri<\/div>\n<\/div>\n<\/div>\n<\/div>\n<div>\n<h2 class=\"card-title text-center mt-10 justify-center !mb-0\">AMD Ryzen 5 7600 \u0130\u015flemci \u00d6zellikleri<\/h2>\n<div class=\"prose prose-neutral max-w-none\">\n<table class=\"w-full\">\n<tbody>\n<tr class=\"odd:bg-neutral-50\">\n<th class=\"text-sm lg:text-base w-28 lg:w-48\">Marka<\/th>\n<td class=\"text-sm lg:text-base break-all\">AMD<\/td>\n<\/tr>\n<tr class=\"odd:bg-neutral-50\">\n<th class=\"text-sm lg:text-base w-28 lg:w-48\">\u0130\u015flemci Modeli<\/th>\n<td class=\"text-sm lg:text-base break-all\">AMD Ryzen 5<\/td>\n<\/tr>\n<tr class=\"odd:bg-neutral-50\">\n<th class=\"text-sm lg:text-base w-28 lg:w-48\">\u0130\u015flemci H\u0131z\u0131<\/th>\n<td class=\"text-sm lg:text-base break-all\">3.8 GHz<\/td>\n<\/tr>\n<tr class=\"odd:bg-neutral-50\">\n<th class=\"text-sm lg:text-base w-28 lg:w-48\">\u0130\u015flemci Kodu<\/th>\n<td class=\"text-sm lg:text-base break-all\">Ryzen 5 7600<\/td>\n<\/tr>\n<tr class=\"odd:bg-neutral-50\">\n<th class=\"text-sm lg:text-base w-28 lg:w-48\">Turbo (Max. \u00c7al\u0131\u015fma H\u0131z\u0131)<\/th>\n<td class=\"text-sm lg:text-base break-all\">5.10 GHz<\/td>\n<\/tr>\n<tr class=\"odd:bg-neutral-50\">\n<th class=\"text-sm lg:text-base w-28 lg:w-48\">Soket Yap\u0131s\u0131<\/th>\n<td class=\"text-sm lg:text-base break-all\">AM5<\/td>\n<\/tr>\n<tr class=\"odd:bg-neutral-50\">\n<th class=\"text-sm lg:text-base w-28 lg:w-48\">\u00d6n Bellek<\/th>\n<td class=\"text-sm lg:text-base break-all\">38 MB<\/td>\n<\/tr>\n<tr class=\"odd:bg-neutral-50\">\n<th class=\"text-sm lg:text-base w-28 lg:w-48\">\u00c7ekirdek Say\u0131s\u0131<\/th>\n<td class=\"text-sm lg:text-base break-all\">6 \u00c7ekirdek<\/td>\n<\/tr>\n<tr class=\"odd:bg-neutral-50\">\n<th class=\"text-sm lg:text-base w-28 lg:w-48\">Sanal \u00c7ekirdek<\/th>\n<td class=\"text-sm lg:text-base break-all\">12<\/td>\n<\/tr>\n<tr class=\"odd:bg-neutral-50\">\n<th class=\"text-sm lg:text-base w-28 lg:w-48\">Overclock<\/th>\n<td class=\"text-sm lg:text-base break-all\">Var<\/td>\n<\/tr>\n<tr class=\"odd:bg-neutral-50\">\n<th class=\"text-sm lg:text-base w-28 lg:w-48\">\u00dcretim Tekni\u011fi<\/th>\n<td class=\"text-sm lg:text-base break-all\">5 nm<\/td>\n<\/tr>\n<tr class=\"odd:bg-neutral-50\">\n<th class=\"text-sm lg:text-base w-28 lg:w-48\">Bellek T\u00fcrleri<\/th>\n<td class=\"text-sm lg:text-base break-all\">DDR5 5200MHz<\/td>\n<\/tr>\n<tr class=\"odd:bg-neutral-50\">\n<th class=\"text-sm lg:text-base w-28 lg:w-48\">\u0130\u015flemci Grafikleri<\/th>\n<td class=\"text-sm lg:text-base break-all\">AMD Radeon Graphics<\/td>\n<\/tr>\n<tr class=\"odd:bg-neutral-50\">\n<th class=\"text-sm lg:text-base w-28 lg:w-48\">G\u00fc\u00e7 T\u00fcketimi<\/th>\n<td class=\"text-sm lg:text-base break-all\">65 W<\/td>\n<\/tr>\n<tr class=\"odd:bg-neutral-50\">\n<th class=\"text-sm lg:text-base w-28 lg:w-48\">Fan<\/th>\n<td class=\"text-sm lg:text-base break-all\">Var<\/td>\n<\/tr>\n<tr class=\"odd:bg-neutral-50\">\n<th class=\"text-sm lg:text-base w-28 lg:w-48\">Garanti<\/th>\n<td class=\"text-sm lg:text-base break-all\">24 Ay Garanti<\/td>\n<\/tr>\n<\/tbody>\n<\/table>\n<\/div>\n<\/div>\n","protected":false},"excerpt":{"rendered":"<p>AMD Ryzen 5 7600 3.80GHz 6 \u00c7ekirdek 38MB \u00d6nbellek Soket AM5\u00a0\u0130\u015flemci\u00a0Genel \u00d6zellikler AMD Ryzen 5 7600\u00a0 \u201cZen 4\u201d mimarisi TSMC 5nm \u00fcretim teknolojisi 6 \u00e7ekirdek 12 i\u015f par\u00e7ac\u0131\u011f\u0131 5.1 GHz\u2019e kadar frekans h\u0131z\u0131 38 MB \u00f6nbellek (L2+L3 Cache) 65W TDP Teknik \u00d6zellikler MarkaAMD ModelAMD Ryzen 5 7600 \u0130\u015flemci\u00a0AilesiAMD Ryzen \u0130\u015flemciler \u0130\u015flemci\u00a0Hatt\u0131AMD Ryzen 5 Masa\u00fcst\u00fc \u0130\u015flemciler &hellip;<\/p>\n<p class=\"read-more\"> <a class=\" thunk-readmore button \" href=\"https:\/\/bilginteknoloji.com\/woo\/urun\/amd-ryzen-5-7600-6-core-380-510ghz-38mb-cache-65w-am5-soket-box-kutulu-grafik-kart-var-fan-var\/\"> <span class=\"screen-reader-text\">AMD RYZEN 5 7600 6 Core, 3,80-5,10GHz, 38Mb Cache, 65W, AM5 Soket, BOX (Kutulu) (Grafik Kart VAR, Fan VAR)<\/span>Read More<\/a><\/p>\n","protected":false},"featured_media":605,"template":"","meta":{"om_disable_all_campaigns":false,"_monsterinsights_skip_tracking":false,"_monsterinsights_sitenote_active":false,"_monsterinsights_sitenote_note":"","_monsterinsights_sitenote_category":0},"product_cat":[65],"product_tag":[],"class_list":{"0":"post-604","1":"product","2":"type-product","3":"status-publish","4":"has-post-thumbnail","6":"product_cat-amd-islemciler","7":"thunk-woo-product-list","8":"opn-qv-enable","9":"top-store-woo-hover-zoom","10":"top-store-single-product-tab-horizontal","11":"top-store-shadow-","12":"top-store-shadow-hover-","14":"first","15":"instock","16":"taxable","17":"shipping-taxable","18":"product-type-simple"},"aioseo_notices":[],"_links":{"self":[{"href":"https:\/\/bilginteknoloji.com\/woo\/wp-json\/wp\/v2\/product\/604","targetHints":{"allow":["GET"]}}],"collection":[{"href":"https:\/\/bilginteknoloji.com\/woo\/wp-json\/wp\/v2\/product"}],"about":[{"href":"https:\/\/bilginteknoloji.com\/woo\/wp-json\/wp\/v2\/types\/product"}],"wp:featuredmedia":[{"embeddable":true,"href":"https:\/\/bilginteknoloji.com\/woo\/wp-json\/wp\/v2\/media\/605"}],"wp:attachment":[{"href":"https:\/\/bilginteknoloji.com\/woo\/wp-json\/wp\/v2\/media?parent=604"}],"wp:term":[{"taxonomy":"product_cat","embeddable":true,"href":"https:\/\/bilginteknoloji.com\/woo\/wp-json\/wp\/v2\/product_cat?post=604"},{"taxonomy":"product_tag","embeddable":true,"href":"https:\/\/bilginteknoloji.com\/woo\/wp-json\/wp\/v2\/product_tag?post=604"}],"curies":[{"name":"wp","href":"https:\/\/api.w.org\/{rel}","templated":true}]}}