{"id":551,"date":"2024-08-13T14:36:21","date_gmt":"2024-08-13T11:36:21","guid":{"rendered":"https:\/\/bilginteknoloji.com\/woo\/?post_type=product&#038;p=551"},"modified":"2024-08-13T14:36:22","modified_gmt":"2024-08-13T11:36:22","slug":"hp-dhe-8011u-mavi-led-aydinlatmali-mikrofonlu-gaming-kulaklik-siyah","status":"publish","type":"product","link":"https:\/\/bilginteknoloji.com\/woo\/urun\/hp-dhe-8011u-mavi-led-aydinlatmali-mikrofonlu-gaming-kulaklik-siyah\/","title":{"rendered":"HP DHE-8011U, Mavi LED Ayd\u0131nlatmal\u0131, Mikrofonlu Gaming Kulakl\u0131k, Siyah"},"content":{"rendered":"<table border=\"0\">\n<tbody>\n<tr>\n<td colspan=\"2\">\n<h4 class=\"product-title\">HP DHE-8011U, Mavi LED Ayd\u0131nlatmal\u0131, Mikrofonlu Gaming Kulakl\u0131k, Siyah<\/h4>\n<\/td>\n<\/tr>\n<tr>\n<td><img decoding=\"async\" src=\"http:\/\/www.detayresimler.com\/urun\/D\/DHE-8011UM_3.jpg\" alt=\"\" \/><\/td>\n<td>\n<h1>Mavi LED Ayd\u0131nlatmal\u0131<\/h1>\n<\/td>\n<\/tr>\n<tr>\n<td>\n<h1>Kulak \u00dcst\u00fc Ses Kontrol\u00fc<\/h1>\n<\/td>\n<td>\n<h1><img decoding=\"async\" src=\"http:\/\/www.detayresimler.com\/urun\/D\/DHE-8011UM_2.jpg\" alt=\"\" \/><\/h1>\n<\/td>\n<\/tr>\n<tr>\n<td>\n<h1><img decoding=\"async\" src=\"http:\/\/www.detayresimler.com\/urun\/D\/DHE-8011UM_1.jpg\" alt=\"\" \/><\/h1>\n<p>&nbsp;<\/td>\n<td>\n<h1>Mikrofonlu Gaming Kulakl\u0131k<\/h1>\n<\/td>\n<\/tr>\n<tr>\n<td colspan=\"2\">\u00a0<img decoding=\"async\" src=\"http:\/\/www.detayresimler.com\/urun\/D\/DHE-8011UM.jpg\" alt=\"\" \/><\/td>\n<\/tr>\n<\/tbody>\n<\/table>\n","protected":false},"excerpt":{"rendered":"<p>HP DHE-8011U, Mavi LED Ayd\u0131nlatmal\u0131, Mikrofonlu Gaming Kulakl\u0131k, Siyah Mavi LED Ayd\u0131nlatmal\u0131 Kulak \u00dcst\u00fc Ses Kontrol\u00fc &nbsp; Mikrofonlu Gaming Kulakl\u0131k \u00a0<\/p>\n","protected":false},"featured_media":552,"template":"","meta":{"om_disable_all_campaigns":false,"_monsterinsights_skip_tracking":false,"_monsterinsights_sitenote_active":false,"_monsterinsights_sitenote_note":"","_monsterinsights_sitenote_category":0},"product_cat":[439],"product_tag":[],"class_list":{"0":"post-551","1":"product","2":"type-product","3":"status-publish","4":"has-post-thumbnail","6":"product_cat-gaming-kulakliklar","7":"thunk-woo-product-list","8":"opn-qv-enable","9":"top-store-woo-hover-zoom","10":"top-store-single-product-tab-horizontal","11":"top-store-shadow-","12":"top-store-shadow-hover-","14":"first","15":"instock","16":"taxable","17":"shipping-taxable","18":"product-type-simple"},"aioseo_notices":[],"_links":{"self":[{"href":"https:\/\/bilginteknoloji.com\/woo\/wp-json\/wp\/v2\/product\/551","targetHints":{"allow":["GET"]}}],"collection":[{"href":"https:\/\/bilginteknoloji.com\/woo\/wp-json\/wp\/v2\/product"}],"about":[{"href":"https:\/\/bilginteknoloji.com\/woo\/wp-json\/wp\/v2\/types\/product"}],"wp:featuredmedia":[{"embeddable":true,"href":"https:\/\/bilginteknoloji.com\/woo\/wp-json\/wp\/v2\/media\/552"}],"wp:attachment":[{"href":"https:\/\/bilginteknoloji.com\/woo\/wp-json\/wp\/v2\/media?parent=551"}],"wp:term":[{"taxonomy":"product_cat","embeddable":true,"href":"https:\/\/bilginteknoloji.com\/woo\/wp-json\/wp\/v2\/product_cat?post=551"},{"taxonomy":"product_tag","embeddable":true,"href":"https:\/\/bilginteknoloji.com\/woo\/wp-json\/wp\/v2\/product_tag?post=551"}],"curies":[{"name":"wp","href":"https:\/\/api.w.org\/{rel}","templated":true}]}}