{"id":412,"date":"2024-08-08T14:04:18","date_gmt":"2024-08-08T11:04:18","guid":{"rendered":"https:\/\/bilginteknoloji.com\/woo\/?post_type=product&#038;p=412"},"modified":"2024-08-10T14:35:22","modified_gmt":"2024-08-10T11:35:22","slug":"epson-co-w01-3000-ansi-lumen-1280x800-wxga-1xhdmi-2xusb-3lcd-projeksiyon-cihazi","status":"publish","type":"product","link":"https:\/\/bilginteknoloji.com\/woo\/urun\/epson-co-w01-3000-ansi-lumen-1280x800-wxga-1xhdmi-2xusb-3lcd-projeksiyon-cihazi\/","title":{"rendered":"EPSON CO-W01, 3000 ANSI L\u00fcmen, 1280&#215;800, WXGA, 1xHDMI, 2xUSB, 3LCD, Projeksiyon Cihaz\u0131"},"content":{"rendered":"<table border=\"0\" width=\"100%\" cellspacing=\"0\" cellpadding=\"0\">\n<tbody>\n<tr>\n<td class=\"urundetayaciklamasi\">\n<h2>EPSON C0-W01 PROJEKT\u00d6R \u0130NCELEMES\u0130<\/h2>\n<p><span style=\"font-family: inherit; font-size: inherit;\">GENEL \u00d6ZELL\u0130KLER<\/span><\/p>\n<div class=\"col-md-5 teknikozellikler\">\n<ul>\n<li>G\u00f6r\u00fcnt\u00fcleme Teknolojisi:\u00a03LCD<\/li>\n<li>I\u015f\u0131k G\u00fcc\u00fc (Parlakl\u0131k):\u00a03000 ANSI L\u00fcmen<\/li>\n<li>\u00c7\u00f6z\u00fcn\u00fcrl\u00fck:\u00a01280 x 800 HD 16:10<\/li>\n<li>Lamba \u00d6mr\u00fc:\u00a012.000 saat (max)<\/li>\n<li>Zoom \/ Focus:\u00a0Digital \/ Manual<\/li>\n<li>Kablosuz Ba\u011flant\u0131:\u00a0Opsiyonel ELPAP11<\/li>\n<li>Giri\u015f ve \u00c7\u0131k\u0131\u015flar:\u00a01xHDMI, USB-A, USB-B<\/li>\n<li>Ses:\u00a05W Speaker<\/li>\n<li>Ebatlar (WxHxD):\u00a0295x87x211mm<\/li>\n<li>A\u011f\u0131rl\u0131k:\u00a02.4kg<\/li>\n<li>Throw Ratio:\u00a01,27 &#8211; 1,71<\/li>\n<li>Donan\u0131m Garantisi:\u00a02 Y\u0131l<\/li>\n<li>Fan Sesi:\u00a0Normal: 38dB &#8211; Eco Mode: 29dB<\/li>\n<\/ul>\n<\/div>\n<h3>EPSON W01 3LCD PROJEKS\u0130YON FARKINI YA\u015eATIR..<\/h3>\n<p>Bu g\u00fc\u00e7l\u00fc ancak uygun fiyatl\u0131 WXGA projekt\u00f6r, ayd\u0131nl\u0131k odalarda bile net ayr\u0131nt\u0131lara sahip ola\u011fan\u00fcst\u00fc parlak renkli g\u00f6r\u00fcnt\u00fcler yans\u0131t\u0131r. 3.000 l\u00fcmen net parlakl\u0131k \u00e7\u0131k\u0131\u015f\u0131 sa\u011flar. 3LCD panelleri sayesinde e\u015fit derecede y\u00fcksek Beyaz ve Renkli I\u015f\u0131k \u00c7\u0131k\u0131\u015f\u0131 \u00fcretir.<\/p>\n<h3>EPSON CO-W01 BA\u011eLANTI PORTLARI<\/h3>\n<p>HDMI 1.4, USB 2.0-A, USB 2.0 Type B (Service Only)<\/p>\n<p>&nbsp;<\/p>\n<hr \/>\n<h3>EPSON W01 GEL\u0130\u015eM\u0130\u015e \u00d6ZELL\u0130KLER<\/h3>\n<p>A\/V mute, Built-in speaker, Horizontal and vertical keystone correction, MHL audio\/video interface, Quick Corner<\/p>\n<p>CO-W01<\/p>\n<div id=\"ccs-inline-content\">\n<div id=\"inline-bdfa2a\" class=\"ccs-cc-inline ccs-cc-inline-eps ccs-cc-lang-trtur ccs-cc-block-\u0131nline\">\n<div id=\"header-bdfa2a\" class=\"ccs-cc-inline-section ccs-cc-inline-header\">\n<div class=\"ccs-cc-inline-header-layout\">\n<div class=\"ccs-cc-inline-header-description\">\n<p>Y\u00fcksek kaliteli, uzun \u00f6m\u00fcrl\u00fc ve WXGA \u00e7\u00f6z\u00fcn\u00fcrl\u00fckl\u00fc bu esnek projeksiyon cihaz\u0131 ile evde ve ofiste b\u00fcy\u00fck ekran deneyimini ya\u015fay\u0131n.<\/p>\n<p>\u0130\u015fte size ailenizle birlikte keyfini \u00e7\u0131karabilece\u011finiz bir projeksiyon cihaz\u0131; bu WXGA projeksiyon cihaz\u0131 dizi ya da film serileri izlemekten dikkat \u00e7ekici sunumlar yapmaya kadar t\u00fcm g\u00f6revler i\u00e7in gerekli donan\u0131ma sahiptir. Ortam \u0131\u015f\u0131\u011f\u0131 konusunda endi\u015felenmeye gerek yoktur; 3.000 l\u00fcmen parlakl\u0131k ve 3LCD teknolojisi sayesinde parlak ve net bir g\u00f6r\u00fcnt\u00fc \u00fcretir. Ta\u015f\u0131mas\u0131 ve kurulumu olduk\u00e7a kolayd\u0131r. \u0130nan\u0131lmaz uzun lamba \u00f6mr\u00fc sayesinde paran\u0131z\u0131n kar\u015f\u0131l\u0131\u011f\u0131n\u0131 fazlas\u0131yla verir.<\/p>\n<\/div>\n<div class=\"ccs-cc-inline-header-hero\"><img decoding=\"async\" src=\"http:\/\/www.detayresimler.com\/urun\/C\/CO-W01_22.jpg\" alt=\"CO-W01\" \/><\/div>\n<\/div>\n<\/div>\n<div class=\"ccs-cc-inline-section ccs-cc-inline-features\">\n<div class=\"ccs-cc-inline-features-block ccs-cc-inline-multicolumn\">\n<div class=\"ccs-cc-inline-feature\">\n<div class=\"ccs-cc-inline-feature-content ccs-cc-inline-feature-description\">\n<h3>B\u00dcY\u00dcK EKRAN DENEY\u0130M\u0130 YA\u015eAYIN<\/h3>\n<p>\u0130ster e\u011flence ister i\u015f ortam\u0131 olsun, herkesin dikkati sizde olsun.<\/p>\n<\/div>\n<div class=\"ccs-cc-inline-feature-content ccs-cc-inline-feature-description\">\n<h3>AYDINLIK ORTAMLARDA DAH\u0130 PARLAK<\/h3>\n<p>3.000 l\u00fcmene kadar e\u015fit derecede y\u00fcksek Beyaz ve Renkli I\u015f\u0131k \u00c7\u0131k\u0131\u015f\u0131<\/p>\n<\/div>\n<div class=\"ccs-cc-inline-feature-content ccs-cc-inline-feature-description\">\n<h3>EKONOM\u0130K, \u0130LER\u0130 TEKNOLOJ\u0130 \u00dcR\u00dcN\u00dc EK\u0130PMANLAR<\/h3>\n<p>Bu WXGA projeksiyon cihaz\u0131n\u0131n keyfini \u00e7\u0131kar\u0131n<\/p>\n<\/div>\n<\/div>\n<\/div>\n<div class=\"ccs-cc-inline-features-block ccs-cc-inline-multicolumn\">\n<div class=\"ccs-cc-inline-feature\">\n<div class=\"ccs-cc-inline-feature-content ccs-cc-inline-feature-description\">\n<h3>UZUN \u00d6M\u00dcRL\u00dc \u00c7\u00d6Z\u00dcM<\/h3>\n<p>18 y\u0131ll\u0131k e\u011flence\u00b2<\/p>\n<\/div>\n<div class=\"ccs-cc-inline-feature-content ccs-cc-inline-feature-description\">\n<h3>KOLAY TA\u015eIMA VE HIZLI KURULUM<\/h3>\n<p>M\u00fckemmel hizalama i\u00e7in trapezoid kayd\u0131r\u0131c\u0131 ile kolay kurulum<\/p>\n<\/div>\n<\/div>\n<\/div>\n<\/div>\n<div id=\"media-bdfa2a\" class=\"ccs-cc-inline-section ccs-cc-inline-media\">\n<div class=\"ccs-cc-ig ccs-cc-ig-cloud\">\n<div class=\"ccs-cc-ig-cloud-viewport first-slide\">\n<div class=\"ccs-cc-ig-viewport-slide ccs-ig-cloud-active\"><img decoding=\"async\" class=\"ccs-cc-ig-viewport-preview\" src=\"http:\/\/www.detayresimler.com\/urun\/C\/CO-W01_23.jpg\" alt=\"slayt 1 \/ 7, daha b\u00fcy\u00fck g\u00f6r\u00fcnt\u00fcy\u00fc g\u00f6ster, co-w01\" \/><\/div>\n<\/div>\n<div class=\"ccs-slick-initialized ccs-slick-slider\">\n<div class=\"ccs-slick-list\"><\/div>\n<\/div>\n<\/div>\n<\/div>\n<div class=\"ccs-cc-inline-section ccs-cc-inline-features\">\n<div class=\"ccs-cc-inline-features-block ccs-cc-inline-multicolumn\">\n<div class=\"ccs-cc-inline-feature\">\n<div class=\"ccs-cc-inline-feature-content ccs-cc-inline-feature-description\">\n<h3>DAHA B\u00dcY\u00dcK, DAHA \u0130Y\u0130<\/h3>\n<p>\u0130ster en sevdi\u011finiz filmleri izleyin, isterseniz sunum yap\u0131yor olun, bu projeksiyon cihaz\u0131yla 378 in\u00e7 b\u00fcy\u00fckl\u00fckte etkileyici bir g\u00f6r\u00fcnt\u00fc olu\u015fturabilirsiniz. 3LCD teknolojisi sayesinde sundu\u011fu parlak ve canl\u0131 renklerle, g\u00f6r\u00fcnt\u00fcn\u00fcn rakip \u00fcr\u00fcnlerden\u00b9 \u00fc\u00e7 kat daha parlak olmas\u0131n\u0131 sa\u011flayan m\u00fckemmel bir kaliteye sahiptir. Ailenizden ve dostlar\u0131n\u0131zdan i\u015f arkada\u015flar\u0131n\u0131za ve m\u00fc\u015fterilerinize kadar herkesin ilgisini \u00e7ekece\u011fi kesin.<\/p>\n<\/div>\n<div class=\"ccs-cc-inline-feature-content ccs-cc-inline-feature-description\">\n<h3>Y\u00dcKSEK KAL\u0130TEL\u0130, PARLAK G\u00d6R\u00dcNT\u00dcLER<\/h3>\n<p>\u00c7ok ayd\u0131nl\u0131k odalarda dahi bu g\u00fc\u00e7l\u00fc ve uygun maliyetli WXGA projeksiyon cihaz\u0131, ola\u011fan\u00fcst\u00fc parlakl\u0131kta ve net detaylara sahip renkli g\u00f6r\u00fcnt\u00fcler sunar. Bu kalitenin tamam\u0131, 3.000 l\u00fcmenlik e\u015fit derecede y\u00fcksek Beyaz ve Renkli I\u015f\u0131k \u00c7\u0131k\u0131\u015f\u0131 sa\u011flayan 3LCD teknolojisi sayesinde olur.<\/p>\n<\/div>\n<\/div>\n<\/div>\n<div class=\"ccs-cc-inline-features-block ccs-cc-inline-multicolumn\">\n<div class=\"ccs-cc-inline-feature\">\n<div class=\"ccs-cc-inline-feature-content ccs-cc-inline-feature-description\">\n<h3>UZUN \u00d6M\u00dcRL\u00dc \u00c7\u00d6Z\u00dcM<\/h3>\n<p>Projeksiyon ihtiya\u00e7lar\u0131n\u0131z i\u00e7in uzun vadeli, sorunsuz ve uygun fiyatl\u0131 bir \u00e7\u00f6z\u00fcm m\u00fc ar\u0131yorsunuz? Bu modelin uzun \u00f6m\u00fcrl\u00fc lamba \u0131\u015f\u0131k kayna\u011f\u0131 18 y\u0131ll\u0131k e\u011flence\u00b2 sunar.<\/p>\n<\/div>\n<div class=\"ccs-cc-inline-feature-content ccs-cc-inline-feature-description\">\n<h3>TAK VE \u00c7ALI\u015eTIR<\/h3>\n<p>\u0130\u015fte size ta\u015f\u0131nabilirlik ve h\u0131zl\u0131 kurulum \u00f6zellikleri dikkate al\u0131narak tasarlanm\u0131\u015f bir projeksiyon cihaz\u0131. Kompakt tasar\u0131m\u0131, odadan odaya kolayca ta\u015f\u0131nmas\u0131n\u0131 sa\u011flar. Trapezoid d\u00fczeltme ile g\u00f6r\u00fcnt\u00fcy\u00fc h\u0131zl\u0131 bir \u015fekilde konumland\u0131rabilir ve i\u00e7eri\u011fe HDMI giri\u015fi \u00fczerinden kolayca eri\u015febilirsiniz.<\/p>\n<\/div>\n<\/div>\n<\/div>\n<\/div>\n<\/div>\n<\/div>\n<\/td>\n<\/tr>\n<tr>\n<td class=\"function\"><\/td>\n<\/tr>\n<\/tbody>\n<\/table>\n","protected":false},"excerpt":{"rendered":"<p>EPSON C0-W01 PROJEKT\u00d6R \u0130NCELEMES\u0130 GENEL \u00d6ZELL\u0130KLER G\u00f6r\u00fcnt\u00fcleme Teknolojisi:\u00a03LCD I\u015f\u0131k G\u00fcc\u00fc (Parlakl\u0131k):\u00a03000 ANSI L\u00fcmen \u00c7\u00f6z\u00fcn\u00fcrl\u00fck:\u00a01280 x 800 HD 16:10 Lamba \u00d6mr\u00fc:\u00a012.000 saat (max) Zoom \/ Focus:\u00a0Digital \/ Manual Kablosuz Ba\u011flant\u0131:\u00a0Opsiyonel ELPAP11 Giri\u015f ve \u00c7\u0131k\u0131\u015flar:\u00a01xHDMI, USB-A, USB-B Ses:\u00a05W Speaker Ebatlar (WxHxD):\u00a0295x87x211mm A\u011f\u0131rl\u0131k:\u00a02.4kg Throw Ratio:\u00a01,27 &#8211; 1,71 Donan\u0131m Garantisi:\u00a02 Y\u0131l Fan Sesi:\u00a0Normal: 38dB &#8211; Eco Mode: 29dB EPSON &hellip;<\/p>\n<p class=\"read-more\"> <a class=\" thunk-readmore button \" href=\"https:\/\/bilginteknoloji.com\/woo\/urun\/epson-co-w01-3000-ansi-lumen-1280x800-wxga-1xhdmi-2xusb-3lcd-projeksiyon-cihazi\/\"> <span class=\"screen-reader-text\">EPSON CO-W01, 3000 ANSI L\u00fcmen, 1280&#215;800, WXGA, 1xHDMI, 2xUSB, 3LCD, Projeksiyon Cihaz\u0131<\/span>Read More<\/a><\/p>\n","protected":false},"featured_media":413,"template":"","meta":{"om_disable_all_campaigns":false,"_monsterinsights_skip_tracking":false,"_monsterinsights_sitenote_active":false,"_monsterinsights_sitenote_note":"","_monsterinsights_sitenote_category":0},"product_cat":[211],"product_tag":[],"class_list":{"0":"post-412","1":"product","2":"type-product","3":"status-publish","4":"has-post-thumbnail","6":"product_cat-masa-tavan-tipi-projeksiyonlar","7":"thunk-woo-product-list","8":"opn-qv-enable","9":"top-store-woo-hover-zoom","10":"top-store-single-product-tab-horizontal","11":"top-store-shadow-","12":"top-store-shadow-hover-","14":"first","15":"instock","16":"taxable","17":"shipping-taxable","18":"product-type-simple"},"aioseo_notices":[],"_links":{"self":[{"href":"https:\/\/bilginteknoloji.com\/woo\/wp-json\/wp\/v2\/product\/412","targetHints":{"allow":["GET"]}}],"collection":[{"href":"https:\/\/bilginteknoloji.com\/woo\/wp-json\/wp\/v2\/product"}],"about":[{"href":"https:\/\/bilginteknoloji.com\/woo\/wp-json\/wp\/v2\/types\/product"}],"wp:featuredmedia":[{"embeddable":true,"href":"https:\/\/bilginteknoloji.com\/woo\/wp-json\/wp\/v2\/media\/413"}],"wp:attachment":[{"href":"https:\/\/bilginteknoloji.com\/woo\/wp-json\/wp\/v2\/media?parent=412"}],"wp:term":[{"taxonomy":"product_cat","embeddable":true,"href":"https:\/\/bilginteknoloji.com\/woo\/wp-json\/wp\/v2\/product_cat?post=412"},{"taxonomy":"product_tag","embeddable":true,"href":"https:\/\/bilginteknoloji.com\/woo\/wp-json\/wp\/v2\/product_tag?post=412"}],"curies":[{"name":"wp","href":"https:\/\/api.w.org\/{rel}","templated":true}]}}