{"id":388,"date":"2024-08-08T12:00:14","date_gmt":"2024-08-08T09:00:14","guid":{"rendered":"https:\/\/bilginteknoloji.com\/woo\/?post_type=product&#038;p=388"},"modified":"2024-08-08T12:00:15","modified_gmt":"2024-08-08T09:00:15","slug":"datalogic-memor-k-android-9-wifi-bluetooth-kilifli-4-renkli-dokunmatik-ekran-2d-karekod-el-terminali","status":"publish","type":"product","link":"https:\/\/bilginteknoloji.com\/woo\/urun\/datalogic-memor-k-android-9-wifi-bluetooth-kilifli-4-renkli-dokunmatik-ekran-2d-karekod-el-terminali\/","title":{"rendered":"DATALOGIC Memor K, Android 9, WiFi, Bluetooth, K\u0131l\u0131fl\u0131, 4&#8243; Renkli Dokunmatik Ekran, 2D Karekod, EL Terminali"},"content":{"rendered":"<table border=\"0\" width=\"100%\" cellspacing=\"0\" cellpadding=\"0\">\n<tbody>\n<tr>\n<td class=\"urundetayaciklamasi\">\n<table id=\"table17\" border=\"0\" width=\"100%\" cellspacing=\"1\">\n<tbody>\n<tr>\n<td colspan=\"3\" width=\"99%\" height=\"21\"><strong>Sistem<\/strong><\/td>\n<\/tr>\n<tr>\n<td bgcolor=\"#C5CAD0\" width=\"27%\" height=\"15\">\u00a0\u0130\u015flemci<\/td>\n<td colspan=\"2\" bgcolor=\"#DDDDDD\" width=\"72%\" height=\"15\">Mediatek Sekiz \u00c7ekirdek 2 Ghz Mikro \u0130\u015flemci<\/td>\n<\/tr>\n<tr>\n<td bgcolor=\"#C5CAD0\" width=\"27%\" height=\"15\">\u00a0Bellek<\/td>\n<td colspan=\"2\" bgcolor=\"#DDDDDD\" width=\"72%\" height=\"15\">3 GB RAM, 32 GB Flash ROM<\/td>\n<\/tr>\n<tr>\n<td bgcolor=\"#C5CAD0\" width=\"27%\" height=\"16\">\u00a0\u0130\u015fletim Sistemi<\/td>\n<td colspan=\"2\" bgcolor=\"#DDDDDD\" width=\"72%\" height=\"16\">Android 9 (Pie)<\/td>\n<\/tr>\n<tr>\n<td bgcolor=\"#C5CAD0\" width=\"27%\" height=\"16\">\u00a0Geni\u015fleme Yuvas\u0131<\/td>\n<td colspan=\"2\" bgcolor=\"#DDDDDD\" width=\"72%\" height=\"16\">Max. 64 GB Micro SD Kart (SD-HC Uyumlu)<\/td>\n<\/tr>\n<tr>\n<td bgcolor=\"#C5CAD0\" width=\"27%\" height=\"16\">\u00a0Ger\u00e7ek Zaman Saati<\/td>\n<td colspan=\"2\" bgcolor=\"#DDDDDD\" width=\"72%\" height=\"16\">Yaz\u0131l\u0131m kontrol\u00fc alt\u0131nda saat ve tarih damgas\u0131<\/td>\n<\/tr>\n<tr>\n<td bgcolor=\"#C5CAD0\" width=\"27%\" height=\"16\">\u00a0Kamera<\/td>\n<td colspan=\"2\" bgcolor=\"#DDDDDD\" width=\"72%\" height=\"16\">8 MP Otomatik Odaklanmal\u0131 ve LED Fla\u015fl\u0131<\/td>\n<\/tr>\n<tr>\n<td colspan=\"3\" bgcolor=\"#EAEAEA\" width=\"99%\" height=\"16\"><strong>\u00a0Sens\u00f6rler<\/strong><\/td>\n<\/tr>\n<tr>\n<td bgcolor=\"#C5CAD0\" width=\"27%\" height=\"16\">\u00a0\u0130vme\u00f6l\u00e7er<\/td>\n<td colspan=\"2\" bgcolor=\"#DDDDDD\" width=\"72%\" height=\"16\">Y\u00f6n\u00fc tespit etmek i\u00e7in 3 Eksenli ivme\u00f6l\u00e7er<\/td>\n<\/tr>\n<tr>\n<td bgcolor=\"#C5CAD0\" width=\"27%\" height=\"16\">\u00a0Ortam I\u015f\u0131\u011f\u0131<\/td>\n<td colspan=\"2\" bgcolor=\"#DDDDDD\" width=\"72%\" height=\"16\">Ekran arka \u0131\u015f\u0131\u011f\u0131n\u0131 otomatik ayarlar<\/td>\n<\/tr>\n<tr>\n<td bgcolor=\"#C5CAD0\" width=\"27%\" height=\"16\">\u00a0\u00c7\u00f6z\u00fcn\u00fcrl\u00fck<\/td>\n<td colspan=\"2\" bgcolor=\"#DDDDDD\" width=\"72%\" height=\"16\">800 x 480 piksel<\/td>\n<\/tr>\n<tr>\n<td colspan=\"3\" bgcolor=\"#EAEAEA\" width=\"99%\" height=\"16\"><strong>\u00a0Ekran<\/strong><\/td>\n<\/tr>\n<tr>\n<td bgcolor=\"#C5CAD0\" width=\"27%\" height=\"16\">\u00a0\u00d6zellik<\/td>\n<td colspan=\"2\" bgcolor=\"#DDDDDD\" width=\"72%\" height=\"16\">5 Nokta \u00c7oklu Dokunmatik Sertle\u015ftirilmi\u015f Kapasitif Cam<\/td>\n<\/tr>\n<tr>\n<td bgcolor=\"#C5CAD0\" width=\"27%\" height=\"16\">\u00a0Boyut<\/td>\n<td colspan=\"2\" bgcolor=\"#DDDDDD\" width=\"72%\" height=\"16\">4&#8243; (\u0130n\u00e7)<\/td>\n<\/tr>\n<tr>\n<td bgcolor=\"#C5CAD0\" width=\"27%\" height=\"16\">\u00a0Yak\u0131nl\u0131k<\/td>\n<td colspan=\"2\" bgcolor=\"#DDDDDD\" width=\"72%\" height=\"16\">Y\u00fcze yak\u0131n oldu\u011funda ekran\u0131 otomatik olarak devre d\u0131\u015f\u0131 b\u0131rak\u0131r<\/td>\n<\/tr>\n<tr>\n<td colspan=\"3\" bgcolor=\"#EAEAEA\" width=\"99%\" height=\"16\"><strong>\u00a0Tu\u015f Tak\u0131m\u0131<\/strong><\/td>\n<\/tr>\n<tr>\n<td bgcolor=\"#C5CAD0\" width=\"27%\" height=\"16\">\u00a0Klavye Tipleri<\/td>\n<td colspan=\"2\" bgcolor=\"#DDDDDD\" width=\"72%\" height=\"16\">24 Tu\u015flu: N\u00fcmerik Klavye<\/td>\n<\/tr>\n<tr>\n<td colspan=\"3\" bgcolor=\"#EAEAEA\" width=\"99%\" height=\"16\"><strong>\u00a0\u0130leti\u015fim<\/strong><\/td>\n<\/tr>\n<tr>\n<td bgcolor=\"#C5CAD0\" width=\"27%\" height=\"16\">\u00a0USB<\/td>\n<td colspan=\"2\" bgcolor=\"#DDDDDD\" width=\"72%\" height=\"16\">USB Type-C (OTG Destekli ve Y\u00fcksek H\u0131zl\u0131 USB 2.0)<\/td>\n<\/tr>\n<tr>\n<td rowspan=\"2\" bgcolor=\"#C5CAD0\" width=\"27%\" height=\"10\">\u00a0Wifi<\/td>\n<td bgcolor=\"#DDDDDD\" width=\"10%\" height=\"16\">Bandlar<\/td>\n<td bgcolor=\"#DDDDDD\" width=\"62%\" height=\"16\">IEEE 802.11 a\/b\/g\/n\/ac\/d\/e\/i\/w<\/td>\n<\/tr>\n<tr>\n<td bgcolor=\"#DDDDDD\" width=\"10%\" height=\"16\">Frekans<\/td>\n<td bgcolor=\"#DDDDDD\" width=\"62%\" height=\"16\">2.4 Ghz ve 5 Ghz (\u00dclkeye Ba\u011fl\u0131)<\/td>\n<\/tr>\n<tr>\n<td bgcolor=\"#C5CAD0\" width=\"27%\" height=\"16\">\u00a0WPAN<\/td>\n<td colspan=\"2\" bgcolor=\"#DDDDDD\" width=\"72%\" height=\"16\">Bluetooth V5 (Klasik Bluetooth ve BLE)<\/td>\n<\/tr>\n<tr>\n<td bgcolor=\"#C5CAD0\" width=\"27%\" height=\"16\">\u00a0NFC<\/td>\n<td colspan=\"2\" bgcolor=\"#DDDDDD\" width=\"72%\" height=\"16\">ISO14443-4 (Type-A, type-B), ISO15693, Mifare ve Felica Deste\u011fi<\/td>\n<\/tr>\n<tr>\n<td colspan=\"3\" bgcolor=\"#EAEAEA\" width=\"99%\" height=\"16\"><strong>\u00a0G\u00fc\u00e7 Kayna\u011f\u0131<\/strong><\/td>\n<\/tr>\n<tr>\n<td bgcolor=\"#C5CAD0\" width=\"27%\" height=\"11\">\u00a0Ana pil<\/td>\n<td colspan=\"2\" bgcolor=\"#DDDDDD\" width=\"72%\" height=\"16\">3800 mAh \u015farj edilebilir Lityum ion pil<\/td>\n<\/tr>\n<tr>\n<td colspan=\"3\" bgcolor=\"#EAEAEA\" width=\"99%\" height=\"16\"><strong>\u00a0Fiziksel<\/strong><\/td>\n<\/tr>\n<tr>\n<td rowspan=\"3\" bgcolor=\"#C5CAD0\" width=\"27%\" height=\"12\">\u00a0Boyutlar<\/td>\n<td bgcolor=\"#DDDDDD\" width=\"10%\" height=\"16\">Y\u00fckseklik<\/td>\n<td bgcolor=\"#DDDDDD\" width=\"62%\" height=\"16\">160 mm<\/td>\n<\/tr>\n<tr>\n<td bgcolor=\"#DDDDDD\" width=\"10%\" height=\"16\">Geni\u015flik<\/td>\n<td bgcolor=\"#DDDDDD\" width=\"62%\" height=\"16\">71 mm<\/td>\n<\/tr>\n<tr>\n<td bgcolor=\"#DDDDDD\" width=\"10%\" height=\"16\">Kal\u0131nl\u0131k<\/td>\n<td bgcolor=\"#DDDDDD\" width=\"62%\" height=\"16\">17 mm<\/td>\n<\/tr>\n<tr>\n<td bgcolor=\"#C5CAD0\" width=\"27%\" height=\"5\">\u00a0A\u011f\u0131rl\u0131k<\/td>\n<td colspan=\"2\" bgcolor=\"#DDDDDD\" width=\"72%\" height=\"16\">268 gram<\/td>\n<\/tr>\n<tr>\n<td colspan=\"3\" bgcolor=\"#EAEAEA\" width=\"99%\" height=\"16\"><strong>\u00a0\u00c7evresel<\/strong><\/td>\n<\/tr>\n<tr>\n<td bgcolor=\"#C5CAD0\" width=\"27%\" height=\"16\">\u00a0\u00c7al\u0131\u015fma S\u0131cakl\u0131\u011f\u0131<\/td>\n<td colspan=\"2\" bgcolor=\"#DDDDDD\" width=\"72%\" height=\"16\">-20\u00b0C to 50\u00b0C<\/td>\n<\/tr>\n<tr>\n<td bgcolor=\"#C5CAD0\" width=\"27%\" height=\"16\">\u00a0Saklama S\u0131cakl\u0131\u011f\u0131<\/td>\n<td colspan=\"2\" bgcolor=\"#DDDDDD\" width=\"72%\" height=\"16\">-30\u00b0C to 70\u00b0C<\/td>\n<\/tr>\n<tr>\n<td rowspan=\"2\" bgcolor=\"#C5CAD0\" width=\"27%\" height=\"32\">\u00a0Darbe Dayan\u0131kl\u0131l\u0131\u011f\u0131<\/td>\n<td colspan=\"2\" bgcolor=\"#DDDDDD\" width=\"72%\" height=\"16\">1,2 metre (Stand ile 18 defa d\u00fc\u015fme, IEC62-2-32 Method 1)<\/td>\n<\/tr>\n<tr>\n<td colspan=\"2\" bgcolor=\"#DDDDDD\" width=\"72%\" height=\"16\">1,5 metre (Plastik koruyucu ve Stand ile 18 defa d\u00fc\u015fme, IEC62-2-32 Method 1)<\/td>\n<\/tr>\n<tr>\n<td rowspan=\"2\" bgcolor=\"#C5CAD0\" width=\"27%\" height=\"32\">\u00a0Takla\/D\u00f6nme Dayan\u0131kl\u0131l\u0131\u011f\u0131<\/td>\n<td colspan=\"2\" bgcolor=\"#DDDDDD\" width=\"72%\" height=\"16\">Koruyucu K\u0131l\u0131f olmadan Cihaz: 0,5 metre (200 d\u00f6ng\u00fc) 400 darbeyi a\u015f\u0131yor (IEC 60068-2-32 spesifikasyonuna g\u00f6re)<\/td>\n<\/tr>\n<tr>\n<td colspan=\"2\" bgcolor=\"#DDDDDD\" width=\"72%\" height=\"16\">Koruyucu Kl\u0131f ile Cihaz: 0,5 metre (300 d\u00f6ng\u00fc) 600 darbeyi a\u015f\u0131yor (IEC 60068-2-32 spesifikasyonuna g\u00f6re)<\/td>\n<\/tr>\n<tr>\n<td bgcolor=\"#C5CAD0\" width=\"27%\" height=\"16\">\u00a0IP Standard\u0131<\/td>\n<td colspan=\"2\" bgcolor=\"#DDDDDD\" width=\"72%\" height=\"16\">IP54<\/td>\n<\/tr>\n<tr>\n<td colspan=\"3\" bgcolor=\"#EAEAEA\" width=\"99%\" height=\"16\"><strong>Barkod Okuyucu<\/strong><\/td>\n<\/tr>\n<tr>\n<td bgcolor=\"#C5CAD0\" width=\"27%\" height=\"16\">\u00a0\u00d6zellik<\/td>\n<td colspan=\"2\" bgcolor=\"#DDDDDD\" width=\"72%\" height=\"16\">Ultra Slim Alan Tarama<\/td>\n<\/tr>\n<tr>\n<td bgcolor=\"#C5CAD0\" width=\"27%\" height=\"16\">\u00a0Desteklenen Barkod Tipleri<\/td>\n<td colspan=\"2\" bgcolor=\"#DDDDDD\" width=\"72%\" height=\"16\">1D (\u00c7izgikod) \/ 2D (Karekod)<\/td>\n<\/tr>\n<tr>\n<td bgcolor=\"#C5CAD0\" width=\"27%\" height=\"16\">\u00a0\u00c7\u00f6z\u00fcn\u00fcrl\u00fck<\/td>\n<td colspan=\"2\" bgcolor=\"#DDDDDD\" width=\"72%\" height=\"16\">VGA (640 x 480 Piksel)<\/td>\n<\/tr>\n<tr>\n<td bgcolor=\"#C5CAD0\" width=\"27%\" height=\"16\">\u00a0Do\u011frulama<\/td>\n<td colspan=\"2\" bgcolor=\"#DDDDDD\" width=\"72%\" height=\"16\">Green Spot (Barkod \u00dczerine Ye\u015fil I\u015f\u0131k D\u00fc\u015f\u00fcrme)<\/td>\n<\/tr>\n<tr>\n<td rowspan=\"3\" bgcolor=\"#C5CAD0\" width=\"27%\" height=\"48\">\u00a0Minimum Barkod \u00c7\u00f6z\u00fcn\u00fcrl\u00fc\u011f\u00fc<\/td>\n<td bgcolor=\"#DDDDDD\" width=\"10%\" height=\"16\">1D<\/td>\n<td bgcolor=\"#DDDDDD\" width=\"62%\" height=\"16\">0,01 mm (4 mil)<\/td>\n<\/tr>\n<tr>\n<td rowspan=\"2\" bgcolor=\"#DDDDDD\" width=\"10%\" height=\"32\">2D<\/td>\n<td bgcolor=\"#DDDDDD\" width=\"62%\" height=\"16\">PDF417: 0,167 mm (6,6 mil)<\/td>\n<\/tr>\n<tr>\n<td bgcolor=\"#DDDDDD\" width=\"62%\" height=\"16\">Datamatrix: 0,190 mm (7,5 mil)<\/td>\n<\/tr>\n<tr>\n<td colspan=\"3\" bgcolor=\"#EAEAEA\" width=\"99%\" height=\"16\"><strong>\u00a0\u00c7\u00f6z\u00fcmleme Yetene\u011fi<\/strong><\/td>\n<\/tr>\n<tr>\n<td bgcolor=\"#C5CAD0\" width=\"27%\" height=\"16\">\u00a0Saklama S\u0131cakl\u0131\u011f\u0131<\/td>\n<td colspan=\"2\" bgcolor=\"#DDDDDD\" width=\"72%\" height=\"16\">GS1\/Databar Dahil Standart 1D Linear Kodlar<\/td>\n<\/tr>\n<tr>\n<td bgcolor=\"#C5CAD0\" width=\"27%\" height=\"16\">\u00a02D Kodlar<\/td>\n<td colspan=\"2\" bgcolor=\"#DDDDDD\" width=\"72%\" height=\"16\">Aztec Code, Data Matrix, HanXin Code, MaxiCode, MicroQR Code, QR Code, EAN\/JAN Composites, UPC A\/E Composites<\/td>\n<\/tr>\n<tr>\n<td bgcolor=\"#C5CAD0\" width=\"27%\" height=\"16\">\u00a0Postal Kodlar<\/td>\n<td colspan=\"2\" bgcolor=\"#DDDDDD\" width=\"72%\" height=\"16\">Australian Post, Japan Post, British Post; China Post; IMB, Korea Post, KIX Code, PLANET, POSTNET, Royal Mail Code (RM4SCC)<\/td>\n<\/tr>\n<tr>\n<td bgcolor=\"#C5CAD0\" width=\"27%\" height=\"16\">\u00a0Stacked Kodlar<\/td>\n<td colspan=\"2\" bgcolor=\"#DDDDDD\" width=\"72%\" height=\"16\">\n<p dir=\"ltr\">Micro-PDF417, MacroPDF, PDF417, GS1 DataBar Composites, GS1 DataBar Expanded Stacked, GS1 DataBar Stacked, GS1 DataBar Stacked Omnidirectional<\/p>\n<\/td>\n<\/tr>\n<tr>\n<td colspan=\"3\" bgcolor=\"#EAEAEA\" width=\"99%\" height=\"16\"><strong>\u00a0G\u00fcvenlik<\/strong><\/td>\n<\/tr>\n<tr>\n<td bgcolor=\"#C5CAD0\" width=\"27%\" height=\"32\">\u00a0Kurum Onaylar\u0131<\/td>\n<td colspan=\"2\" bgcolor=\"#DDDDDD\" width=\"72%\" height=\"32\">\u00dcr\u00fcn, ama\u00e7lanan kullan\u0131m\u0131 i\u00e7in gerekli g\u00fcvenlik ve d\u00fczenleme onaylar\u0131na uygundur.<span lang=\"en-us\">\u00a0<\/span>Sertifikalar\u0131n tam listesi i\u00e7in bu \u00fcr\u00fcn\u00fcn Kullan\u0131m K\u0131lavuzuna bak\u0131labilir.<\/td>\n<\/tr>\n<tr>\n<td bgcolor=\"#C5CAD0\" width=\"27%\" height=\"16\">\u00a0\u00c7evresel Uyumluluk<\/td>\n<td colspan=\"2\" bgcolor=\"#DDDDDD\" width=\"72%\" height=\"16\">Avrupa RoHS Uyumlulu\u011fu<\/td>\n<\/tr>\n<tr>\n<td colspan=\"3\" bgcolor=\"#EAEAEA\" width=\"99%\" height=\"16\"><strong>\u00a0Yaz\u0131l\u0131m<\/strong><\/td>\n<\/tr>\n<tr>\n<td bgcolor=\"#C5CAD0\" width=\"27%\" height=\"16\">\u00a0Uygulamalar<\/td>\n<td colspan=\"2\" bgcolor=\"#DDDDDD\" width=\"72%\" height=\"16\">Datalogic SoftSpot (Yaz\u0131l\u0131msal Barkod Okuyucu Tetikleme)<\/td>\n<\/tr>\n<tr>\n<td bgcolor=\"#C5CAD0\" width=\"27%\" height=\"16\">\u00a0Sa\u011flama<\/td>\n<td colspan=\"2\" bgcolor=\"#DDDDDD\" width=\"72%\" height=\"16\">QR Code Kayd\u0131<\/td>\n<\/tr>\n<tr>\n<td bgcolor=\"#C5CAD0\" width=\"27%\" height=\"16\">\u00a0Kurulum ve Bak\u0131m<\/td>\n<td colspan=\"2\" bgcolor=\"#DDDDDD\" width=\"72%\" height=\"16\">Scan2Deploy Studio, DXU<\/td>\n<\/tr>\n<tr>\n<td bgcolor=\"#C5CAD0\" width=\"27%\" height=\"16\">\u00a0Geli\u015ftirme<\/td>\n<td colspan=\"2\" bgcolor=\"#DDDDDD\" width=\"72%\" height=\"16\">Java, Cordova ve Xamarin SDK Deste\u011fi<\/td>\n<\/tr>\n<tr>\n<td bgcolor=\"#C5CAD0\" width=\"27%\" height=\"16\">\u00a0MDM<\/td>\n<td colspan=\"2\" bgcolor=\"#DDDDDD\" width=\"72%\" height=\"16\">SOTI MobiControl, VMWare AirWatch, Ivanti Avalanche, 42Gears SureMDM<\/td>\n<\/tr>\n<tr>\n<td colspan=\"3\" bgcolor=\"#EAEAEA\" width=\"99%\" height=\"16\"><strong>\u00a0Opsiyonel Aksesuarlar<\/strong><\/td>\n<\/tr>\n<tr>\n<td rowspan=\"3\" bgcolor=\"#C5CAD0\" width=\"27%\" height=\"48\">\u00a0Opsiyonel Aksesuarlar<\/td>\n<td colspan=\"2\" bgcolor=\"#DDDDDD\" width=\"72%\" height=\"16\">Tekli Cradle \u00dcnitesi<\/td>\n<\/tr>\n<tr>\n<td colspan=\"2\" bgcolor=\"#DDDDDD\" width=\"72%\" height=\"16\">Plastik Koruyucu<\/td>\n<\/tr>\n<tr>\n<td colspan=\"2\" bgcolor=\"#DDDDDD\" width=\"72%\" height=\"16\">Ta\u015f\u0131ma K\u0131l\u0131f\u0131<\/td>\n<\/tr>\n<\/tbody>\n<\/table>\n<\/td>\n<\/tr>\n<tr>\n<td class=\"function\"><\/td>\n<\/tr>\n<\/tbody>\n<\/table>\n","protected":false},"excerpt":{"rendered":"<p>Sistem \u00a0\u0130\u015flemci Mediatek Sekiz \u00c7ekirdek 2 Ghz Mikro \u0130\u015flemci \u00a0Bellek 3 GB RAM, 32 GB Flash ROM \u00a0\u0130\u015fletim Sistemi Android 9 (Pie) \u00a0Geni\u015fleme Yuvas\u0131 Max. 64 GB Micro SD Kart (SD-HC Uyumlu) \u00a0Ger\u00e7ek Zaman Saati Yaz\u0131l\u0131m kontrol\u00fc alt\u0131nda saat ve tarih damgas\u0131 \u00a0Kamera 8 MP Otomatik Odaklanmal\u0131 ve LED Fla\u015fl\u0131 \u00a0Sens\u00f6rler \u00a0\u0130vme\u00f6l\u00e7er Y\u00f6n\u00fc tespit etmek &hellip;<\/p>\n<p class=\"read-more\"> <a class=\" thunk-readmore button \" href=\"https:\/\/bilginteknoloji.com\/woo\/urun\/datalogic-memor-k-android-9-wifi-bluetooth-kilifli-4-renkli-dokunmatik-ekran-2d-karekod-el-terminali\/\"> <span class=\"screen-reader-text\">DATALOGIC Memor K, Android 9, WiFi, Bluetooth, K\u0131l\u0131fl\u0131, 4&#8243; Renkli Dokunmatik Ekran, 2D Karekod, EL Terminali<\/span>Read More<\/a><\/p>\n","protected":false},"featured_media":389,"template":"","meta":{"om_disable_all_campaigns":false,"_monsterinsights_skip_tracking":false,"_monsterinsights_sitenote_active":false,"_monsterinsights_sitenote_note":"","_monsterinsights_sitenote_category":0},"product_cat":[128],"product_tag":[],"class_list":{"0":"post-388","1":"product","2":"type-product","3":"status-publish","4":"has-post-thumbnail","6":"product_cat-el-terminalleri","7":"thunk-woo-product-list","8":"opn-qv-enable","9":"top-store-woo-hover-zoom","10":"top-store-single-product-tab-horizontal","11":"top-store-shadow-","12":"top-store-shadow-hover-","14":"first","15":"instock","16":"taxable","17":"shipping-taxable","18":"product-type-simple"},"aioseo_notices":[],"_links":{"self":[{"href":"https:\/\/bilginteknoloji.com\/woo\/wp-json\/wp\/v2\/product\/388","targetHints":{"allow":["GET"]}}],"collection":[{"href":"https:\/\/bilginteknoloji.com\/woo\/wp-json\/wp\/v2\/product"}],"about":[{"href":"https:\/\/bilginteknoloji.com\/woo\/wp-json\/wp\/v2\/types\/product"}],"wp:featuredmedia":[{"embeddable":true,"href":"https:\/\/bilginteknoloji.com\/woo\/wp-json\/wp\/v2\/media\/389"}],"wp:attachment":[{"href":"https:\/\/bilginteknoloji.com\/woo\/wp-json\/wp\/v2\/media?parent=388"}],"wp:term":[{"taxonomy":"product_cat","embeddable":true,"href":"https:\/\/bilginteknoloji.com\/woo\/wp-json\/wp\/v2\/product_cat?post=388"},{"taxonomy":"product_tag","embeddable":true,"href":"https:\/\/bilginteknoloji.com\/woo\/wp-json\/wp\/v2\/product_tag?post=388"}],"curies":[{"name":"wp","href":"https:\/\/api.w.org\/{rel}","templated":true}]}}