{"id":1416,"date":"2024-09-16T16:13:18","date_gmt":"2024-09-16T13:13:18","guid":{"rendered":"https:\/\/bilginteknoloji.com\/woo\/?post_type=product&#038;p=1416"},"modified":"2024-09-16T16:13:19","modified_gmt":"2024-09-16T13:13:19","slug":"vento-vs114f-midtower-peak-400w-kurumsal-kasa","status":"publish","type":"product","link":"https:\/\/bilginteknoloji.com\/woo\/urun\/vento-vs114f-midtower-peak-400w-kurumsal-kasa\/","title":{"rendered":"VENTO VS114F MIDTOWER Peak 400W Kurumsal KASA"},"content":{"rendered":"<div class=\"product-detail-content\">\n<div class=\"phPart\"><\/div>\n<\/div>\n<div id=\"ozellikler\" class=\"properties-table\">\n<ul>\n<li>\n<div id=\"ozellikler\" class=\"properties-table\">\n<ul>\n<li>\n<div class=\"product-detail-content\">\n<div class=\"phPart\">\n<p class=\"phHeader\">Vento VS114F 400W PSU USB 3.0 ATX Mid-Tower Kasa Genel \u00d6zellikler<\/p>\n<\/div>\n<div class=\"phPart\">\n<p class=\"phBanner\"><img decoding=\"async\" src=\"https:\/\/www.detayresimler.com\/urun\/V\/VS114F400.jpg\" alt=\"\" \/><\/p>\n<\/div>\n<div class=\"phPart\">\n<p class=\"phBanner\"><img decoding=\"async\" src=\"https:\/\/www.detayresimler.com\/urun\/V\/VS114F400_1.jpg\" alt=\"\" \/><\/p>\n<\/div>\n<div class=\"phPart\">\n<div class=\"phLine\"><span class=\"phText\">Vento VS114FElegant ve pop\u00fcler dizayn<\/span><\/div>\n<div class=\"phLineBreak\"><\/div>\n<\/div>\n<div class=\"phPart\">\n<p class=\"phBanner\"><img decoding=\"async\" src=\"https:\/\/www.detayresimler.com\/urun\/V\/VS114F400_2.jpg\" alt=\"\" \/><\/p>\n<\/div>\n<div class=\"phPart\">\n<div class=\"phLine\"><span class=\"phText\">Y\u00fcksek Kaliteli Yap\u0131Piano black \u00f6n panel tasar\u0131m\u0131na sahip Vento VS114F, y\u00fcksek kaliteli bir yap\u0131ya sahiptir.<\/span><\/div>\n<div class=\"phLineBreak\"><\/div>\n<\/div>\n<div class=\"phPart\">\n<p class=\"phBanner\"><img decoding=\"async\" src=\"https:\/\/www.detayresimler.com\/urun\/V\/VS114F400_4.jpg\" alt=\"\" \/><\/p>\n<\/div>\n<div class=\"phPart\">\n<div class=\"phLine\"><span class=\"phText\">Kullan\u0131c\u0131 DostuKullan\u0131c\u0131 dostu \u00f6n panelde yer alan 1 adet USB 3.0, 1 adet USB 2.0,\u00a0<a href=\"https:\/\/www.incehesap.com\/gaming-kulaklik-fiyatlari\/\" rel=\"nofollow\">kulakl\u0131k<\/a>\u00a0ve mikrofon giri\u015fleri kolay ula\u015f\u0131labilir noktada hizmetinize haz\u0131rd\u0131r.<\/span><\/div>\n<div class=\"phLineBreak\"><\/div>\n<\/div>\n<div class=\"phPart\">\n<p class=\"phBanner\"><img decoding=\"async\" src=\"https:\/\/www.detayresimler.com\/urun\/V\/VS114F400_3.jpg\" alt=\"\" \/><\/p>\n<\/div>\n<div class=\"phPart\">\n<div class=\"phLine\"><span class=\"phText\">Kompakt Dizayn\u0130\u00e7 yerle\u015fimi pratiktir ve h\u0131zl\u0131 bir kurulum i\u00e7in kolayl\u0131k sa\u011flar.<\/span><\/div>\n<div class=\"phLineBreak\"><\/div>\n<\/div>\n<div class=\"phPart\">\n<p class=\"phBanner\"><img decoding=\"async\" src=\"https:\/\/www.detayresimler.com\/urun\/V\/VS114F400_6.jpg\" alt=\"\" \/><\/p>\n<\/div>\n<div class=\"phPart\">\n<div class=\"phLine\"><span class=\"phText\">Geni\u015f AlanVS114F kasa, dahili g\u00fc\u00e7 kayna\u011f\u0131, 7 adet geni\u015fleme yuvas\u0131, \u00f6nde 2 x 120mm ve arkada 1 x 80mm olmak \u00fczere toplam 3 adet fan deste\u011fi ile g\u00fcnl\u00fck i\u015flerinizi kolayla\u015ft\u0131rmak i\u00e7in haz\u0131r.<\/span><\/div>\n<div class=\"phLineBreak\"><\/div>\n<\/div>\n<div class=\"phPart\">\n<p class=\"phBanner\"><img decoding=\"async\" src=\"https:\/\/www.detayresimler.com\/urun\/V\/VS114F400_5.jpg\" alt=\"\" \/><\/p>\n<\/div>\n<div class=\"phPart\">\n<div class=\"phLine\"><span class=\"phText\"><a href=\"https:\/\/www.incehesap.com\/anakart-fiyatlari\/\" rel=\"nofollow\">Anakart<\/a>\u00a0Deste\u011fiVento VS114F, ATX, Micro-ATX ve Mini-ITX\u00a0<a href=\"https:\/\/www.incehesap.com\/anakart-fiyatlari\/\" rel=\"nofollow\">anakart<\/a>larla tam uyumlulu\u011fa sahiptir.<\/span><\/div>\n<div class=\"phLineBreak\"><\/div>\n<\/div>\n<div class=\"phPart\">\n<p class=\"phBanner\"><img decoding=\"async\" src=\"https:\/\/www.detayresimler.com\/urun\/V\/VS114F400_7.jpg\" alt=\"\" \/><\/p>\n<\/div>\n<div class=\"phPart\"><span class=\"phSpecHeader\">Teknik \u00d6zellikler<\/span><\/p>\n<div class=\"phSpec\">\n<div>MarkaVento<\/div>\n<div>Model KoduVS114F<\/div>\n<div>RenkSiyah<\/div>\n<div>Kasa TipiATX Tower<\/div>\n<div><a href=\"https:\/\/www.incehesap.com\/anakart-fiyatlari\/\" rel=\"nofollow\">Anakart<\/a>\u00a0Deste\u011fiATX, Micro ATX, Mini ITX<\/div>\n<div>G\u00fc\u00e7 Kayna\u011f\u0131400W<\/div>\n<div>G\u00fc\u00e7 Kayna\u011f\u0131 Konumu\u00dcstte<\/div>\n<div>USB 2.01 adet<\/div>\n<div>USB 3.01 adet<\/div>\n<div>Fan Yuvalar\u01313 (\u00d6n: 2 x 120mm \/ Arka: 1 x 80mm)<\/div>\n<div><a href=\"https:\/\/www.incehesap.com\/pc-toplama-sihirbazi\/\" rel=\"nofollow\">PC<\/a>I Yuva Say\u0131s\u01317<\/div>\n<div>5.25 in\u00e7 S\u00fcr\u00fcc\u00fc Yuvas\u01311<\/div>\n<div>3.5 in\u00e7 S\u00fcr\u00fcc\u00fc Yuvas\u01312<\/div>\n<div>2.5 in\u00e7 S\u00fcr\u00fcc\u00fc Yuvas\u01312<\/div>\n<div>Boyutlar330 x 175 x 405 mm<\/div>\n<\/div>\n<\/div>\n<\/div>\n<div id=\"ozellikler\" class=\"properties-table\">\n<h2>Vento VS114F 400W Dahili PSUlu USB 3.0 ATX Mid-Tower Kasa \u00d6zellikleri<\/h2>\n<ul>\n<li>Kasa Yap\u0131s\u0131Midi Tower<\/li>\n<li>G\u00fc\u00e7 Kayna\u011f\u0131400 Watt<\/li>\n<li>Anakart Deste\u011fiATX, Micro ATX, Mini ITX<\/li>\n<li>\u00d6n Panel \u00c7\u0131k\u0131\u015f\u01311 x USB 3.0, 1 x USB 2.0, 1 x Kulakl\u0131k \u00c7\u0131k\u0131\u015f\u0131 , 1 x Mikrofon Giri\u015fi<\/li>\n<li>Geni\u015fleme Yuvalar\u01317 PCI<\/li>\n<li>Harici 5.25&#8243; S\u00fcr\u00fcc\u00fc Yuvalar\u01311<\/li>\n<li>Dahili 3.5&#8243; S\u00fcr\u00fcc\u00fc Yuvalar\u01312<\/li>\n<li>Dahili 2.5&#8243; S\u00fcr\u00fcc\u00fc Yuvas\u01312<\/li>\n<li>G\u00fc\u00e7 Kayna\u011f\u0131 Konumu\u00dcstte<\/li>\n<li>Boyut330 x 175 x 405 mm<\/li>\n<li>RenkSiyah<\/li>\n<li>Garanti24 Ay Garanti<\/li>\n<\/ul>\n<\/div>\n<\/li>\n<\/ul>\n<\/div>\n<\/li>\n<\/ul>\n<\/div>\n","protected":false},"excerpt":{"rendered":"<table class=\"product-detail\" border=\"0\" width=\"100%\" cellspacing=\"0\" cellpadding=\"0\">\n<tbody>\n<tr>\n<td class=\"product-detail-02\" width=\"34%\">Kasa Tipi:<\/td>\n<td width=\"66%\">\u00a0MIDI TOWER<\/td>\n<\/tr>\n<tr>\n<td class=\"product-detail-02\" width=\"34%\">Kasa Form:<\/td>\n<td width=\"66%\">\u00a0ATX<\/td>\n<\/tr>\n<tr>\n<td class=\"product-detail-02\" width=\"34%\">G\u00fc\u00e7 Kayna\u011f\u0131:<\/td>\n<td width=\"66%\">\u00a0400 W<\/td>\n<\/tr>\n<tr>\n<td class=\"product-detail-02\" width=\"34%\">Pencere:<\/td>\n<td width=\"66%\">\u00a0YOK<\/td>\n<\/tr>\n<\/tbody>\n<\/table>\n","protected":false},"featured_media":1417,"template":"","meta":{"om_disable_all_campaigns":false,"_monsterinsights_skip_tracking":false,"_monsterinsights_sitenote_active":false,"_monsterinsights_sitenote_note":"","_monsterinsights_sitenote_category":0},"product_cat":[428],"product_tag":[],"class_list":{"0":"post-1416","1":"product","2":"type-product","3":"status-publish","4":"has-post-thumbnail","6":"product_cat-atx-kasalar","7":"thunk-woo-product-list","8":"opn-qv-enable","9":"top-store-woo-hover-zoom","10":"top-store-single-product-tab-horizontal","11":"top-store-shadow-","12":"top-store-shadow-hover-","14":"first","15":"instock","16":"taxable","17":"shipping-taxable","18":"product-type-simple"},"aioseo_notices":[],"_links":{"self":[{"href":"https:\/\/bilginteknoloji.com\/woo\/wp-json\/wp\/v2\/product\/1416","targetHints":{"allow":["GET"]}}],"collection":[{"href":"https:\/\/bilginteknoloji.com\/woo\/wp-json\/wp\/v2\/product"}],"about":[{"href":"https:\/\/bilginteknoloji.com\/woo\/wp-json\/wp\/v2\/types\/product"}],"wp:featuredmedia":[{"embeddable":true,"href":"https:\/\/bilginteknoloji.com\/woo\/wp-json\/wp\/v2\/media\/1417"}],"wp:attachment":[{"href":"https:\/\/bilginteknoloji.com\/woo\/wp-json\/wp\/v2\/media?parent=1416"}],"wp:term":[{"taxonomy":"product_cat","embeddable":true,"href":"https:\/\/bilginteknoloji.com\/woo\/wp-json\/wp\/v2\/product_cat?post=1416"},{"taxonomy":"product_tag","embeddable":true,"href":"https:\/\/bilginteknoloji.com\/woo\/wp-json\/wp\/v2\/product_tag?post=1416"}],"curies":[{"name":"wp","href":"https:\/\/api.w.org\/{rel}","templated":true}]}}