{"id":1368,"date":"2024-09-16T12:24:30","date_gmt":"2024-09-16T09:24:30","guid":{"rendered":"https:\/\/bilginteknoloji.com\/woo\/?post_type=product&#038;p=1368"},"modified":"2024-09-16T12:24:30","modified_gmt":"2024-09-16T09:24:30","slug":"dell-rok-windows-server-2022-standart-16core-w2k22std-rok","status":"publish","type":"product","link":"https:\/\/bilginteknoloji.com\/woo\/urun\/dell-rok-windows-server-2022-standart-16core-w2k22std-rok\/","title":{"rendered":"DELL ROK, Windows Server 2022, Standart, 16Core, (W2K22STD-ROK)"},"content":{"rendered":"<table border=\"0\" width=\"100%\" cellspacing=\"0\" cellpadding=\"0\">\n<tbody>\n<tr>\n<td class=\"urundetayaciklamasi\"><strong>Windows Server 2022<\/strong>,\u00a0Microsoft&#8217;un\u00a0Windows Server\u00a0i\u015fletim sistemi ailesinin son s\u00fcr\u00fcm\u00fcd\u00fcr. Di\u011fer\u00a0Windows Server\u00a0i\u015fletim sistemlerinden fark\u0131\u00a0Microsoft Edge Chromium\u00a0ile beraber gelmektedir.<\/p>\n<h2><span class=\"mw-headline\">Yenilikler<\/span><\/h2>\n<p>A\u015fa\u011f\u0131daki yeni \u00f6zellikler Windows Server 2022 ile duyuruldu:\u00a0<sup>[1]<\/sup><\/p>\n<ul>\n<li>G\u00fcvenli \u00e7ekirdekli sunucu: Sertifikal\u0131 donan\u0131m\u0131n geni\u015fletilmi\u015f g\u00fcvenlik \u00f6zellikleri<\/li>\n<li>Donan\u0131m g\u00fcven k\u00f6k\u00fc:\u00a0BitLocker\u00a0i\u00e7in\u00a0TPM\u00a02.0 \u015fifreleme i\u015flevleri<\/li>\n<li>Firmware\u00a0korumas\u0131: Firmware sald\u0131r\u0131lar\u0131na kar\u015f\u0131 koruma<\/li>\n<li>Sanalla\u015ft\u0131rma tabanl\u0131 g\u00fcvenlik (VBS): Kritik verilerin sanalla\u015ft\u0131r\u0131lm\u0131\u015f ortamlarda depolanmas\u0131<\/li>\n<li>HTTPS\u00a0standart olarak\u00a0TLS\u00a01.3 ile gelir.<\/li>\n<li>HTTPS\u00a0\u00fczerinden \u015fifreli\u00a0DNS\u00a0deste\u011fi<\/li>\n<li>SMB\u00a0AES-256\u00a0\u015fifreleme<\/li>\n<li>Y\u00fck devretme k\u00fcme teknikleri i\u00e7in \u015fifrelemenin iyile\u015ftirilmesi<\/li>\n<li>SMB\u00a0Do\u011frudan \u015fifreleme uzant\u0131lar\u0131<\/li>\n<li>QUIC\u00a0protokol\u00fc arac\u0131l\u0131\u011f\u0131yla\u00a0SMB<\/li>\n<li>KOB\u0130 s\u0131k\u0131\u015ft\u0131rma deste\u011fi<\/li>\n<li>Azure\u00a0Arc: Bulut hizmetlerinin y\u00f6netimi i\u00e7in destek.<\/li>\n<li>Geni\u015fletilmi\u015f Windows Y\u00f6netici Merkezi<\/li>\n<li>Windows Kapsay\u0131c\u0131 ve\u00a0Docker\u00a0g\u00f6r\u00fcnt\u00fc azaltma iyile\u015ftirmeleri<\/li>\n<li>AMD \u0130\u015flemcilerde\u00a0sanalla\u015ft\u0131rma i\u00e7in yenilikler<\/li>\n<li>Microsoft Edge\u00a0varsay\u0131lan taray\u0131c\u0131 olarak \u00f6nceden y\u00fcklenmi\u015f olarak geliyor.<\/li>\n<li>UDP\u00a0ve\u00a0TCP\u00a0performans\u0131 i\u00e7in iyile\u015ftirmeler.<\/li>\n<\/ul>\n<table>\n<caption>Windows Server 2022<\/caption>\n<tbody>\n<tr>\n<td colspan=\"2\"><a href=\"https:\/\/tr.wikipedia.org\/wiki\/Dosya:Windows_Server_2022_logo.svg\"><img loading=\"lazy\" decoding=\"async\" src=\"https:\/\/www.detayresimler.com\/urun\/6\/634-W2K22STD.jpg\" alt=\"Windows Server 2022 logo.svg\" width=\"450\" height=\"50\" \/><\/a><\/td>\n<\/tr>\n<tr>\n<td colspan=\"2\"><a href=\"https:\/\/tr.wikipedia.org\/wiki\/Dosya:Windows_Server_2022_Ekran_G%C3%B6r%C3%BCnt%C3%BCs%C3%BC.png\"><img loading=\"lazy\" decoding=\"async\" src=\"https:\/\/www.detayresimler.com\/urun\/6\/634-W2K22STD_1.jpg\" alt=\"Windows Server 2022 Ekran G\u00f6r\u00fcnt\u00fcs\u00fc.png\" width=\"300\" height=\"169\" \/><\/a><\/td>\n<\/tr>\n<tr>\n<th scope=\"row\">Geli\u015ftirici(ler)<\/th>\n<td><a title=\"Microsoft\" href=\"https:\/\/tr.wikipedia.org\/wiki\/Microsoft\">Microsoft<\/a><\/td>\n<\/tr>\n<tr>\n<th scope=\"row\">\u0130\u015fletim sistemi ailesi<\/th>\n<td><a title=\"Microsoft Windows\" href=\"https:\/\/tr.wikipedia.org\/wiki\/Microsoft_Windows\">Microsoft Windows<\/a><\/td>\n<\/tr>\n<tr>\n<th scope=\"row\"><a title=\"Yaz\u0131l\u0131m ya\u015fam d\u00f6ng\u00fcs\u00fc\" href=\"https:\/\/tr.wikipedia.org\/wiki\/Yaz%C4%B1l%C4%B1m_ya%C5%9Fam_d%C3%B6ng%C3%BCs%C3%BC\">Son kararl\u0131 s\u00fcr\u00fcm\u00fc<\/a><\/th>\n<td>10.0.20348.169\u00a0<small>( 18 A\u011fustos 2021)<\/small><\/td>\n<\/tr>\n<tr>\n<th scope=\"row\"><a title=\"Yaz\u0131l\u0131m ya\u015fam d\u00f6ng\u00fcs\u00fc\" href=\"https:\/\/tr.wikipedia.org\/wiki\/Yaz%C4%B1l%C4%B1m_ya%C5%9Fam_d%C3%B6ng%C3%BCs%C3%BC\">Son \u00f6nizleme s\u00fcr\u00fcm\u00fc<\/a><\/th>\n<td>10.0.20303\u00a0<small>( 6 Mart 2021)<\/small><\/td>\n<\/tr>\n<tr>\n<th scope=\"row\">Kaynak t\u00fcr\u00fc<\/th>\n<td><a class=\"mw-redirect\" title=\"Kapal\u0131 kaynak\" href=\"https:\/\/tr.wikipedia.org\/wiki\/Kapal%C4%B1_kaynak\">Kapal\u0131 kaynak<\/a><\/td>\n<\/tr>\n<tr>\n<th scope=\"row\"><a title=\"\u00c7ekirdek (bilgisayar bilimi)\" href=\"https:\/\/tr.wikipedia.org\/wiki\/%C3%87ekirdek_(bilgisayar_bilimi)\">\u00c7ekirdek<\/a>\u00a0t\u00fcr\u00fc<\/th>\n<td><a class=\"mw-redirect mw-disambig\" title=\"Hybrid\" href=\"https:\/\/tr.wikipedia.org\/wiki\/Hybrid\">Hybrid<\/a>\u00a0(<a title=\"Windows NT\" href=\"https:\/\/tr.wikipedia.org\/wiki\/Windows_NT\">Windows NT<\/a>)<\/td>\n<\/tr>\n<tr>\n<th scope=\"row\"><a class=\"mw-redirect\" title=\"Bilgisayar platformu\" href=\"https:\/\/tr.wikipedia.org\/wiki\/Bilgisayar_platformu\">Platform<\/a>\u00a0deste\u011fi<\/th>\n<td><a title=\"X86-64\" href=\"https:\/\/tr.wikipedia.org\/wiki\/X86-64\">x64<\/a><\/td>\n<\/tr>\n<tr>\n<th scope=\"row\">\u00d6nc\u00fcl\u00fc<\/th>\n<td><a title=\"Windows Server 2019\" href=\"https:\/\/tr.wikipedia.org\/wiki\/Windows_Server_2019\">Windows Server 2019<\/a><\/td>\n<\/tr>\n<tr>\n<th scope=\"row\">Web sitesi<\/th>\n<td><a href=\"https:\/\/www.microsoft.com\/tr-tr\/windows-server\" rel=\"nofollow\">\/\/www.microsoft.com\/tr-tr\/windows-server<\/a><\/td>\n<\/tr>\n<tr>\n<td colspan=\"2\"><\/td>\n<\/tr>\n<tr>\n<th scope=\"row\">\u00c7\u0131k\u0131\u015f Tarihi<\/th>\n<td>A\u011fustos 2021<\/td>\n<\/tr>\n<tr>\n<th scope=\"row\">Temel Deste\u011fin Sona Ermesi<\/th>\n<td>13 Ekim 2026<\/td>\n<\/tr>\n<tr>\n<th scope=\"row\">Geni\u015fletilmi\u015f Deste\u011fin Sona Ermesi<\/th>\n<td>14 Ekim 2031<\/td>\n<\/tr>\n<\/tbody>\n<\/table>\n<\/td>\n<\/tr>\n<tr>\n<td class=\"function\"><\/td>\n<\/tr>\n<\/tbody>\n<\/table>\n","protected":false},"excerpt":{"rendered":"<table border=\"0\" cellspacing=\"0\" cellpadding=\"0\">\n<tbody>\n<tr>\n<td>\n<table class=\"product-detail\" border=\"0\" width=\"100%\" cellspacing=\"0\" cellpadding=\"0\">\n<tbody>\n<tr>\n<td class=\"product-detail-02\" width=\"34%\">\u0130\u015fletim Sistemi:<\/td>\n<td width=\"66%\">\u00a0WINDOWS SERVER 2022<\/td>\n<\/tr>\n<tr>\n<td class=\"product-detail-02\" width=\"34%\">Sat\u0131\u015f \u015eekli:<\/td>\n<td width=\"66%\">\u00a0OEM<\/td>\n<\/tr>\n<\/tbody>\n<\/table>\n<\/td>\n<\/tr>\n<\/tbody>\n<\/table>\n","protected":false},"featured_media":1369,"template":"","meta":{"om_disable_all_campaigns":false,"_monsterinsights_skip_tracking":false,"_monsterinsights_sitenote_active":false,"_monsterinsights_sitenote_note":"","_monsterinsights_sitenote_category":0},"product_cat":[165],"product_tag":[],"class_list":{"0":"post-1368","1":"product","2":"type-product","3":"status-publish","4":"has-post-thumbnail","6":"product_cat-isletim-sistemleri","7":"thunk-woo-product-list","8":"opn-qv-enable","9":"top-store-woo-hover-zoom","10":"top-store-single-product-tab-horizontal","11":"top-store-shadow-","12":"top-store-shadow-hover-","14":"first","15":"instock","16":"taxable","17":"shipping-taxable","18":"product-type-simple"},"aioseo_notices":[],"_links":{"self":[{"href":"https:\/\/bilginteknoloji.com\/woo\/wp-json\/wp\/v2\/product\/1368","targetHints":{"allow":["GET"]}}],"collection":[{"href":"https:\/\/bilginteknoloji.com\/woo\/wp-json\/wp\/v2\/product"}],"about":[{"href":"https:\/\/bilginteknoloji.com\/woo\/wp-json\/wp\/v2\/types\/product"}],"wp:featuredmedia":[{"embeddable":true,"href":"https:\/\/bilginteknoloji.com\/woo\/wp-json\/wp\/v2\/media\/1369"}],"wp:attachment":[{"href":"https:\/\/bilginteknoloji.com\/woo\/wp-json\/wp\/v2\/media?parent=1368"}],"wp:term":[{"taxonomy":"product_cat","embeddable":true,"href":"https:\/\/bilginteknoloji.com\/woo\/wp-json\/wp\/v2\/product_cat?post=1368"},{"taxonomy":"product_tag","embeddable":true,"href":"https:\/\/bilginteknoloji.com\/woo\/wp-json\/wp\/v2\/product_tag?post=1368"}],"curies":[{"name":"wp","href":"https:\/\/api.w.org\/{rel}","templated":true}]}}