{"id":1364,"date":"2024-09-16T12:19:04","date_gmt":"2024-09-16T09:19:04","guid":{"rendered":"https:\/\/bilginteknoloji.com\/woo\/?post_type=product&#038;p=1364"},"modified":"2024-09-16T12:19:04","modified_gmt":"2024-09-16T09:19:04","slug":"everest-tk-4085-38-85-tv-duvar-aski-aparati","status":"publish","type":"product","link":"https:\/\/bilginteknoloji.com\/woo\/urun\/everest-tk-4085-38-85-tv-duvar-aski-aparati\/","title":{"rendered":"EVEREST TK-4085 38&#8243;- 85&#8243; TV Duvar Ask\u0131 Aparat\u0131"},"content":{"rendered":"<h2 class=\"title title--general\"><span class=\"example1\">EVEREST TK-4085 40&#8243;-85&#8243; VESA 300X300-400X400-600X400 MAX 50KG \u00d6ZELL\u0130KLER\u0130<\/span><\/h2>\n<p>&nbsp;<\/p>\n<div>\u00a0 \u00a0 \u00a0 \u00a0 \u00a0 \u00a0 \u00a0 \u00a0 \u00a0 \u00a0 \u00a0 \u00a0 \u00a0 \u00a0 \u00a0 \u00a0 \u00a0 \u00a0 \u00a0 \u00a0 \u00a0 \u00a0 \u00a0 \u00a0 \u00a0 \u00a0 \u00a0 \u00a0<img decoding=\"async\" class=\"gf-top-img lazyimg lazy-init\" title=\"Everest TK-4085 40\" src=\"https:\/\/www.detayresimler.com\/urun\/T\/TK-4085.jpg\" alt=\"Everest TK-4085 40\" \/><\/div>\n","protected":false},"excerpt":{"rendered":"<p>EVEREST TK-4085 40&#8243;-85&#8243; VESA 300X300-400X400-600X400 MAX 50KG \u00d6ZELL\u0130KLER\u0130 &nbsp; \u00a0 \u00a0 \u00a0 \u00a0 \u00a0 \u00a0 \u00a0 \u00a0 \u00a0 \u00a0 \u00a0 \u00a0 \u00a0 \u00a0 \u00a0 \u00a0 \u00a0 \u00a0 \u00a0 \u00a0 \u00a0 \u00a0 \u00a0 \u00a0 \u00a0 \u00a0 \u00a0 \u00a0<\/p>\n","protected":false},"featured_media":1365,"template":"","meta":{"om_disable_all_campaigns":false,"_monsterinsights_skip_tracking":false,"_monsterinsights_sitenote_active":false,"_monsterinsights_sitenote_note":"","_monsterinsights_sitenote_category":0},"product_cat":[224],"product_tag":[],"class_list":{"0":"post-1364","1":"product","2":"type-product","3":"status-publish","4":"has-post-thumbnail","6":"product_cat-televizyon-akseuarlari","7":"thunk-woo-product-list","8":"opn-qv-enable","9":"top-store-woo-hover-zoom","10":"top-store-single-product-tab-horizontal","11":"top-store-shadow-","12":"top-store-shadow-hover-","14":"first","15":"instock","16":"taxable","17":"shipping-taxable","18":"product-type-simple"},"aioseo_notices":[],"_links":{"self":[{"href":"https:\/\/bilginteknoloji.com\/woo\/wp-json\/wp\/v2\/product\/1364","targetHints":{"allow":["GET"]}}],"collection":[{"href":"https:\/\/bilginteknoloji.com\/woo\/wp-json\/wp\/v2\/product"}],"about":[{"href":"https:\/\/bilginteknoloji.com\/woo\/wp-json\/wp\/v2\/types\/product"}],"wp:featuredmedia":[{"embeddable":true,"href":"https:\/\/bilginteknoloji.com\/woo\/wp-json\/wp\/v2\/media\/1365"}],"wp:attachment":[{"href":"https:\/\/bilginteknoloji.com\/woo\/wp-json\/wp\/v2\/media?parent=1364"}],"wp:term":[{"taxonomy":"product_cat","embeddable":true,"href":"https:\/\/bilginteknoloji.com\/woo\/wp-json\/wp\/v2\/product_cat?post=1364"},{"taxonomy":"product_tag","embeddable":true,"href":"https:\/\/bilginteknoloji.com\/woo\/wp-json\/wp\/v2\/product_tag?post=1364"}],"curies":[{"name":"wp","href":"https:\/\/api.w.org\/{rel}","templated":true}]}}