{"id":1299,"date":"2024-09-07T14:34:48","date_gmt":"2024-09-07T11:34:48","guid":{"rendered":"https:\/\/bilginteknoloji.com\/woo\/?post_type=product&#038;p=1299"},"modified":"2024-09-07T14:34:49","modified_gmt":"2024-09-07T11:34:49","slug":"mercusys-mw305r-4port-300mbps-2-4ghz-wifi-router","status":"publish","type":"product","link":"https:\/\/bilginteknoloji.com\/woo\/urun\/mercusys-mw305r-4port-300mbps-2-4ghz-wifi-router\/","title":{"rendered":"MERCUSYS MW305R 4Port 300Mbps 2.4Ghz WiFi Router"},"content":{"rendered":"<p>MERCUSYS MW305R, 4Port, 300Mbps, 2.4Ghz WiFi, Masa\u00fcst\u00fc, Megabit, Router<\/p>\n<table>\n<tbody>\n<tr>\n<th class=\"semibold\">Boyutlar (E X B X Y)<\/th>\n<td><span style=\"vertical-align: inherit;\"><span style=\"vertical-align: inherit;\">169x116x35 mm<\/span><\/span><\/td>\n<\/tr>\n<tr>\n<th class=\"semibold\">Harici G\u00fc\u00e7 Kayna\u011f\u0131<\/th>\n<td><span style=\"vertical-align: inherit;\"><span style=\"vertical-align: inherit;\">5VDC\/0.6A<\/span><\/span><\/td>\n<\/tr>\n<tr>\n<th class=\"semibold\">Anten Tipi<\/th>\n<td><span style=\"vertical-align: inherit;\"><span style=\"vertical-align: inherit;\">3 x 5dBi sabit \u00e7ok y\u00f6nl\u00fc antenler<\/span><\/span><\/td>\n<\/tr>\n<tr>\n<th class=\"semibold\">Sinyal h\u0131z\u0131<\/th>\n<td><span style=\"vertical-align: inherit;\"><span style=\"vertical-align: inherit;\">11n: 300Mbps&#8217;ye kadar (Dinamik)<\/span><\/span><\/p>\n<p><span style=\"vertical-align: inherit;\"><span style=\"vertical-align: inherit;\">11g: 54Mbps&#8217;ye kadar (Dinamik)<\/span><\/span><\/p>\n<p><span style=\"vertical-align: inherit;\"><span style=\"vertical-align: inherit;\">11b: 11Mbps&#8217;ye kadar (Dinamik)<\/span><\/span><\/td>\n<\/tr>\n<tr>\n<th class=\"semibold\"><span style=\"vertical-align: inherit;\"><span style=\"vertical-align: inherit;\">d\u00fc\u011fme<\/span><\/span><\/th>\n<td><span style=\"vertical-align: inherit;\"><span style=\"vertical-align: inherit;\">S\u0131f\u0131rlama\/WPS d\u00fc\u011fmesi<\/span><\/span><\/td>\n<\/tr>\n<tr>\n<th class=\"semibold\">Wireless Standard\u0131<\/th>\n<td><span style=\"vertical-align: inherit;\"><span style=\"vertical-align: inherit;\">IEEE 802.11n, IEEE 802.11g, IEEE 802.11b<\/span><\/span><\/td>\n<\/tr>\n<tr>\n<th class=\"semibold\"><span style=\"vertical-align: inherit;\"><span style=\"vertical-align: inherit;\">S\u0131kl\u0131k<\/span><\/span><\/th>\n<td><span style=\"vertical-align: inherit;\"><span style=\"vertical-align: inherit;\">2,4 &#8211; 2,4835 GHz<\/span><\/span><\/td>\n<\/tr>\n<tr>\n<th class=\"semibold\">Al\u0131m hassasiyeti<\/th>\n<td><span style=\"vertical-align: inherit;\"><span style=\"vertical-align: inherit;\">270M: -70dBm@%10 PER<\/span><\/span><\/p>\n<p><span style=\"vertical-align: inherit;\"><span style=\"vertical-align: inherit;\">130M: -74dBm@%10 PER<\/span><\/span><\/p>\n<p><span style=\"vertical-align: inherit;\"><span style=\"vertical-align: inherit;\">108M: -74dBm@%10 PER<\/span><\/span><\/p>\n<p><span style=\"vertical-align: inherit;\"><span style=\"vertical-align: inherit;\">54M: -77dBm@%10 PER<\/span><\/span><\/p>\n<p><span style=\"vertical-align: inherit;\"><span style=\"vertical-align: inherit;\">11M: -87dBm@%8 PER<\/span><\/span><\/p>\n<p><span style=\"vertical-align: inherit;\"><span style=\"vertical-align: inherit;\">6M: -90dBm@10% BA\u015eINA<\/span><\/span><\/p>\n<p><span style=\"vertical-align: inherit;\"><span style=\"vertical-align: inherit;\">1M: -98dBm@%8 PER<\/span><\/span><\/td>\n<\/tr>\n<tr>\n<th class=\"semibold\">Aray\u00fczler<\/th>\n<td><span style=\"vertical-align: inherit;\"><span style=\"vertical-align: inherit;\">3 10\/100Mbps LAN portu<\/span><\/span><\/p>\n<p><span style=\"vertical-align: inherit;\"><span style=\"vertical-align: inherit;\">1 10\/100Mbps WAN portu<\/span><\/span><\/td>\n<\/tr>\n<tr>\n<th class=\"semibold\"><span style=\"vertical-align: inherit;\"><span style=\"vertical-align: inherit;\">Sertifikalar<\/span><\/span><\/th>\n<td><span style=\"vertical-align: inherit;\"><span style=\"vertical-align: inherit;\">CE, ROHS<\/span><\/span><\/td>\n<\/tr>\n<tr>\n<th class=\"semibold\"><span style=\"vertical-align: inherit;\"><span style=\"vertical-align: inherit;\">Paket \u0130\u00e7eri\u011fi<\/span><\/span><\/th>\n<td><span style=\"vertical-align: inherit;\"><span style=\"vertical-align: inherit;\">300Mbps Kablosuz N Y\u00f6nlendirici\u00a0<\/span><\/span><\/p>\n<p><span style=\"vertical-align: inherit;\"><span style=\"vertical-align: inherit;\">MW305R<\/span><\/span><\/p>\n<p><span style=\"vertical-align: inherit;\"><span style=\"vertical-align: inherit;\">G\u00fc\u00e7 adapt\u00f6r\u00fc<\/span><\/span><\/p>\n<p><span style=\"vertical-align: inherit;\"><span style=\"vertical-align: inherit;\">H\u0131zl\u0131 kurulum k\u0131lavuzu <\/span><\/span><br \/>\n<span style=\"vertical-align: inherit;\"><span style=\"vertical-align: inherit;\">Ethernet kablosu<\/span><\/span><\/td>\n<\/tr>\n<tr>\n<th class=\"semibold\"><span style=\"vertical-align: inherit;\"><span style=\"vertical-align: inherit;\">\u00c7evre<\/span><\/span><\/th>\n<td><span style=\"vertical-align: inherit;\"><span style=\"vertical-align: inherit;\">\u00c7al\u0131\u015fma s\u0131cakl\u0131\u011f\u0131: 0C ~ 40C (32F ~ 104F)<\/span><\/span><\/p>\n<p><span style=\"vertical-align: inherit;\"><span style=\"vertical-align: inherit;\">Depolama s\u0131cakl\u0131\u011f\u0131: -40C ~ 70C (-40F ~ 158F)<\/span><\/span><\/p>\n<p><span style=\"vertical-align: inherit;\"><span style=\"vertical-align: inherit;\">\u00c7al\u0131\u015fma nemi: %10 ~ %90, yo\u011fu\u015fmas\u0131z<\/span><\/span><\/p>\n<p><span style=\"vertical-align: inherit;\"><span style=\"vertical-align: inherit;\">Depolama nemi: %5 ~ %90, yo\u011fu\u015fmas\u0131z<\/span><\/span><\/td>\n<\/tr>\n<tr>\n<th class=\"semibold\"><span style=\"vertical-align: inherit;\"><span style=\"vertical-align: inherit;\">\u0130letim G\u00fcc\u00fc<\/span><\/span><\/th>\n<td><span style=\"vertical-align: inherit;\"><span style=\"vertical-align: inherit;\">&lt;20dBm<\/span><\/span><\/td>\n<\/tr>\n<tr>\n<th class=\"semibold\"><span style=\"vertical-align: inherit;\"><span style=\"vertical-align: inherit;\">Kablosuz G\u00fcvenlik<\/span><\/span><\/th>\n<td><span style=\"vertical-align: inherit;\"><span style=\"vertical-align: inherit;\">64\/128\/152-bit WEP \/ WPA \/ WPA2,WPA-PSK \/ WPA2-PSK<\/span><\/span><\/td>\n<\/tr>\n<tr>\n<th class=\"semibold\"><span style=\"vertical-align: inherit;\"><span style=\"vertical-align: inherit;\">Kablosuz Fonksiyonlar<\/span><\/span><\/th>\n<td><span style=\"vertical-align: inherit;\"><span style=\"vertical-align: inherit;\">WDS k\u00f6pr\u00fcs\u00fc<\/span><\/span><\/td>\n<\/tr>\n<tr>\n<th class=\"semibold\"><span style=\"vertical-align: inherit;\"><span style=\"vertical-align: inherit;\">WAN T\u00fcr\u00fc<\/span><\/span><\/th>\n<td><span style=\"vertical-align: inherit;\"><span style=\"vertical-align: inherit;\">Dinamik IP\/Statik IP\/PPPoE\/L2TP\/PPTP<\/span><\/span><\/td>\n<\/tr>\n<tr>\n<th class=\"semibold\"><span style=\"vertical-align: inherit;\"><span style=\"vertical-align: inherit;\">Y\u00f6netmek<\/span><\/span><\/th>\n<td><span style=\"vertical-align: inherit;\"><span style=\"vertical-align: inherit;\">Ebeveyn Denetimi<\/span><\/span><\/p>\n<p><span style=\"vertical-align: inherit;\"><span style=\"vertical-align: inherit;\">Eri\u015fim kontrol\u00fc<\/span><\/span><\/p>\n<p><span style=\"vertical-align: inherit;\"><span style=\"vertical-align: inherit;\">Yerel y\u00f6netim<\/span><\/span><\/p>\n<p><span style=\"vertical-align: inherit;\"><span style=\"vertical-align: inherit;\">Uzaktan y\u00f6netim<\/span><\/span><\/td>\n<\/tr>\n<tr>\n<th class=\"semibold\"><span style=\"vertical-align: inherit;\"><span style=\"vertical-align: inherit;\">DHCP<\/span><\/span><\/th>\n<td><span style=\"vertical-align: inherit;\"><span style=\"vertical-align: inherit;\">Sunucu<\/span><\/span><\/td>\n<\/tr>\n<tr>\n<th class=\"semibold\"><span style=\"vertical-align: inherit;\"><span style=\"vertical-align: inherit;\">Port Y\u00f6nlendirme<\/span><\/span><\/th>\n<td><span style=\"vertical-align: inherit;\"><span style=\"vertical-align: inherit;\">Sanal sunucu, UPnP, DMZ<\/span><\/span><\/td>\n<\/tr>\n<tr>\n<th class=\"semibold\"><span style=\"vertical-align: inherit;\"><span style=\"vertical-align: inherit;\">Dinamik DNS<\/span><\/span><\/th>\n<td><span style=\"vertical-align: inherit;\"><span style=\"vertical-align: inherit;\">DynDNSNO-IP<\/span><\/span><\/td>\n<\/tr>\n<tr>\n<th class=\"semibold\"><span style=\"vertical-align: inherit;\"><span style=\"vertical-align: inherit;\">G\u00fcvenlik Duvar\u0131 G\u00fcvenli\u011fi<\/span><\/span><\/th>\n<td><span style=\"vertical-align: inherit;\"><span style=\"vertical-align: inherit;\">IP ve MAC adresi ba\u011flama<\/span><\/span><\/td>\n<\/tr>\n<tr>\n<th class=\"semibold\"><span style=\"vertical-align: inherit;\"><span style=\"vertical-align: inherit;\">Protokoller<\/span><\/span><\/th>\n<td><span style=\"vertical-align: inherit;\"><span style=\"vertical-align: inherit;\">IPv4<\/span><\/span><\/td>\n<\/tr>\n<tr>\n<th class=\"semibold\"><span style=\"vertical-align: inherit;\"><span style=\"vertical-align: inherit;\">Misafir A\u011f\u0131<\/span><\/span><\/th>\n<td><span style=\"vertical-align: inherit;\"><span style=\"vertical-align: inherit;\">2.4GHz misafir a\u011f\u0131<\/span><\/span><\/td>\n<\/tr>\n<\/tbody>\n<\/table>\n","protected":false},"excerpt":{"rendered":"<table border=\"0\" cellspacing=\"0\" cellpadding=\"0\">\n<tbody>\n<tr>\n<td>\n<table class=\"product-detail\" border=\"0\" width=\"100%\" cellspacing=\"0\" cellpadding=\"0\">\n<tbody>\n<tr>\n<td class=\"product-detail-02\" width=\"34%\">Ethernet Portu:<\/td>\n<td width=\"66%\">\u00a04 ADET<\/td>\n<\/tr>\n<tr>\n<td class=\"product-detail-02\" width=\"34%\">Anten:<\/td>\n<td width=\"66%\">\u00a03 ADET<\/td>\n<\/tr>\n<tr>\n<td class=\"product-detail-02\" width=\"34%\">Wi-Fi Veri Transfer H\u0131z\u0131:<\/td>\n<td width=\"66%\">\u00a0300 MBPS<\/td>\n<\/tr>\n<tr>\n<td class=\"product-detail-02\" width=\"34%\">Kullan\u0131m Yeri:<\/td>\n<td width=\"66%\">\u00a0\u0130\u00c7 ORTAM<\/td>\n<\/tr>\n<tr>\n<td class=\"product-detail-02\" width=\"34%\">3G\/4G Deste\u011fi:<\/td>\n<td width=\"66%\">\u00a0YOK<\/td>\n<\/tr>\n<\/tbody>\n<\/table>\n<\/td>\n<\/tr>\n<\/tbody>\n<\/table>\n","protected":false},"featured_media":1300,"template":"","meta":{"om_disable_all_campaigns":false,"_monsterinsights_skip_tracking":false,"_monsterinsights_sitenote_active":false,"_monsterinsights_sitenote_note":"","_monsterinsights_sitenote_category":0},"product_cat":[170],"product_tag":[],"class_list":{"0":"post-1299","1":"product","2":"type-product","3":"status-publish","4":"has-post-thumbnail","6":"product_cat-access-point-routerlar","7":"thunk-woo-product-list","8":"opn-qv-enable","9":"top-store-woo-hover-zoom","10":"top-store-single-product-tab-horizontal","11":"top-store-shadow-","12":"top-store-shadow-hover-","14":"first","15":"instock","16":"taxable","17":"shipping-taxable","18":"product-type-simple"},"aioseo_notices":[],"_links":{"self":[{"href":"https:\/\/bilginteknoloji.com\/woo\/wp-json\/wp\/v2\/product\/1299","targetHints":{"allow":["GET"]}}],"collection":[{"href":"https:\/\/bilginteknoloji.com\/woo\/wp-json\/wp\/v2\/product"}],"about":[{"href":"https:\/\/bilginteknoloji.com\/woo\/wp-json\/wp\/v2\/types\/product"}],"wp:featuredmedia":[{"embeddable":true,"href":"https:\/\/bilginteknoloji.com\/woo\/wp-json\/wp\/v2\/media\/1300"}],"wp:attachment":[{"href":"https:\/\/bilginteknoloji.com\/woo\/wp-json\/wp\/v2\/media?parent=1299"}],"wp:term":[{"taxonomy":"product_cat","embeddable":true,"href":"https:\/\/bilginteknoloji.com\/woo\/wp-json\/wp\/v2\/product_cat?post=1299"},{"taxonomy":"product_tag","embeddable":true,"href":"https:\/\/bilginteknoloji.com\/woo\/wp-json\/wp\/v2\/product_tag?post=1299"}],"curies":[{"name":"wp","href":"https:\/\/api.w.org\/{rel}","templated":true}]}}