{"id":1170,"date":"2024-09-04T10:20:51","date_gmt":"2024-09-04T07:20:51","guid":{"rendered":"https:\/\/bilginteknoloji.com\/woo\/?post_type=product&#038;p=1170"},"modified":"2024-09-04T11:07:54","modified_gmt":"2024-09-04T08:07:54","slug":"tp-link-uh400-4-port-usb-3-0-portatif-hub","status":"publish","type":"product","link":"https:\/\/bilginteknoloji.com\/woo\/urun\/tp-link-uh400-4-port-usb-3-0-portatif-hub\/","title":{"rendered":"TP-LINK UH400 4 Port Usb 3.0 Portatif Hub"},"content":{"rendered":"<table border=\"0\" width=\"100%\" cellspacing=\"0\" cellpadding=\"0\">\n<tbody>\n<tr>\n<td>TP-LINK UH400 4 Port Usb 3.0<\/td>\n<\/tr>\n<tr>\n<td class=\"urundetayaciklamasi\">\n<div>\n<div><img decoding=\"async\" src=\"http:\/\/www.detayresimler.com\/urun\/1\/17UH400.jpg\" alt=\"\" \/><\/div>\n<div>\n<ul>\n<li>USB 3.0 Ba\u011flant\u0131 noktalar\u0131 USB 2.0 dan 10 kata kadar, 5Gbps veri aktar\u0131m h\u0131z\u0131na imkan sa\u011flar<\/li>\n<li>Cihazlar aras\u0131nda s\u00fcrekli de\u011fi\u015fim yapmadan tek cihaz \u00fczerinden rahat\u00e7a USB kullanabilirsiniz<\/li>\n<\/ul>\n<\/div>\n<div><img decoding=\"async\" src=\"http:\/\/www.detayresimler.com\/urun\/1\/17UH400_1.jpg\" alt=\"\" \/><\/div>\n<div>UH400 4 portlu USB \u00e7oklay\u0131c\u0131d\u0131r. USB 3.0 Ba\u011flant\u0131 noktalar\u0131 ile 5Gbpse kadar veri aktar\u0131m h\u0131zlar\u0131na ula\u015fabilen 4 portu sayesinde USB ba\u011flant\u0131lar\u0131 kullan\u0131mlar\u0131n\u0131z art\u0131k \u00e7ok daha kolay.<\/div>\n<div><img decoding=\"async\" src=\"http:\/\/www.detayresimler.com\/urun\/1\/17UH400_2.jpg\" alt=\"\" \/><\/div>\n<div>USB 3.0 Ba\u011flant\u0131 noktalar\u0131, 5Gbpse kadar y\u00fcksek h\u0131zl\u0131 veri aktar\u0131m\u0131na olanak sa\u011flar. USB 2.0dan 10 kata kadar daha h\u0131zl\u0131d\u0131r.<\/div>\n<div><img decoding=\"async\" src=\"http:\/\/www.detayresimler.com\/urun\/1\/17UH400_3.jpg\" alt=\"\" \/><\/div>\n<div><img decoding=\"async\" src=\"http:\/\/www.detayresimler.com\/urun\/1\/17UH400_4.jpg\" alt=\"\" \/><\/div>\n<div>UH400 \u00fczerinde bar\u0131nd\u0131rd\u0131\u011f\u0131 4 adet USB 3.0 portu sayesinde USB kullan\u0131mlar\u0131nda cihazlar aras\u0131 ge\u00e7i\u015f yapman\u0131za gerek kalmadan rahat bir kullan\u0131m sa\u011flar.<\/div>\n<div><img decoding=\"async\" src=\"http:\/\/www.detayresimler.com\/urun\/1\/17UH400_5.jpg\" alt=\"\" \/><\/div>\n<div><img decoding=\"async\" src=\"http:\/\/www.detayresimler.com\/urun\/1\/17UH400_6.jpg\" alt=\"\" \/><\/div>\n<div>Katlanabilir kablo giri\u015fi ve kompakt tasar\u0131m\u0131 ile ideal hub dizayn\u0131.<\/div>\n<div><img decoding=\"async\" src=\"http:\/\/www.detayresimler.com\/urun\/1\/17UH400_7.jpg\" alt=\"\" \/><\/div>\n<div><img decoding=\"async\" src=\"http:\/\/www.detayresimler.com\/urun\/1\/17UH400_8.jpg\" alt=\"\" \/><\/div>\n<div>UH400 dahili g\u00fcvenlik \u00f6nlemleri sayesinde cihazlar\u0131n\u0131za \u015farj olurken veya kullan\u0131m s\u0131ras\u0131nda gelebilecek zararlara kar\u015f\u0131 korur.<\/div>\n<div><img decoding=\"async\" src=\"http:\/\/www.detayresimler.com\/urun\/1\/17UH400_9.jpg\" alt=\"\" \/><\/div>\n<div><img decoding=\"async\" src=\"http:\/\/www.detayresimler.com\/urun\/1\/17UH400_10.jpg\" alt=\"\" \/><\/div>\n<div>\n<p>TP-LINK Hakk\u0131nda1996 y\u0131l\u0131nda kurulan TP-LINK, bug\u00fcn 21 binin \u00fczerinde \u00e7al\u0131\u015fan\u0131 ile a\u011f (network) \u00fcr\u00fcnleri konusunda \u00fcretim yapan k\u00fcresel bir \u015firkettir. 33 deniza\u015f\u0131r\u0131 ofisi ve distrib\u00fct\u00f6rl\u00fckleriyle 128den fazla \u00fclkede sat\u0131\u015f yapan \u015firketin, d\u00fcnya genelinde y\u00fcz milyonlarca kullan\u0131c\u0131s\u0131 bulunuyor. Modem, Router, IP Kamera, Powerline Adapt\u00f6rler, Print Serverlar, Medya \u00c7eviriciler ve A\u011f Adapt\u00f6rleri \u00fcr\u00fcn gruplar\u0131nda, g\u00fc\u00e7l\u00fc AR-GE, efektif \u00fcretim ve kat\u0131 kalite politikas\u0131 ile \u00f6d\u00fcller kazanan \u00fcr\u00fcnler sunmaya devam etmektedir.<\/p>\n<p>T\u00fcm \u00fcr\u00fcnlerini kendi fabrikalar\u0131nda Adan Zye \u00fcreten \u015firket, cirosunun y\u00fczde 8inden fazlas\u0131n\u0131 Ar-Geye ay\u0131rmaktad\u0131r. IDC verilerine g\u00f6re kablosuz a\u011f (WLAN) pazar\u0131nda y\u00fczde 35in \u00fczerinde bir pazar pay\u0131 ile d\u00fcnya lideri olan \u015firket, 2013 y\u0131l\u0131nda cirosunu 1.9 milyar dolara \u00e7\u0131karm\u0131\u015ft\u0131r.<\/p>\n<p><b>Ayr\u0131nt\u0131l\u0131 Bilgi \u0130\u00e7in:\u00a0<span title=\"www.tp-link.com.tr\">www.tp-link.com.tr<\/span><\/b><\/p>\n<\/div>\n<div><img decoding=\"async\" src=\"http:\/\/www.detayresimler.com\/urun\/1\/17UH400_11.jpg\" alt=\"\" \/><\/div>\n<\/div>\n<\/td>\n<\/tr>\n<\/tbody>\n<\/table>\n","protected":false},"excerpt":{"rendered":"<table class=\"product-detail\" border=\"0\" width=\"100%\" cellspacing=\"0\" cellpadding=\"0\">\n<tbody>\n<tr>\n<td class=\"product-detail-02\" width=\"34%\">Kullan\u0131m \u015eekli:<\/td>\n<td width=\"66%\">\u00a0USB HUB<\/td>\n<\/tr>\n<\/tbody>\n<\/table>\n","protected":false},"featured_media":1202,"template":"","meta":{"om_disable_all_campaigns":false,"_monsterinsights_skip_tracking":false,"_monsterinsights_sitenote_active":false,"_monsterinsights_sitenote_note":"","_monsterinsights_sitenote_category":0},"product_cat":[227],"product_tag":[],"class_list":{"0":"post-1170","1":"product","2":"type-product","3":"status-publish","4":"has-post-thumbnail","6":"product_cat-usb-urunler","7":"thunk-woo-product-list","8":"opn-qv-enable","9":"top-store-woo-hover-zoom","10":"top-store-single-product-tab-horizontal","11":"top-store-shadow-","12":"top-store-shadow-hover-","14":"first","15":"instock","16":"taxable","17":"shipping-taxable","18":"product-type-simple"},"aioseo_notices":[],"_links":{"self":[{"href":"https:\/\/bilginteknoloji.com\/woo\/wp-json\/wp\/v2\/product\/1170","targetHints":{"allow":["GET"]}}],"collection":[{"href":"https:\/\/bilginteknoloji.com\/woo\/wp-json\/wp\/v2\/product"}],"about":[{"href":"https:\/\/bilginteknoloji.com\/woo\/wp-json\/wp\/v2\/types\/product"}],"wp:featuredmedia":[{"embeddable":true,"href":"https:\/\/bilginteknoloji.com\/woo\/wp-json\/wp\/v2\/media\/1202"}],"wp:attachment":[{"href":"https:\/\/bilginteknoloji.com\/woo\/wp-json\/wp\/v2\/media?parent=1170"}],"wp:term":[{"taxonomy":"product_cat","embeddable":true,"href":"https:\/\/bilginteknoloji.com\/woo\/wp-json\/wp\/v2\/product_cat?post=1170"},{"taxonomy":"product_tag","embeddable":true,"href":"https:\/\/bilginteknoloji.com\/woo\/wp-json\/wp\/v2\/product_tag?post=1170"}],"curies":[{"name":"wp","href":"https:\/\/api.w.org\/{rel}","templated":true}]}}