{"id":1139,"date":"2024-09-02T11:18:35","date_gmt":"2024-09-02T08:18:35","guid":{"rendered":"https:\/\/bilginteknoloji.com\/woo\/?post_type=product&#038;p=1139"},"modified":"2024-09-02T11:18:36","modified_gmt":"2024-09-02T08:18:36","slug":"wd-green-wds480g3g0a-480gb-545-465-3d-nand-25-sata-ssd","status":"publish","type":"product","link":"https:\/\/bilginteknoloji.com\/woo\/urun\/wd-green-wds480g3g0a-480gb-545-465-3d-nand-25-sata-ssd\/","title":{"rendered":"WD Green, WDS480G3G0A, 480GB, 545\/465, 3D NAND, 2,5&#8243; SATA, SSD"},"content":{"rendered":"<div class=\"hidden lg:block prose prose-neutral prose-headings:text-lg prose-a:no-underline prose-em:not-italic prose-headings:font-semibold max-w-none prose-img:mx-auto overflow-hidden\">\n<div class=\"phPart\">\n<p class=\"phHeader\">WD Green WDS480G3G0A 480GB 545MB\/s 2.5&#8243; SATA 3 SSD Disk Genel \u00d6zellikler<\/p>\n<\/div>\n<div class=\"phPart\">\n<p class=\"phBanner\"><img decoding=\"async\" src=\"https:\/\/www.detayresimler.com\/urun\/G\/G-S0480G-3G0A.jpg\" alt=\"WD Green WDS480G3G0A 480GB SATA 3 SSD Disk\" \/><\/p>\n<\/div>\n<div class=\"phPart\">\n<p class=\"phBanner\"><img decoding=\"async\" src=\"https:\/\/www.detayresimler.com\/urun\/G\/G-S0480G-3G0A_1.jpg\" alt=\"WD Green WDS480G3G0A 480GB SATA 3 SSD Disk\" \/><\/p>\n<\/div>\n<div class=\"phPart\">\n<div class=\"phLine\"><span class=\"phText\">WD Green SATA\u00a0<a class=\"font-semibold\" href=\"https:\/\/www.incehesap.com\/ssd-harddisk-fiyatlari\/\">SSD<\/a>\u00a0<\/span><\/div>\n<ul class=\"phList\">\n<li>SLC (tek seviyeli h\u00fccre) \u00f6nbellek, g\u00fcnl\u00fck g\u00f6revleri h\u0131zl\u0131 bir \u015fekilde ger\u00e7ekle\u015ftirmek i\u00e7in yazma performans\u0131n\u0131 art\u0131r\u0131r.<\/li>\n<li>Darbeye dayan\u0131kl\u0131d\u0131r ve WD F.I.T. Lab taraf\u0131ndan uyumluluk ve g\u00fcvenirlik a\u00e7\u0131s\u0131ndan onaylanm\u0131\u015ft\u0131r.<\/li>\n<li>Ultra d\u00fc\u015f\u00fck g\u00fc\u00e7 t\u00fcketimi sayesinde diz\u00fcst\u00fc PC\u2019nizi daha uzun s\u00fcrelerle kullanabilirsiniz.<\/li>\n<li>\u00c7o\u011fu PC ile uyumlu olmas\u0131 i\u00e7in 2,5 in\u00e7\/7 mm\u00a0<a class=\"font-semibold\" href=\"https:\/\/www.incehesap.com\/bilgisayar-kasasi-fiyatlari\/\">kasa<\/a>l\u0131 ve M.2 2280 form fakt\u00f6rlerinde sunulur.<\/li>\n<li>\u00dccretsiz ve indirilebilir Western Digital\u00a0<a class=\"font-semibold\" href=\"https:\/\/www.incehesap.com\/ssd-harddisk-fiyatlari\/\">SSD<\/a>\u00a0Dashboard diskinizin sa\u011fl\u0131\u011f\u0131n\u0131 ve kullan\u0131m\u0131n\u0131 izler<\/li>\n<li>Depolaman\u0131z\u0131 endi\u015felenmeden y\u00fckseltmeniz i\u00e7in 3 y\u0131l s\u0131n\u0131rl\u0131 garanti ile sunulur.<\/li>\n<\/ul>\n<\/div>\n<div class=\"phPart\">\n<p class=\"phBanner\"><img decoding=\"async\" src=\"https:\/\/www.detayresimler.com\/urun\/G\/G-S0480G-3G0A_2.jpg\" alt=\"WD Green WDS480G3G0A 480GB SATA 3 SSD Disk\" \/><\/p>\n<\/div>\n<div class=\"phPart\">\n<div class=\"phLine\"><span class=\"phText\">G\u00fcnl\u00fck\u00a0<a class=\"font-semibold\" href=\"https:\/\/www.incehesap.com\/hazir-sistemler-fiyatlari\/\">Bilgisayar<\/a>\u00a0\u0130htiya\u00e7lar\u0131n\u0131z \u0130\u00e7in Geli\u015ftirilmi\u015f DepolamaH\u0131zl\u0131 performans ve g\u00fcvenilirlik i\u00e7in olan WD Green\u00a0<a class=\"font-semibold\" href=\"https:\/\/www.incehesap.com\/ssd-harddisk-fiyatlari\/\">SSD<\/a>ler masa\u00fcst\u00fc veya diz\u00fcst\u00fc PC\u2019nizdeki g\u00fcnl\u00fck\u00a0<a class=\"font-semibold\" href=\"https:\/\/www.incehesap.com\/hazir-sistemler-fiyatlari\/\">bilgisayar<\/a>\u00a0kullan\u0131m\u0131 deneyimini artt\u0131r\u0131r.<\/span><\/div>\n<\/div>\n<div class=\"phPart\">\n<p class=\"phBanner\"><img decoding=\"async\" src=\"https:\/\/www.detayresimler.com\/urun\/G\/G-S0480G-3G0A_3.jpg\" alt=\"WD Green WDS480G3G0A 480GB SATA 3 SSD Disk\" \/><\/p>\n<\/div>\n<div class=\"phPart\">\n<div class=\"phLine\"><span class=\"phText\">G\u00fcnl\u00fck\u00a0<a class=\"font-semibold\" href=\"https:\/\/www.incehesap.com\/hazir-sistemler-fiyatlari\/\">Bilgisayar<\/a>\u00a0Kullan\u0131m\u0131 \u0130\u00e7in Geli\u015ftirilmi\u015f PerformansWD Green SATA\u00a0<a class=\"font-semibold\" href=\"https:\/\/www.incehesap.com\/ssd-harddisk-fiyatlari\/\">SSD<\/a>\u2019nin sa\u011flad\u0131\u011f\u0131 performans art\u0131\u015f\u0131yla internette gezinebilir, oyun oynayabilir veya sisteminizi h\u0131zl\u0131ca ba\u015flatabilirsiniz.<\/span><\/div>\n<\/div>\n<div class=\"phPart\">\n<p class=\"phBanner\"><img decoding=\"async\" src=\"https:\/\/www.detayresimler.com\/urun\/G\/G-S0480G-3G0A_4.jpg\" alt=\"WD Green WDS480G3G0A 480GB SATA 3 SSD Disk\" \/><\/p>\n<\/div>\n<div class=\"phPart\">\n<div class=\"phLine\"><span class=\"phText\">SLC \u00d6nbellek TeknolojisiSisteminizi WD Green SATA kat\u0131 hal diski ile g\u00fc\u00e7lendirin ve diz\u00fcst\u00fc veya masa\u00fcst\u00fc bilgisayarlar\u0131n\u0131z\u0131n g\u00fcnl\u00fck\u00a0<a class=\"font-semibold\" href=\"https:\/\/www.incehesap.com\/hazir-sistemler-fiyatlari\/\">bilgisayar<\/a>\u00a0ihtiya\u00e7lar\u0131na y\u00f6nelik performans\u0131n\u0131 art\u0131rmaya yard\u0131mc\u0131 olun. SLC (tek seviyeli h\u00fccre) \u00f6nbellek teknolojisi, internette gezinmek, g\u00fcnl\u00fck favori oyunlar\u0131n\u0131z\u0131 oynamak veya sadece sisteminizi h\u0131zl\u0131ca ba\u015flatmak i\u00e7in WD Green SATA\u00a0<a class=\"font-semibold\" href=\"https:\/\/www.incehesap.com\/ssd-harddisk-fiyatlari\/\">SSD<\/a>\u2019deki yazma performans\u0131n\u0131 art\u0131rmaya yard\u0131mc\u0131 olur.<\/span><\/div>\n<\/div>\n<div class=\"phPart\">\n<p class=\"phBanner\"><img decoding=\"async\" src=\"https:\/\/www.detayresimler.com\/urun\/G\/G-S0480G-3G0A_5.jpg\" alt=\"WD Green WDS480G3G0A 480GB SATA 3 SSD Disk\" \/><\/p>\n<\/div>\n<div class=\"phPart\">\n<div class=\"phLine\"><span class=\"phText\">Kat\u0131 Hal G\u00fcvenilirli\u011fiHareketli herhangi bir par\u00e7a olmadan tasarlanan WD Green SATA SSDler, kazara \u00e7arpma veya d\u00fc\u015fme durumunda sisteminizdeki verilerin kaybolmas\u0131n\u0131 \u00f6nlemeye yard\u0131mc\u0131 olmas\u0131 i\u00e7in hafif ve darbeye dayan\u0131kl\u0131 \u015fekilde \u00fcretilmi\u015ftir. Her WD Green SATA\u00a0<a class=\"font-semibold\" href=\"https:\/\/www.incehesap.com\/ssd-harddisk-fiyatlari\/\">SSD<\/a>, kapsaml\u0131 bir WD \u0130\u015flevsel B\u00fct\u00fcnl\u00fck Test Laboratuvar\u0131 (F.I.T. Lab) sertifikas\u0131 ile birlikte sunulur ve Western Digital\u2019in dijital depolamaya y\u00f6nelik y\u00fcksek standartlar\u0131n\u0131 kar\u015f\u0131lad\u0131\u011f\u0131ndan emin olmak i\u00e7in test edilir.<\/span><\/div>\n<\/div>\n<div class=\"phPart\">\n<p class=\"phBanner\"><img decoding=\"async\" src=\"https:\/\/www.detayresimler.com\/urun\/G\/G-S0480G-3G0A_6.jpg\" alt=\"WD Green WDS480G3G0A 480GB SATA 3 SSD Disk\" \/><\/p>\n<\/div>\n<div class=\"phPart\">\n<div class=\"phLine\"><span class=\"phText\">Y\u00fcksek PerformansWD Green SATA\u00a0<a class=\"font-semibold\" href=\"https:\/\/www.incehesap.com\/ssd-harddisk-fiyatlari\/\">SSD<\/a>ler, 2,5 in\u00e7\/7 mm\u00a0<a class=\"font-semibold\" href=\"https:\/\/www.incehesap.com\/bilgisayar-kasasi-fiyatlari\/\">kasa<\/a>l\u0131 bir modelde ve daha yeni ve k\u00fc\u00e7\u00fck bilgisayarlarla giderek geli\u015fecek olan bir M.2 2280 versiyonunda sunulur. \u00c7o\u011fu diz\u00fcst\u00fc ve masa\u00fcst\u00fc PC ile uyumlu olan form fakt\u00f6rlerine sahip WD Green SATA\u00a0<a class=\"font-semibold\" href=\"https:\/\/www.incehesap.com\/ssd-harddisk-fiyatlari\/\">SSD<\/a>\u2019nin sundu\u011fu y\u00fcksek aktar\u0131m h\u0131zlar\u0131yla\u00a0<a class=\"font-semibold\" href=\"https:\/\/www.incehesap.com\/hazir-sistemler-fiyatlari\/\">bilgisayar<\/a>\u0131n\u0131z\u0131n performans\u0131n\u0131 artt\u0131r\u0131n.<\/span><\/div>\n<\/div>\n<div class=\"phPart\">\n<p class=\"phBanner\"><img decoding=\"async\" src=\"https:\/\/www.detayresimler.com\/urun\/G\/G-S0480G-3G0A_7.jpg\" alt=\"WD Green WDS480G3G0A 480GB SATA 3 SSD Disk\" \/><\/p>\n<\/div>\n<div class=\"phPart\">\n<div class=\"phLine\"><span class=\"phText\">Daha Az G\u00fc\u00e7. Daha Fazla Oynama.WD Green\u00a0<a class=\"font-semibold\" href=\"https:\/\/www.incehesap.com\/ssd-harddisk-fiyatlari\/\">SSD<\/a>\u2019ler, sekt\u00f6rdeki en d\u00fc\u015f\u00fck g\u00fc\u00e7 t\u00fcketen diskler aras\u0131ndad\u0131r. Ayr\u0131ca daha az g\u00fc\u00e7 kullan\u0131m\u0131 ile diz\u00fcst\u00fcn\u00fcz daha uzun s\u00fcre \u00e7al\u0131\u015f\u0131r.<\/span><\/div>\n<\/div>\n<div class=\"phPart\">\n<p class=\"phBanner\"><img decoding=\"async\" src=\"https:\/\/www.detayresimler.com\/urun\/G\/G-S0480G-3G0A_8.jpg\" alt=\"WD Green WDS480G3G0A 480GB SATA 3 SSD Disk\" \/><\/p>\n<\/div>\n<div class=\"phPart\">\n<div class=\"phLine\"><span class=\"phText\">PCniz \u0130\u00e7in Kolay Bir Y\u00fckseltme\u00c7o\u011fu masa\u00fcst\u00fc ve diz\u00fcst\u00fc PC ile uyumlu olan WD Green\u00a0<a class=\"font-semibold\" href=\"https:\/\/www.incehesap.com\/ssd-harddisk-fiyatlari\/\">SSD<\/a>ler, kolay ve endi\u015fesiz bir y\u00fckseltme i\u00e7in 2,5\u201d \/ 7 mm ve M.2 2280 modellerinde mevcuttur.<\/span><\/div>\n<\/div>\n<div class=\"phPart\">\n<p class=\"phBanner\"><img decoding=\"async\" src=\"https:\/\/www.detayresimler.com\/urun\/G\/G-S0480G-3G0A_9.jpg\" alt=\"WD Green WDS480G3G0A 480GB SATA 3 SSD Disk\" \/><\/p>\n<\/div>\n<div class=\"phPart\">\n<div class=\"phLine\"><span class=\"phText\">\u0130ndirilebilir WD\u00a0<a class=\"font-semibold\" href=\"https:\/\/www.incehesap.com\/ssd-harddisk-fiyatlari\/\">SSD<\/a>\u00a0Dashboard ve Acronis Yaz\u0131l\u0131m\u0131\u00dccretsiz, indirilebilir WD\u00a0<a class=\"font-semibold\" href=\"https:\/\/www.incehesap.com\/ssd-harddisk-fiyatlari\/\">SSD<\/a>\u00a0Dashboard ile diskinizin sa\u011fl\u0131\u011f\u0131n\u0131 izleyin ve Acronis True Image WD Edition yaz\u0131l\u0131m\u0131 ile diskleri kopyalay\u0131n.<\/span><\/div>\n<\/div>\n<div class=\"phPart\">\n<div class=\"phLine\">\n<div class=\"phImage\"><img decoding=\"async\" src=\"https:\/\/www.detayresimler.com\/urun\/G\/G-S0480G-3G0A_10.jpg\" alt=\"WD Green WDS480G3G0A 480GB SATA 3 SSD Disk\" \/><\/div>\n<p><span class=\"phText\">3 Y\u0131l S\u0131n\u0131rl\u0131 GarantiHer WD Green\u00a0<a class=\"font-semibold\" href=\"https:\/\/www.incehesap.com\/ssd-harddisk-fiyatlari\/\">SSD<\/a>\u00a03 y\u0131l s\u0131n\u0131rl\u0131 garanti i\u00e7erir, b\u00f6ylece t\u00fcm veri ihtiya\u00e7lar\u0131n\u0131z i\u00e7in WDye rahatl\u0131kla g\u00fcvenebilirsiniz.<\/span><\/div>\n<\/div>\n<div class=\"phPart\">\n<p class=\"phBanner\"><img decoding=\"async\" src=\"https:\/\/www.detayresimler.com\/urun\/G\/G-S0480G-3G0A_11.jpg\" alt=\"WD Green WDS480G3G0A 480GB SATA 3 SSD Disk\" \/><\/p>\n<\/div>\n<div class=\"phPart\"><span class=\"phSpecHeader\">Teknik \u00d6zellikler<\/span><\/p>\n<div class=\"phSpec\">\n<div>ModelWD Green<\/div>\n<div>Model KoduWDS480G3G0A<\/div>\n<div>Kapasite480 GB<\/div>\n<div>Form Fakt\u00f6r\u00fc2.5 in\u00e7<\/div>\n<div>Aray\u00fczSATA 3 (6 Gb\/s)<\/div>\n<div>\u00d6nbellekSLC<\/div>\n<div>S\u0131ral\u0131 Okuma545 MB\/s<\/div>\n<div>MTTF1 Milyon Saat<\/div>\n<\/div>\n<\/div>\n<div class=\"phPart\"><span class=\"phSpecHeader\">G\u00fc\u00e7 \u00d6zellikleri<\/span><\/p>\n<div class=\"phSpec\">\n<div>Ortalama Etkin G\u00fc\u00e7 (mW)60<\/div>\n<div>Maks Okuma \u0130\u015flemi (mW)1.700<\/div>\n<div>Maks Yazma \u0130\u015flemi (mW)1.700<\/div>\n<div>Uyku (mW)26<\/div>\n<div>DEVSLP (mW)10<\/div>\n<\/div>\n<\/div>\n<div class=\"phPart\"><span class=\"phSpecHeader\">\u00c7evresel \u00d6zellikler<\/span><\/p>\n<div class=\"phSpec\">\n<div>\u00c7al\u0131\u015fma S\u0131cakl\u0131\u011f\u01310\u00b0C ~ 70\u00b0C<\/div>\n<div>Depolama S\u0131cakl\u0131\u011f\u0131-55\u00b0C ~ 85\u00b0C<\/div>\n<div>\u00c7al\u0131\u015fma Titre\u015fimi5,0 gRMS, 10\u20132000 Hz<\/div>\n<div>\u00c7al\u0131\u015fma D\u0131\u015f\u0131 Titre\u015fim4,9 gRMS, 7\u2013800 Hz<\/div>\n<div>Darbe1.500 G @ 0,5 msn yar\u0131m sin\u00fcs<\/div>\n<div>SertifikasyonlarFCC, UL, TUV, KC, BSMI, VCCI, CE, Morocco, RCM, UKCA<\/div>\n<div>S\u0131n\u0131rl\u0131 Garanti3 y\u0131l<\/div>\n<\/div>\n<\/div>\n<div class=\"phPart\"><span class=\"phSpecHeader\">Fiziksel \u00d6zellikler<\/span><\/p>\n<div class=\"phSpec\">\n<div>Boyutlar100.5 x 69.85 x 7 mm<\/div>\n<div>A\u011f\u0131rl\u0131k36.2 g, \u00b1 0.5 g<\/div>\n<\/div>\n<\/div>\n<\/div>\n<div>\n<h2 class=\"card-title text-center mt-10 justify-center\">WD Green WDS480G3G0A 480GB SATA 3 SSD Disk \u00d6zellikleri<\/h2>\n<div class=\"columns-1 md:columns-2 gap-5\">\n<div class=\"mb-7 break-inside-avoid-column text-left\">\n<p class=\"text-xl font-medium mb-1\">Genel \u00d6zellikler<\/p>\n<div class=\"bg-neutral-100 px-1 xl:px-5 py-1 shadow-sm\">\n<table class=\"w-full prose\">\n<tbody>\n<tr>\n<th class=\"text-sm lg:text-base w-28 lg:w-48\">Disk Boyutu<\/th>\n<td class=\"text-sm lg:text-base break-all\">2.5 in\u00e7<\/td>\n<\/tr>\n<tr>\n<th class=\"text-sm lg:text-base w-28 lg:w-48\">\u00d6n Bellek<\/th>\n<td class=\"text-sm lg:text-base break-all\">SLC<\/td>\n<\/tr>\n<tr>\n<th class=\"text-sm lg:text-base w-28 lg:w-48\">Darbe Dayan\u0131kl\u0131l\u0131\u011f\u0131<\/th>\n<td class=\"text-sm lg:text-base break-all\">1500G\/0.5ms<\/td>\n<\/tr>\n<tr>\n<th class=\"text-sm lg:text-base w-28 lg:w-48\">MTBF<\/th>\n<td class=\"text-sm lg:text-base break-all\">1,000,000 saat<\/td>\n<\/tr>\n<tr>\n<th class=\"text-sm lg:text-base w-28 lg:w-48\">Titre\u015fim<\/th>\n<td class=\"text-sm lg:text-base break-all\">5.0 gRMS 10-2000 Hz<\/td>\n<\/tr>\n<tr>\n<th class=\"text-sm lg:text-base w-28 lg:w-48\">\u00c7al\u0131\u015fma S\u0131cakl\u0131\u011f\u0131<\/th>\n<td class=\"text-sm lg:text-base break-all\">0\u00b0C ~ 70\u00b0C<\/td>\n<\/tr>\n<tr>\n<th class=\"text-sm lg:text-base w-28 lg:w-48\">Depolama S\u0131cakl\u0131\u011f\u0131<\/th>\n<td class=\"text-sm lg:text-base break-all\">-55\u00b0C ~ 85\u00b0C<\/td>\n<\/tr>\n<\/tbody>\n<\/table>\n<\/div>\n<\/div>\n<div class=\"mb-7 break-inside-avoid-column text-left\">\n<p class=\"text-xl font-medium mb-1\">Kapasite Ve H\u0131z<\/p>\n<div class=\"bg-neutral-100 px-1 xl:px-5 py-1 shadow-sm\">\n<table class=\"w-full prose\">\n<tbody>\n<tr>\n<th class=\"text-sm lg:text-base w-28 lg:w-48\">Max Okuma H\u0131z\u0131 \/ MB\/s<\/th>\n<td class=\"text-sm lg:text-base break-all\">545 MB\/s<\/td>\n<\/tr>\n<tr>\n<th class=\"text-sm lg:text-base w-28 lg:w-48\">Bellek Kapasitesi<\/th>\n<td class=\"text-sm lg:text-base break-all\">480 GB<\/td>\n<\/tr>\n<\/tbody>\n<\/table>\n<\/div>\n<\/div>\n<div class=\"mb-7 break-inside-avoid-column text-left\">\n<p class=\"text-xl font-medium mb-1\">Tasar\u0131m<\/p>\n<div class=\"bg-neutral-100 px-1 xl:px-5 py-1 shadow-sm\">\n<table class=\"w-full prose\">\n<tbody>\n<tr>\n<th class=\"text-sm lg:text-base w-28 lg:w-48\">A\u011f\u0131rl\u0131k<\/th>\n<td class=\"text-sm lg:text-base break-all\">36.2 g<\/td>\n<\/tr>\n<tr>\n<th class=\"text-sm lg:text-base w-28 lg:w-48\">Renk<\/th>\n<td class=\"text-sm lg:text-base break-all\">Ye\u015fil<\/td>\n<\/tr>\n<\/tbody>\n<\/table>\n<\/div>\n<\/div>\n<div class=\"mb-7 break-inside-avoid-column text-left\">\n<p class=\"text-xl font-medium mb-1\">Di\u011fer \u00d6zellikler<\/p>\n<div class=\"bg-neutral-100 px-1 xl:px-5 py-1 shadow-sm\">\n<table class=\"w-full prose\">\n<tbody>\n<tr>\n<th class=\"text-sm lg:text-base w-28 lg:w-48\">Sertifikalar<\/th>\n<td class=\"text-sm lg:text-base break-all\">FCC \/ UL \/ TUV \/ KC \/ BSMI \/ VCCI \/ CE \/ Morocco \/ RCM \/ UKCA<\/td>\n<\/tr>\n<tr>\n<th class=\"text-sm lg:text-base w-28 lg:w-48\">Di\u011fer \u00d6zellikler<\/th>\n<td class=\"text-sm lg:text-base break-all\">Boyutlar: 100.5 x 69.85 x 7 mm<\/td>\n<\/tr>\n<tr>\n<th class=\"text-sm lg:text-base w-28 lg:w-48\">Garanti S\u00fcresi<\/th>\n<td class=\"text-sm lg:text-base break-all\">3 Y\u0131l S\u0131n\u0131rl\u0131 Garanti<\/td>\n<\/tr>\n<\/tbody>\n<\/table>\n<\/div>\n<\/div>\n<\/div>\n<\/div>\n","protected":false},"excerpt":{"rendered":"<table class=\"product-detail\" border=\"0\" width=\"100%\" cellspacing=\"0\" cellpadding=\"0\">\n<tbody>\n<tr>\n<td class=\"product-detail-02\" width=\"34%\">Okuma H\u0131z\u0131:<\/td>\n<td width=\"66%\">\u00a0500 MB\/S ve \u00fczeri<\/td>\n<\/tr>\n<tr>\n<td class=\"product-detail-02\" width=\"34%\">Kapasite:<\/td>\n<td width=\"66%\">\u00a0480GB<\/td>\n<\/tr>\n<tr>\n<td class=\"product-detail-02\" width=\"34%\">Arabirim:<\/td>\n<td width=\"66%\">\u00a0SATA<\/td>\n<\/tr>\n<tr>\n<td class=\"product-detail-02\" width=\"34%\">Boyut:<\/td>\n<td width=\"66%\">\u00a02,5 in\u00e7<\/td>\n<\/tr>\n<\/tbody>\n<\/table>\n","protected":false},"featured_media":1140,"template":"","meta":{"om_disable_all_campaigns":false,"_monsterinsights_skip_tracking":false,"_monsterinsights_sitenote_active":false,"_monsterinsights_sitenote_note":"","_monsterinsights_sitenote_category":0},"product_cat":[83],"product_tag":[],"class_list":{"0":"post-1139","1":"product","2":"type-product","3":"status-publish","4":"has-post-thumbnail","6":"product_cat-sata-ssdler","7":"thunk-woo-product-list","8":"opn-qv-enable","9":"top-store-woo-hover-zoom","10":"top-store-single-product-tab-horizontal","11":"top-store-shadow-","12":"top-store-shadow-hover-","14":"first","15":"instock","16":"taxable","17":"shipping-taxable","18":"product-type-simple"},"aioseo_notices":[],"_links":{"self":[{"href":"https:\/\/bilginteknoloji.com\/woo\/wp-json\/wp\/v2\/product\/1139","targetHints":{"allow":["GET"]}}],"collection":[{"href":"https:\/\/bilginteknoloji.com\/woo\/wp-json\/wp\/v2\/product"}],"about":[{"href":"https:\/\/bilginteknoloji.com\/woo\/wp-json\/wp\/v2\/types\/product"}],"wp:featuredmedia":[{"embeddable":true,"href":"https:\/\/bilginteknoloji.com\/woo\/wp-json\/wp\/v2\/media\/1140"}],"wp:attachment":[{"href":"https:\/\/bilginteknoloji.com\/woo\/wp-json\/wp\/v2\/media?parent=1139"}],"wp:term":[{"taxonomy":"product_cat","embeddable":true,"href":"https:\/\/bilginteknoloji.com\/woo\/wp-json\/wp\/v2\/product_cat?post=1139"},{"taxonomy":"product_tag","embeddable":true,"href":"https:\/\/bilginteknoloji.com\/woo\/wp-json\/wp\/v2\/product_tag?post=1139"}],"curies":[{"name":"wp","href":"https:\/\/api.w.org\/{rel}","templated":true}]}}