{"id":1125,"date":"2024-09-02T11:03:24","date_gmt":"2024-09-02T08:03:24","guid":{"rendered":"https:\/\/bilginteknoloji.com\/woo\/?post_type=product&#038;p=1125"},"modified":"2024-09-02T11:03:25","modified_gmt":"2024-09-02T08:03:25","slug":"hiksemi-hs-ssd-waves-256g-530-400mb-s-2-5-sata3-3d-nand-ssd-by-hikvision","status":"publish","type":"product","link":"https:\/\/bilginteknoloji.com\/woo\/urun\/hiksemi-hs-ssd-waves-256g-530-400mb-s-2-5-sata3-3d-nand-ssd-by-hikvision\/","title":{"rendered":"HIKSEMI HS-SSD-WAVE(S) 256G, 530-400Mb\/s, 2.5&#8243;, SATA3, 3D NAND, SSD (By Hikvision)"},"content":{"rendered":"<table border=\"0\" width=\"100%\" cellspacing=\"0\" cellpadding=\"0\">\n<tbody>\n<tr>\n<td class=\"urundetayaciklamasi\">\n<table border=\"0\" width=\"1289\" cellspacing=\"0\" cellpadding=\"0\">\n<tbody>\n<tr>\n<td class=\"xl66\" width=\"1289\" height=\"28\"><strong>G\u0130R\u0130\u015e<\/strong><\/td>\n<\/tr>\n<tr>\n<td class=\"xl65\" height=\"21\">HIKSEMI WAVE(S) serisi SSDnin \u00f6zellikleri ve performans\u0131 g\u00f6z al\u0131c\u0131 niteliklerdedir.<\/td>\n<\/tr>\n<tr>\n<td class=\"xl65\" height=\"21\">HIKSEMI, kat\u0131 hal s\u00fcr\u00fcc\u00fcleri, haf\u0131za kartlar\u0131, \u00f6zel a\u011f diskleri ve mobil depolama dahil olmak \u00fczere d\u00f6rt ana i\u015f geli\u015ftirmeyi taahh\u00fct eder.<\/td>\n<\/tr>\n<tr>\n<td class=\"xl65\" height=\"21\">Sa\u011flam bir tedarik zinciri sistemine ve m\u00fckemmel bir sat\u0131\u015f sonras\u0131 s\u00fcrece sahiptir.<\/td>\n<\/tr>\n<tr>\n<td class=\"xl65\" height=\"21\">Teknik d\u00fczeyde, WAVE(S) serisi SSD, okuma ve yazma h\u0131z\u0131n\u0131 ve veri g\u00fcvenli\u011fini sa\u011flamak i\u00e7in geli\u015fmi\u015f SSD ana kontrol\u00fc ve 3D NAND Flash teknolojisini benimser.<\/td>\n<\/tr>\n<tr>\n<td class=\"xl65\" height=\"21\">\u00dcr\u00fcn seviyesinde, WAVE(S) serisi SSDler, otomatik \u00fcretim hatlar\u0131nda \u00fcretilen ve HIKSEMInin zor standartlar\u0131 ile test edilen en y\u00fcksek kalitede 3D NANDFlash ve BGApatchleri kullanmaktad\u0131r.<\/td>\n<\/tr>\n<tr>\n<td class=\"xl65\" height=\"21\">WAVE(S) serisi SSD, hedef sistem i\u00e7in g\u00fcvenilir ve y\u00fcksek h\u0131zl\u0131 hizmetler sa\u011flamak \u00fczere ki\u015fisel bilgisayarlarda, oyun konsollar\u0131nda ve di\u011fer ekipmanlarda yayg\u0131n olarak kullan\u0131labilir.<\/td>\n<\/tr>\n<tr>\n<td class=\"xl65\" height=\"21\">Video g\u00f6zetim sunucusu standard\u0131na g\u00f6re test edilmi\u015ftir, b\u00f6ylece daha iyi kararl\u0131l\u0131k sunar.<\/td>\n<\/tr>\n<tr>\n<td class=\"xl65\" height=\"21\"><\/td>\n<\/tr>\n<tr>\n<td class=\"xl66\" height=\"28\"><strong>\u00d6ZELL\u0130KLER<\/strong><\/td>\n<\/tr>\n<tr>\n<td class=\"xl65\" height=\"21\">Y\u00fcksek Okuma Yazma H\u0131z\u0131, SATA aray\u00fcz\u00fc<\/td>\n<\/tr>\n<tr>\n<td class=\"xl65\" height=\"21\">Boyut: 2,5&#8243;, Maks. 560 MB\/snye kadar okuma h\u0131z\u0131.<\/td>\n<\/tr>\n<tr>\n<td class=\"xl65\" height=\"21\">Teknoloji: 3D NAND teknolojisi daha y\u00fcksek kapasite, performans ve kararl\u0131l\u0131k geli\u015ftirmeye yard\u0131mc\u0131 olur.<\/td>\n<\/tr>\n<tr>\n<td class=\"xl65\" height=\"21\">Anti-\u015fok ve d\u00fc\u015fme \u00f6nleyici: Mekanik yap\u0131 yok, elektronik \u00e7ip kontrol\u00fc kullan\u0131l\u0131yor, verileriniz \u00e7ok daha g\u00fcvenli.<\/td>\n<\/tr>\n<tr>\n<td class=\"xl65\" height=\"21\">Uygulama Alan\u0131: Ki\u015fisel bilgisayarlar, diz\u00fcst\u00fc bilgisayarlar, PS4 vb. i\u00e7in ge\u00e7erlidir.<\/td>\n<\/tr>\n<tr>\n<td class=\"xl65\" height=\"21\"><\/td>\n<\/tr>\n<tr>\n<td class=\"xl66\" height=\"28\"><strong>\u015eARTNAME<\/strong><\/td>\n<\/tr>\n<tr>\n<td class=\"xl65\" height=\"21\">Ad\u0131 : HIKSEMI WAVE(S) SER\u0130S\u0130<\/td>\n<\/tr>\n<tr>\n<td class=\"xl65\" height=\"21\">Kapasite : 256GB<\/td>\n<\/tr>\n<tr>\n<td class=\"xl65\" height=\"21\">Form Fakt\u00f6r: 2,5 inch<\/td>\n<\/tr>\n<tr>\n<td class=\"xl65\" height=\"21\">Maksimum Okuma : 530 MB\/s<\/td>\n<\/tr>\n<tr>\n<td class=\"xl65\" height=\"21\">Maksimum Yazma: 400 MB\/s<\/td>\n<\/tr>\n<tr>\n<td class=\"xl65\" height=\"21\">Max. Ran 4K Okuma (IOPS): 45K<\/td>\n<\/tr>\n<tr>\n<td class=\"xl65\" height=\"21\">Max. Ran 4K Yazma (IOPS): 75K<\/td>\n<\/tr>\n<tr>\n<td class=\"xl65\" height=\"21\">Max. G\u00fc\u00e7 T\u00fcketimi: 1,4W<\/td>\n<\/tr>\n<tr>\n<td class=\"xl65\" height=\"21\">TBW: 80TB<\/td>\n<\/tr>\n<tr>\n<td class=\"xl65\" height=\"21\">MTBF: 1.500.000 saat<\/td>\n<\/tr>\n<tr>\n<td class=\"xl65\" height=\"21\">Depolama Ortam\u0131: 3D NAND<\/td>\n<\/tr>\n<tr>\n<td class=\"xl65\" height=\"21\">Aray\u00fcz: SATA 3<\/td>\n<\/tr>\n<tr>\n<td class=\"xl65\" height=\"21\">\u00c7al\u0131\u015fma S\u0131cakl\u0131\u011f\u0131 : 0 \u00b0C ila 70 \u00b0C<\/td>\n<\/tr>\n<tr>\n<td class=\"xl65\" height=\"21\">Depolama S\u0131cakl\u0131\u011f\u0131 : -40 \u00b0C ila 85 \u00b0C<\/td>\n<\/tr>\n<tr>\n<td class=\"xl65\" height=\"21\">TRIM: Destekler<\/td>\n<\/tr>\n<tr>\n<td class=\"xl65\" height=\"21\">Garanti: 2Y\u0131l<\/td>\n<\/tr>\n<tr>\n<td class=\"xl65\" height=\"21\">A\u011f\u0131rl\u0131k: \u226434,4g<\/td>\n<\/tr>\n<\/tbody>\n<\/table>\n<\/td>\n<\/tr>\n<tr>\n<td class=\"function\"><\/td>\n<\/tr>\n<\/tbody>\n<\/table>\n","protected":false},"excerpt":{"rendered":"<table class=\"product-detail\" border=\"0\" width=\"100%\" cellspacing=\"0\" cellpadding=\"0\">\n<tbody>\n<tr>\n<td class=\"product-detail-02\" width=\"34%\">Okuma H\u0131z\u0131:<\/td>\n<td width=\"66%\">\u00a0500 MB\/S ve \u00fczeri<\/td>\n<\/tr>\n<tr>\n<td class=\"product-detail-02\" width=\"34%\">Kapasite:<\/td>\n<td width=\"66%\">\u00a0256GB<\/td>\n<\/tr>\n<tr>\n<td class=\"product-detail-02\" width=\"34%\">Arabirim:<\/td>\n<td width=\"66%\">\u00a0SATA<\/td>\n<\/tr>\n<tr>\n<td class=\"product-detail-02\" width=\"34%\">Boyut:<\/td>\n<td width=\"66%\">\u00a02,5 in\u00e7<\/td>\n<\/tr>\n<\/tbody>\n<\/table>\n","protected":false},"featured_media":1126,"template":"","meta":{"om_disable_all_campaigns":false,"_monsterinsights_skip_tracking":false,"_monsterinsights_sitenote_active":false,"_monsterinsights_sitenote_note":"","_monsterinsights_sitenote_category":0},"product_cat":[83],"product_tag":[],"class_list":{"0":"post-1125","1":"product","2":"type-product","3":"status-publish","4":"has-post-thumbnail","6":"product_cat-sata-ssdler","7":"thunk-woo-product-list","8":"opn-qv-enable","9":"top-store-woo-hover-zoom","10":"top-store-single-product-tab-horizontal","11":"top-store-shadow-","12":"top-store-shadow-hover-","14":"first","15":"instock","16":"taxable","17":"shipping-taxable","18":"product-type-simple"},"aioseo_notices":[],"_links":{"self":[{"href":"https:\/\/bilginteknoloji.com\/woo\/wp-json\/wp\/v2\/product\/1125","targetHints":{"allow":["GET"]}}],"collection":[{"href":"https:\/\/bilginteknoloji.com\/woo\/wp-json\/wp\/v2\/product"}],"about":[{"href":"https:\/\/bilginteknoloji.com\/woo\/wp-json\/wp\/v2\/types\/product"}],"wp:featuredmedia":[{"embeddable":true,"href":"https:\/\/bilginteknoloji.com\/woo\/wp-json\/wp\/v2\/media\/1126"}],"wp:attachment":[{"href":"https:\/\/bilginteknoloji.com\/woo\/wp-json\/wp\/v2\/media?parent=1125"}],"wp:term":[{"taxonomy":"product_cat","embeddable":true,"href":"https:\/\/bilginteknoloji.com\/woo\/wp-json\/wp\/v2\/product_cat?post=1125"},{"taxonomy":"product_tag","embeddable":true,"href":"https:\/\/bilginteknoloji.com\/woo\/wp-json\/wp\/v2\/product_tag?post=1125"}],"curies":[{"name":"wp","href":"https:\/\/api.w.org\/{rel}","templated":true}]}}