{"id":1099,"date":"2024-09-02T10:22:15","date_gmt":"2024-09-02T07:22:15","guid":{"rendered":"https:\/\/bilginteknoloji.com\/woo\/?post_type=product&#038;p=1099"},"modified":"2024-09-02T10:22:15","modified_gmt":"2024-09-02T07:22:15","slug":"samsung-mz-77q1t0bw-870-qvo-1tb-560-530-25-sata-ssd","status":"publish","type":"product","link":"https:\/\/bilginteknoloji.com\/woo\/urun\/samsung-mz-77q1t0bw-870-qvo-1tb-560-530-25-sata-ssd\/","title":{"rendered":"SAMSUNG MZ-77Q1T0BW, 870 QVO, 1TB, 560\/530, 2,5&#8243; SATA, SSD"},"content":{"rendered":"<div class=\"pr-g-product-summary section\">\n<div class=\"product-summary \">\n<div class=\"product-summary__container\">\n<div class=\"product-summary__row\">\n<div class=\"product-summary__card no-border\">\n<div class=\"card__content-area\">\n<p class=\"card__desc\">SSD 870 QVO Performans<\/p>\n<\/div>\n<\/div>\n<div class=\"product-summary__card \">\n<div class=\"card__content-area\">\n<div class=\"card__icon\"><strong class=\"card__icon-title card__icon-title-feature\"><img loading=\"lazy\" decoding=\"async\" class=\"js-img-src\" src=\"http:\/\/www.detayresimler.com\/urun\/M\/MZ-77Q1T0BW_1.svg\" alt=\"G\u00fcvenilir ve s\u00fcrd\u00fcr\u00fclebilir\" width=\"53\" height=\"53\" \/><\/strong><\/div>\n<p class=\"card__desc\">SSD 870 QVO G\u00fcvenilirlik<\/p>\n<\/div>\n<\/div>\n<\/div>\n<div class=\"product-summary__row\">\n<div class=\"product-summary__card\">\n<div class=\"card__content-area\">\n<div class=\"card__icon\"><strong class=\"card__icon-title\" title=\"Ki\u015fisel Bilgisayarlar\">Ki\u015fisel Bilgisayarlar<\/strong><\/div>\n<p class=\"card__desc\">Uygulama<\/p>\n<\/div>\n<\/div>\n<div class=\"product-summary__card\">\n<div class=\"card__content-area\">\n<div class=\"card__icon\"><strong class=\"card__icon-title\" title=\"SATA 6 Gb\/s Aray\u00fcz\u00fc, SATA 3 Gb\/s &amp; SATA 1,5 Gb\/s aray\u00fcz\u00fcyle uyumlu\">SATA 6 Gb\/s Aray\u00fcz\u00fc, SATA 3 Gb\/s &amp; SATA 1,5 Gb\/s aray\u00fcz\u00fcyle uyumlu<\/strong><\/div>\n<p class=\"card__desc\">Arabirim<\/p>\n<\/div>\n<\/div>\n<\/div>\n<\/div>\n<\/div>\n<\/div>\n<div id=\"benefits\" class=\"pr-g-feature-benefit-feature-full-bleed-pim section\">\n<div class=\"ma-g-c-feature-fullbleed__wrap\">\n<div class=\"ma-g-c-feature-fullbleed__content\">\n<h2 class=\"ma-g-c-feature-fullbleed__title\">Daha fazlas\u0131n\u0131 yapmak i\u00e7in, daha y\u00fcksek kapasite<\/h2>\n<p class=\"ma-g-c-feature-fullbleed__text\">870 QVO, Samsung\u2019un en son 2. nesil QLC SSD\u2019sidir ve t\u00fcr\u00fcn\u00fcn 8 TB\u2019ye kadar depolama alan\u0131 sunan en b\u00fcy\u00fck ki\u015fisel SATA SSD \u00f6rne\u011fidir. Masa\u00fcst\u00fc veya diz\u00fcst\u00fc bilgisayarlar\u0131n\u0131n performanstan \u00f6d\u00fcn vermeden pazardaki en y\u00fcksek depolama alan\u0131na sahip olmas\u0131n\u0131 isteyen bilgisayar kullan\u0131c\u0131lar\u0131 i\u00e7in inan\u0131lmaz bir geli\u015ftirme sunar.<\/p>\n<p><span class=\"ma-g-c-feature-fullbleed__disclaimer\">tumyedekler2.sh tumyedekler.sh tumy.sh Piyasaya sunuldu\u011fu tarihte ilk en b\u00fcy\u00fck ki\u015fisel SATA SSD.<\/span><\/div>\n<p><img decoding=\"async\" src=\"http:\/\/www.detayresimler.com\/urun\/M\/MZ-77Q1T0BW_2.jpg\" alt=\"Daha fazlas\u0131n\u0131 yapmak i\u00e7in, daha y\u00fcksek kapasite\" \/><\/div>\n<\/div>\n<div class=\"pr-g-feature-benefit-pim section\">\n<div class=\"feature-benefit__text-wrap \">\n<div class=\"feature-benefit__text\">\n<h2 class=\"feature-benefit__title\">Her y\u00f6n\u00fcyle geli\u015fmi\u015f<\/h2>\n<div class=\"feature-benefit__desc-wrap \">\n<p class=\"feature-benefit__desc\">560 MB\/sn s\u0131ral\u0131 okuma ve 530 MB\/sn yazma h\u0131zlar\u0131yla SATA arabiriminin en y\u00fcksek aktarma seviyelerine ula\u015fan 870 QVO serisi 860 QVO\u2019ya g\u00f6re daha geli\u015fmi\u015f rastgele okuma ve daha istikrarl\u0131 performans sunar. Ak\u0131ll\u0131 TurboWrite, yazma h\u0131zlar\u0131n\u0131 art\u0131r\u0131r ve daha b\u00fcy\u00fck bir tampon bellekle uzun vadede y\u00fcksek performans\u0131 korur.<\/p>\n<\/div>\n<\/div>\n<\/div>\n<div class=\"feature-benefit__img-wrap \"><img loading=\"lazy\" decoding=\"async\" class=\"js-img-src\" src=\"http:\/\/www.detayresimler.com\/urun\/M\/MZ-77Q1T0BW_3.jpg\" alt=\"Her y\u00f6n\u00fcyle geli\u015fmi\u015f\" width=\"1440\" height=\"810\" \/><\/div>\n<div class=\"feature-benefit__disclaimer-wrap\">\n<p class=\"feature-benefit__disclaimer\">* Performans, SSD\u2019nin donan\u0131m s\u00fcr\u00fcm\u00fcne ve sistem donan\u0131m ve yap\u0131land\u0131rmas\u0131na g\u00f6re de\u011fi\u015febilir.<br \/>\n** Rastgele performans, QD1 rastgele okuma h\u0131zlar\u0131 %15\u2019e kadar art\u0131r\u0131ld\u0131. Uzun s\u00fcreli yazma performans\u0131 %31\u2019e kadar art\u0131r\u0131ld\u0131.<br \/>\n*** Test sistem yap\u0131land\u0131rmas\u0131: Intel\u00ae Core i7-7700k CPU@4.20GHz, DDR4 1200MHz 32GB, OS -Windows 10 Pro 64bit, Chipset &#8211; ASUS-PRIME-Z270-A.<\/p>\n<\/div>\n<\/div>\n<div class=\"pr-g-feature-benefit-pim section\">\n<div class=\"feature-benefit__text-wrap \">\n<div class=\"feature-benefit__text\">\n<h2 class=\"feature-benefit__title\">Maksimum kapasitenin keyfini \u00e7\u0131kar\u0131n<\/h2>\n<div class=\"feature-benefit__desc-wrap \">\n<p class=\"feature-benefit__desc\">870 QVO i\u00e7in 1, 2, 4 ve 8 TB se\u00e7enekleri mevcuttur ve 8 Terabayt depolama alan\u0131 ki\u015fisel SATA SSD\u2019lerde \u015fimdiye kadar sunulan en y\u00fcksek kapasitedir. 870 QVO sayesinde kullan\u0131c\u0131lar art\u0131k ula\u015f\u0131labilir bir fiyatla en b\u00fcy\u00fck SSD\u2019ye sahip bilgi i\u015flem ortam\u0131n\u0131n keyfini \u00e7\u0131karabilir ve kapasitelerini art\u0131rabilir.<\/p>\n<\/div>\n<\/div>\n<\/div>\n<div class=\"feature-benefit__img-wrap \"><img loading=\"lazy\" decoding=\"async\" class=\"js-img-src\" src=\"http:\/\/www.detayresimler.com\/urun\/M\/MZ-77Q1T0BW_8.jpg\" alt=\"Maksimum kapasitenin keyfini \u00e7\u0131kar\u0131n\" width=\"1440\" height=\"810\" \/><\/div>\n<div class=\"feature-benefit__disclaimer-wrap\">\n<p class=\"feature-benefit__disclaimer\">* 1GB=1.000.000.000 (IDEMA tan\u0131m\u0131na g\u00f6re). Kapasitenin bir b\u00f6l\u00fcm\u00fc sistem dosyalar\u0131 ve bak\u0131m ama\u00e7l\u0131 kullan\u0131labilir, dolay\u0131s\u0131yla ger\u00e7ek kapasite \u00fcr\u00fcn etiketinde belirtilenden farkl\u0131 olabilir.<\/p>\n<\/div>\n<\/div>\n<div class=\"pr-g-feature-benefit-pim section\">\n<div class=\"feature-benefit__text-wrap \">\n<div class=\"feature-benefit__text\">\n<h2 class=\"feature-benefit__title\">G\u00fcvenilir ve s\u00fcrd\u00fcr\u00fclebilir<\/h2>\n<div class=\"feature-benefit__desc-wrap \">\n<p class=\"feature-benefit__desc\">870 QVOnun \u00e7\u0131\u011f\u0131r a\u00e7an kapasitesi, \u00f6nceki model olan 860 QVO\u2019ya k\u0131yasla g\u00fcvenilirli\u011fini 2.880 TBWye kadar olmak \u00fczere iki kat\u0131na \u00e7\u0131karmakta ve 3 y\u0131ll\u0131k s\u0131n\u0131rl\u0131 bir garanti ile desteklenmektedir. Bu g\u00fc\u00e7l\u00fc SSD, istikrarl\u0131 bir performans sa\u011flayan detayl\u0131 ECC algoritmas\u0131 ile daha fazla g\u00fcvenilirlik sa\u011flar.<\/p>\n<\/div>\n<\/div>\n<\/div>\n<div class=\"feature-benefit__img-wrap \"><img loading=\"lazy\" decoding=\"async\" class=\"js-img-src\" src=\"http:\/\/www.detayresimler.com\/urun\/M\/MZ-77Q1T0BW_4.jpg\" alt=\"G\u00fcvenilir ve s\u00fcrd\u00fcr\u00fclebilir\" width=\"1440\" height=\"810\" \/><\/div>\n<div class=\"feature-benefit__disclaimer-wrap\">\n<p class=\"feature-benefit__disclaimer\">* TBW: Yaz\u0131lan Terabayt.<br \/>\n** Garanti edilen TBW: 1 TB model i\u00e7in 360 TBW, 2 TB model i\u00e7in 720 TBW, 4TB model i\u00e7in 1.440 TBW ve 8TB model i\u00e7in 2.880 TBW.<br \/>\n*** 3 y\u0131l s\u0131n\u0131rl\u0131 garanti veya TBW, hangisi \u00f6nce ger\u00e7ekle\u015firse. Garanti hakk\u0131nda daha fazla bilgi i\u00e7in l\u00fctfen ambalaja dahil edilen garanti bildirimine bak\u0131n.<br \/>\n**** ECC : Hata D\u00fczeltme Kodu.<\/p>\n<\/div>\n<\/div>\n<div class=\"pr-g-feature-benefit-pim section\">\n<div class=\"feature-benefit__text-wrap \">\n<div class=\"feature-benefit__text\">\n<h2 class=\"feature-benefit__title\">Kolayca y\u00fckseltin<\/h2>\n<div class=\"feature-benefit__desc-wrap \">\n<p class=\"feature-benefit__desc\">870 QVO\u2019ya y\u00fckseltme i\u015flemi, standart 2,5 in\u00e7 SATA bi\u00e7im katsay\u0131s\u0131n\u0131 destekleyen bir masa\u00fcst\u00fc veya diz\u00fcst\u00fc bilgisayar\u0131 olan herkes i\u00e7in kolayla\u015ft\u0131r\u0131ld\u0131. Bu terabayt SSDnin keyfini \u00e7\u0131karmak, 870 QVO\u2019yu bir SATA yuvas\u0131na takmak kadar rahat ve geri kalan i\u015fleriyse yenilenen ge\u00e7i\u015f yaz\u0131l\u0131m\u0131 hallediyor.<\/p>\n<\/div>\n<\/div>\n<\/div>\n<div class=\"feature-benefit__img-wrap \"><img loading=\"lazy\" decoding=\"async\" class=\"js-img-src\" src=\"http:\/\/www.detayresimler.com\/urun\/M\/MZ-77Q1T0BW_5.jpg\" alt=\"Kolayca y\u00fckseltin\" width=\"1440\" height=\"810\" \/><\/div>\n<\/div>\n<div class=\"pr-g-feature-benefit-pim section\">\n<div class=\"feature-benefit__text-wrap \">\n<div class=\"feature-benefit__text\">\n<h2 class=\"feature-benefit__title\">Samsung Magician yaz\u0131l\u0131m\u0131<\/h2>\n<div class=\"feature-benefit__desc-wrap \">\n<p class=\"feature-benefit__desc\">S\u00fcr\u00fcc\u00fcn\u00fcz\u00fcn adeta sihirli gibi \u00e7al\u0131\u015fmas\u0131n\u0131 sa\u011flay\u0131n. Yeni ve geli\u015ftirilmi\u015f Samsung Magacian 6.1 yaz\u0131l\u0131m\u0131, SSD\u2019nizi kontrol alt\u0131nda tutacakt\u0131r. En son g\u00fcncellemelere ayak uydurmak, s\u00fcr\u00fcc\u00fcn\u00fcn sa\u011fl\u0131kl\u0131 \u00e7al\u0131\u015f\u0131p \u00e7al\u0131\u015fmad\u0131\u011f\u0131n\u0131 ve durumunu izlemek veya hatta performans\u0131n\u0131 art\u0131rmak i\u00e7in s\u00fcr\u00fcc\u00fcn\u00fcz\u00fc \u00e7ok \u00e7e\u015fitli faydal\u0131 ara\u00e7larla kolayca y\u00f6netebilirsiniz.<\/p>\n<\/div>\n<\/div>\n<\/div>\n<div class=\"feature-benefit__img-wrap \"><img loading=\"lazy\" decoding=\"async\" class=\"js-img-src\" src=\"http:\/\/www.detayresimler.com\/urun\/M\/MZ-77Q1T0BW_7.jpg\" alt=\"Samsung Magician yaz\u0131l\u0131m\u0131\" width=\"1440\" height=\"810\" \/><\/div>\n<\/div>\n<div class=\"pr-g-feature-benefit-pim section\">\n<div class=\"feature-benefit__text-wrap \">\n<div class=\"feature-benefit__text\">\n<h2 class=\"feature-benefit__title\">D\u00fcnyan\u0131n 1 Numaral\u0131 Flash Belle\u011fi<\/h2>\n<div class=\"feature-benefit__desc-wrap \">\n<p class=\"feature-benefit__desc\">Yaln\u0131zca 2003\u2019den beri d\u00fcnyan\u0131n bir numaral\u0131 flash belle\u011fini \u00fcreten markan\u0131n sa\u011flayabilece\u011fi \u00fcst\u00fcn performans ve g\u00fcvenilirli\u011fin keyfini \u00e7\u0131kar\u0131n. Samsung, d\u00fcnyaca \u00fcnl\u00fc DRAM ve NAND teknolojileri dahil t\u00fcm ayg\u0131t yaz\u0131l\u0131mlar\u0131 ve bile\u015fenleri kendi \u00fcretmekte ve g\u00fcvenebilece\u011finiz kalitenin sa\u011flanmas\u0131 i\u00e7in ba\u015ftan sonra entegrasyona olanak tan\u0131maktad\u0131r.<\/p>\n<\/div>\n<\/div>\n<\/div>\n<div class=\"feature-benefit__img-wrap \"><img loading=\"lazy\" decoding=\"async\" class=\"js-img-src\" src=\"http:\/\/www.detayresimler.com\/urun\/M\/MZ-77Q1T0BW_6.jpg\" alt=\"D\u00fcnyan\u0131n 1 Numaral\u0131 Flash Belle\u011fi\" width=\"1440\" height=\"810\" \/><\/div>\n<div class=\"feature-benefit__disclaimer-wrap\">\n<p class=\"feature-benefit__disclaimer\">* Kaynak: 2003-2019 2. \u00c7eyrek IHS Markit verileri: NAND tedarik\u00e7ileri pazar pay\u0131<\/p>\n<\/div>\n<\/div>\n<div id=\"specs\" class=\"pr-g-product-specs-highlights section\">\n<div id=\"product-specs\" class=\"product-specs \">\n<div class=\"product-specs__wrap\">\n<ul class=\"product-specs__list \">\n<li><span class=\"product-specs__spec\"><span class=\"product-specs__spec-title\" title=\"Ki\u015fisel Bilgisayarlar\">Ki\u015fisel Bilgisayarlar<\/span><\/span><span class=\"product-specs__desc\" title=\"Uygulama\">Uygulama<\/span><\/li>\n<li><span class=\"product-specs__spec\"><span class=\"product-specs__spec-title\" title=\"SATA 6 Gb\/s Aray\u00fcz\u00fc, SATA 3 Gb\/s &amp; SATA 1,5 Gb\/s aray\u00fcz\u00fcyle uyumlu\">SATA 6 Gb\/s Aray\u00fcz\u00fc, SATA 3 Gb\/s &amp; SATA 1,5 Gb\/s aray\u00fcz\u00fcyle uyumlu<\/span><\/span><span class=\"product-specs__desc\" title=\"Arabirim\">Arabirim<\/span><\/li>\n<li><span class=\"product-specs__spec\"><span class=\"product-specs__spec-title\" title=\"100 X 69.85 X 6.8 mm\">100 X 69.85 X 6.8 mm<\/span><\/span><span class=\"product-specs__desc\" title=\"Boyutlar (GxYxD)\">Boyutlar (GxYxD)<\/span><\/li>\n<li><span class=\"product-specs__spec\"><span class=\"product-specs__spec-title\" title=\"Yakla\u015f\u0131k A\u011f\u0131rl\u0131k: 57,0 g\">Yakla\u015f\u0131k A\u011f\u0131rl\u0131k: 57,0 g<\/span><\/span><span class=\"product-specs__desc\" title=\"A\u011f\u0131rl\u0131k\">A\u011f\u0131rl\u0131k<\/span><\/li>\n<li><span class=\"product-specs__spec\"><span class=\"product-specs__spec-title\" title=\"560 MB\/saniyeye kadar S\u0131ral\u0131 Okuma tumyedekler2.sh tumyedekler.sh tumy.sh Performans, sistem donan\u0131m\u0131 ve yap\u0131land\u0131rmaya ba\u011fl\u0131 olarak de\u011fi\u015febilir\">560 MB\/saniyeye kadar S\u0131ral\u0131 Okuma tumyedekler2.sh tumyedekler.sh tumy.sh Performans, sistem donan\u0131m\u0131 ve yap\u0131land\u0131rmaya ba\u011fl\u0131 olarak de\u011fi\u015febilir<\/span><\/span><span class=\"product-specs__desc\" title=\"S\u0131ral\u0131 Okuma\">S\u0131ral\u0131 Okuma<\/span><\/li>\n<li><span class=\"product-specs__spec\"><span class=\"product-specs__spec-title\" title=\"530 MB\/saniyeye kadar S\u0131ral\u0131 Yazma tumyedekler2.sh tumyedekler.sh tumy.sh Performans, sistem donan\u0131m\u0131 ve yap\u0131land\u0131rmaya ba\u011fl\u0131 olarak de\u011fi\u015febilir tumyedekler2.sh tumyedekler.sh tumy.sh Ak\u0131ll\u0131 TurboWrite teknolojisi etkinle\u015ftirilerek \u00f6l\u00e7\u00fclm\u00fc\u015ft\u00fcr\">530 MB\/saniyeye kadar S\u0131ral\u0131 Yazma tumyedekler2.sh tumyedekler.sh tumy.sh Performans, sistem donan\u0131m\u0131 ve yap\u0131land\u0131rmaya ba\u011fl\u0131 olarak de\u011fi\u015febilir tumyedekler2.sh tumyedekler.sh tumy.sh Ak\u0131ll\u0131 TurboWrite teknolojisi etkinle\u015ftirilerek \u00f6l\u00e7\u00fclm\u00fc\u015ft\u00fcr<\/span><\/span><span class=\"product-specs__desc\" title=\"S\u0131ral\u0131 Yazma\">S\u0131ral\u0131 Yazma<\/span><\/li>\n<\/ul>\n<\/div>\n<div class=\"product-specs__btn-wrap\">T\u00dcM TEKN\u0130K \u00d6ZELL\u0130KLER\u0130 G\u0130ZLE<\/div>\n<div class=\"product-specs__highlights-wrap\">\n<ul class=\"product-specs__highlights-list\">\n<li><span class=\"product-specs__highlights-title\">Genel \u00d6zellikler<\/span>\n<ul class=\"product-specs__highlights-desc-list\">\n<li><span class=\"product-specs__highlights-sub-title\">Uygulama<\/span><span class=\"product-specs__highlights-desc\">Ki\u015fisel Bilgisayarlar<\/span><\/li>\n<li><span class=\"product-specs__highlights-sub-title\">Kapasite<\/span><span class=\"product-specs__highlights-desc\">1.000 GB (1 GB=1 Milyar bayt (IDEMA)) tumyedekler2.sh tumyedekler.sh tumy.sh Ger\u00e7ek kapasite daha az olabilir (formatlama, b\u00f6l\u00fcmleme, \u00e7al\u0131\u015fma sistemi, uygulamalar veya di\u011fer nedenlerle)<\/span><\/li>\n<li><span class=\"product-specs__highlights-sub-title\">Tip<\/span><span class=\"product-specs__highlights-desc\">2,5 in\u00e7<\/span><\/li>\n<li><span class=\"product-specs__highlights-sub-title\">Arabirim<\/span><span class=\"product-specs__highlights-desc\">SATA 6 Gb\/s Aray\u00fcz\u00fc, SATA 3 Gb\/s &amp; SATA 1,5 Gb\/s aray\u00fcz\u00fcyle uyumlu<\/span><\/li>\n<li><span class=\"product-specs__highlights-sub-title\">Boyutlar (GxYxD)<\/span><span class=\"product-specs__highlights-desc\">100 X 69.85 X 6.8 mm<\/span><\/li>\n<li><span class=\"product-specs__highlights-sub-title\">A\u011f\u0131rl\u0131k<\/span><span class=\"product-specs__highlights-desc\">Yakla\u015f\u0131k A\u011f\u0131rl\u0131k: 46,0 g<\/span><\/li>\n<li><span class=\"product-specs__highlights-sub-title\">Depolama Belle\u011fi<\/span><span class=\"product-specs__highlights-desc\">Samsung V-NAND 4bit MLC<\/span><\/li>\n<li><span class=\"product-specs__highlights-sub-title\">Kontrol\u00f6r<\/span><span class=\"product-specs__highlights-desc\">Samsung MKX Kontrol \u00dcnitesi<\/span><\/li>\n<li><span class=\"product-specs__highlights-sub-title\">\u00d6n Bellek<\/span><span class=\"product-specs__highlights-desc\">Samsung 1 GB Low Power DDR4 SDRAM<\/span><\/li>\n<\/ul>\n<\/li>\n<li><span class=\"product-specs__highlights-title\">\u00d6zel \u00d6zellikler<\/span>\n<ul class=\"product-specs__highlights-desc-list\">\n<li><span class=\"product-specs__highlights-sub-title\">TRIM Deste\u011fi<\/span><span class=\"product-specs__highlights-desc\">TRIM Deste\u011fi<\/span><\/li>\n<li><span class=\"product-specs__highlights-sub-title\">S.M.A.R.T Deste\u011fi<\/span><span class=\"product-specs__highlights-desc\">S.M.A.R.T Deste\u011fi<\/span><\/li>\n<li><span class=\"product-specs__highlights-sub-title\">GC (\u00c7\u00f6p Toplama)<\/span><span class=\"product-specs__highlights-desc\">Otomatik \u00c7\u00f6p Toplama Algoritmas\u0131<\/span><\/li>\n<li><span class=\"product-specs__highlights-sub-title\">\u015eifreleme Deste\u011fi<\/span><span class=\"product-specs__highlights-desc\">AES 256-bit \u015eifreleme (0 S\u0131n\u0131f\u0131), TCG\/Opal IEEE1667 (\u015eifreli s\u00fcr\u00fcc\u00fc)<\/span><\/li>\n<li><span class=\"product-specs__highlights-sub-title\">WWN Deste\u011fi<\/span><span class=\"product-specs__highlights-desc\">WWN (World Wide Name) deste\u011fi<\/span><\/li>\n<li><span class=\"product-specs__highlights-sub-title\">Cihaz Uyku Modu Deste\u011fi<\/span><span class=\"product-specs__highlights-desc\">Evet<\/span><\/li>\n<\/ul>\n<\/li>\n<li><span class=\"product-specs__highlights-title\">Enerji<\/span>\n<ul class=\"product-specs__highlights-desc-list\">\n<li><span class=\"product-specs__highlights-sub-title\">S\u0131ral\u0131 Okuma<\/span><span class=\"product-specs__highlights-desc\">560 MB\/saniyeye kadar S\u0131ral\u0131 Okuma tumyedekler2.sh tumyedekler.sh tumy.sh Performans, sistem donan\u0131m\u0131 ve yap\u0131land\u0131rmaya ba\u011fl\u0131 olarak de\u011fi\u015febilir<\/span><\/li>\n<li><span class=\"product-specs__highlights-sub-title\">S\u0131ral\u0131 Yazma<\/span><span class=\"product-specs__highlights-desc\">530 MB\/saniyeye kadar S\u0131ral\u0131 Yazma tumyedekler2.sh tumyedekler.sh tumy.sh Performans, sistem donan\u0131m\u0131 ve yap\u0131land\u0131rmaya ba\u011fl\u0131 olarak de\u011fi\u015febilir tumyedekler2.sh tumyedekler.sh tumy.sh Ak\u0131ll\u0131 TurboWrite teknolojisi etkinle\u015ftirilerek \u00f6l\u00e7\u00fclm\u00fc\u015ft\u00fcr<\/span><\/li>\n<li><span class=\"product-specs__highlights-sub-title\">Rastgele Okuma (4 KB, QD32)<\/span><span class=\"product-specs__highlights-desc\">98.000 IOPS\u2019ye kadar Rastgele Okuma tumyedekler2.sh tumyedekler.sh tumy.sh Performans, sistem donan\u0131m\u0131 ve yap\u0131land\u0131rmaya ba\u011fl\u0131 olarak de\u011fi\u015febilir tumyedekler2.sh tumyedekler.sh tumy.sh Ak\u0131ll\u0131 TurboWrite teknolojisi etkinle\u015ftirilerek \u00f6l\u00e7\u00fclm\u00fc\u015ft\u00fcr<\/span><\/li>\n<li><span class=\"product-specs__highlights-sub-title\">Rastgele Yazma (4 KB, QD32)<\/span><span class=\"product-specs__highlights-desc\">88.000 IOPS\u2019ye kadar Rastgele Yazma tumyedekler2.sh tumyedekler.sh tumy.sh Performans, sistem donan\u0131m\u0131 ve yap\u0131land\u0131rmaya ba\u011fl\u0131 olarak de\u011fi\u015febilir tumyedekler2.sh tumyedekler.sh tumy.sh Ak\u0131ll\u0131 TurboWrite teknolojisi etkinle\u015ftirilerek \u00f6l\u00e7\u00fclm\u00fc\u015ft\u00fcr<\/span><\/li>\n<li><span class=\"product-specs__highlights-sub-title\">Rastgele Okuma (4 KB, QD1)<\/span><span class=\"product-specs__highlights-desc\">11.000 IOPS\u2019ye kadar Rastgele Okuma tumyedekler2.sh tumyedekler.sh tumy.sh Performans, sistem donan\u0131m\u0131 ve yap\u0131land\u0131rmaya ba\u011fl\u0131 olarak de\u011fi\u015febilir tumyedekler2.sh tumyedekler.sh tumy.sh Ak\u0131ll\u0131 TurboWrite teknolojisi etkinle\u015ftirilerek \u00f6l\u00e7\u00fclm\u00fc\u015ft\u00fcr<\/span><\/li>\n<li><span class=\"product-specs__highlights-sub-title\">Rastgele Yazma (4 KB, QD1)<\/span><span class=\"product-specs__highlights-desc\">35.000 IOPS\u2019ye kadar Rastgele Yazma tumyedekler2.sh tumyedekler.sh tumy.sh Performans, sistem donan\u0131m\u0131 ve yap\u0131land\u0131rmaya ba\u011fl\u0131 olarak de\u011fi\u015febilir tumyedekler2.sh tumyedekler.sh tumy.sh Ak\u0131ll\u0131 TurboWrite teknolojisi etkinle\u015ftirilerek \u00f6l\u00e7\u00fclm\u00fc\u015ft\u00fcr<\/span><\/li>\n<\/ul>\n<\/li>\n<li><span class=\"product-specs__highlights-title\">\u00c7evre<\/span>\n<ul class=\"product-specs__highlights-desc-list\">\n<li><span class=\"product-specs__highlights-sub-title\">Ortalama Enerji T\u00fcketimi (sistem seviyesi)<\/span><span class=\"product-specs__highlights-desc\">* Ortalama: 2,2 W tumyedekler2.sh tumyedekler.sh tumy.sh Maksimum: 4,0 W (Patlama modu) tumyedekler2.sh tumyedekler.sh tumy.sh Ger\u00e7ek g\u00fc\u00e7 t\u00fcketimi sistem donan\u0131m\u0131 ve yap\u0131land\u0131rmaya ba\u011fl\u0131 olarak de\u011fi\u015febilir<\/span><\/li>\n<li><span class=\"product-specs__highlights-sub-title\">G\u00fc\u00e7 T\u00fcketimi (Bo\u015ftayken)<\/span><span class=\"product-specs__highlights-desc\">Maksimum: 30 mW tumyedekler2.sh tumyedekler.sh tumy.sh Ger\u00e7ek g\u00fc\u00e7 t\u00fcketimi sistem donan\u0131m\u0131 ve yap\u0131land\u0131rmaya ba\u011fl\u0131 olarak de\u011fi\u015febilir<\/span><\/li>\n<li><span class=\"product-specs__highlights-sub-title\">\u0130zin Verilen Voltaj<\/span><span class=\"product-specs__highlights-desc\">5 V \u00b1 %5 \u0130zin verilebilir voltaj<\/span><\/li>\n<li><span class=\"product-specs__highlights-sub-title\">G\u00fcvenilirlik (MTBF de\u011feri)<\/span><span class=\"product-specs__highlights-desc\">1,5 Milyon Saat G\u00fcvenilirlik (MTBF)<\/span><\/li>\n<li><span class=\"product-specs__highlights-sub-title\">\u00c7al\u0131\u015fma S\u0131cakl\u0131\u011f\u0131<\/span><span class=\"product-specs__highlights-desc\">0 &#8211; 70 \u00c7al\u0131\u015fma S\u0131cakl\u0131\u011f\u0131<\/span><\/li>\n<li><span class=\"product-specs__highlights-sub-title\">Darbe<\/span><span class=\"product-specs__highlights-desc\">1.500 G &amp; 0,5 ms (Yar\u0131m sin\u00fcs)<\/span><\/li>\n<\/ul>\n<\/li>\n<li><span class=\"product-specs__highlights-title\">Aksesuarlar<\/span>\n<ul class=\"product-specs__highlights-desc-list\">\n<li><span class=\"product-specs__highlights-sub-title\">Kurulum Kiti<\/span><span class=\"product-specs__highlights-desc\">Yok<\/span><\/li>\n<\/ul>\n<\/li>\n<li><span class=\"product-specs__highlights-title\">Yaz\u0131l\u0131m<\/span>\n<ul class=\"product-specs__highlights-desc-list\">\n<li><span class=\"product-specs__highlights-sub-title\">Y\u00f6netim Yaz\u0131l\u0131m\u0131<\/span><span class=\"product-specs__highlights-desc\">SSD y\u00f6netimi i\u00e7in Magician yaz\u0131l\u0131m\u0131<\/span><\/li>\n<\/ul>\n<\/li>\n<li><span class=\"product-specs__highlights-title\">Garanti<\/span><span class=\"product-specs__highlights-desc\">3 Y\u0131l S\u0131n\u0131rl\u0131 Garanti veya 360 TBW S\u0131n\u0131rl\u0131 Garanti<\/span><\/li>\n<\/ul>\n<\/div>\n<\/div>\n<\/div>\n","protected":false},"excerpt":{"rendered":"<table class=\"product-detail\" border=\"0\" width=\"100%\" cellspacing=\"0\" cellpadding=\"0\">\n<tbody>\n<tr>\n<td class=\"product-detail-02\" width=\"34%\">Okuma H\u0131z\u0131:<\/td>\n<td width=\"66%\">\u00a0500 MB\/S ve \u00fczeri<\/td>\n<\/tr>\n<tr>\n<td class=\"product-detail-02\" width=\"34%\">Kapasite:<\/td>\n<td width=\"66%\">\u00a01TB<\/td>\n<\/tr>\n<tr>\n<td class=\"product-detail-02\" width=\"34%\">Arabirim:<\/td>\n<td width=\"66%\">\u00a0SATA<\/td>\n<\/tr>\n<tr>\n<td class=\"product-detail-02\" width=\"34%\">Boyut:<\/td>\n<td width=\"66%\">\u00a02,5 in\u00e7<\/td>\n<\/tr>\n<\/tbody>\n<\/table>\n","protected":false},"featured_media":1100,"template":"","meta":{"om_disable_all_campaigns":false,"_monsterinsights_skip_tracking":false,"_monsterinsights_sitenote_active":false,"_monsterinsights_sitenote_note":"","_monsterinsights_sitenote_category":0},"product_cat":[83],"product_tag":[],"class_list":{"0":"post-1099","1":"product","2":"type-product","3":"status-publish","4":"has-post-thumbnail","6":"product_cat-sata-ssdler","7":"thunk-woo-product-list","8":"opn-qv-enable","9":"top-store-woo-hover-zoom","10":"top-store-single-product-tab-horizontal","11":"top-store-shadow-","12":"top-store-shadow-hover-","14":"first","15":"instock","16":"taxable","17":"shipping-taxable","18":"product-type-simple"},"aioseo_notices":[],"_links":{"self":[{"href":"https:\/\/bilginteknoloji.com\/woo\/wp-json\/wp\/v2\/product\/1099","targetHints":{"allow":["GET"]}}],"collection":[{"href":"https:\/\/bilginteknoloji.com\/woo\/wp-json\/wp\/v2\/product"}],"about":[{"href":"https:\/\/bilginteknoloji.com\/woo\/wp-json\/wp\/v2\/types\/product"}],"wp:featuredmedia":[{"embeddable":true,"href":"https:\/\/bilginteknoloji.com\/woo\/wp-json\/wp\/v2\/media\/1100"}],"wp:attachment":[{"href":"https:\/\/bilginteknoloji.com\/woo\/wp-json\/wp\/v2\/media?parent=1099"}],"wp:term":[{"taxonomy":"product_cat","embeddable":true,"href":"https:\/\/bilginteknoloji.com\/woo\/wp-json\/wp\/v2\/product_cat?post=1099"},{"taxonomy":"product_tag","embeddable":true,"href":"https:\/\/bilginteknoloji.com\/woo\/wp-json\/wp\/v2\/product_tag?post=1099"}],"curies":[{"name":"wp","href":"https:\/\/api.w.org\/{rel}","templated":true}]}}